000
CDUS45 KGJT 260732
CLIEEO


CLIMATE REPORT
NATIONAL WEATHER SERVICE GRAND JUNCTION CO
129 AM MDT WED JUL 26 2017


...................................

...THE MEEKER CO CLIMATE SUMMARY FOR JULY 25 2017...

CLIMATE NORMAL PERIOD 1981 TO 2010
CLIMATE RECORD PERIOD 9999 TO 9999


WEATHER ITEM   OBSERVED TIME   RECORD YEAR NORMAL DEPARTURE LAST
                VALUE   (LST)  VALUE       VALUE  FROM      YEAR
                                                  NORMAL
..................................................................
TEMPERATURE (F)
 YESTERDAY
  MAXIMUM         74    308 PM  MM      MM  87    -13       90
  MINIMUM         60   1107 PM  MM      MM  50     10       48
  AVERAGE         67                        68     -1       69

PRECIPITATION (IN)
  YESTERDAY        0.21         MM      MM   0.04   0.17      T
  MONTH TO DATE    1.83                      0.88   0.95     1.79
  SINCE JUN 1      2.61                      2.12   0.49     2.15
  SINCE JAN 1      8.87                      8.27   0.60    10.01

SNOWFALL (IN)
  YESTERDAY       MM            MM      MM  MM     MM       MM
  MONTH TO DATE   MM                        MM     MM       MM
  SINCE JUN 1     MM                        MM     MM       MM
  SINCE JUL 1     MM                        MM     MM       MM
  SNOW DEPTH      MM

DEGREE DAYS
 HEATING
  YESTERDAY        0                         0      0        0
  MONTH TO DATE    0                        16    -16       10
  SINCE JUN 1     56                       160   -104       42
  SINCE JUL 1      0                        16    -16       10

 COOLING
  YESTERDAY        2                         3     -1        4
  MONTH TO DATE  149                        62     87       77
  SINCE JUN 1    194                        79    115      141
  SINCE JAN 1    194                        80    114      141
..................................................................


WIND (MPH)
  HIGHEST WIND SPEED    17   HIGHEST WIND DIRECTION    NW (330)
  HIGHEST GUST SPEED    21   HIGHEST GUST DIRECTION    NW (310)
  AVERAGE WIND SPEED     4.2


SKY COVER
  POSSIBLE SUNSHINE  MM
  AVERAGE SKY COVER 0.9


WEATHER CONDITIONS
 THE FOLLOWING WEATHER WAS RECORDED YESTERDAY.
  THUNDERSTORM
  RAIN
  LIGHT RAIN
  FOG


RELATIVE HUMIDITY (PERCENT)
 HIGHEST    97          1100 PM
 LOWEST     47          1200 AM
 AVERAGE    72

..........................................................


THE MEEKER CO CLIMATE NORMALS FOR TODAY
                         NORMAL    RECORD    YEAR
 MAXIMUM TEMPERATURE (F)   87        MM        MM
 MINIMUM TEMPERATURE (F)   50        MM        MM


SUNRISE AND SUNSET
JULY 26 2017..........SUNRISE   605 AM MDT   SUNSET   831 PM MDT
JULY 27 2017..........SUNRISE   606 AM MDT   SUNSET   830 PM MDT


-  INDICATES NEGATIVE NUMBERS.
R  INDICATES RECORD WAS SET OR TIED.
MM INDICATES DATA IS MISSING.
T  INDICATES TRACE AMOUNT.




$$
