000
CDUS45 KGJT 310730
CLIEEO


CLIMATE REPORT
NATIONAL WEATHER SERVICE GRAND JUNCTION CO
128 AM MDT SUN AUG 31 2014


...................................

...THE MEEKER CO CLIMATE SUMMARY FOR AUGUST 30 2014...

CLIMATE NORMAL PERIOD 1981 TO 2010
CLIMATE RECORD PERIOD 9999 TO 9999


WEATHER ITEM   OBSERVED TIME   RECORD YEAR NORMAL DEPARTURE LAST
                VALUE   (LST)  VALUE       VALUE  FROM      YEAR
                                                  NORMAL
..................................................................
TEMPERATURE (F)
 YESTERDAY
  MAXIMUM         81    109 PM  MM      MM  80      1       87
  MINIMUM         46    546 AM  MM      MM  45      1       57
  AVERAGE         64                        63      1       72

PRECIPITATION (IN)
  YESTERDAY        T            MM      MM   0.05  -0.05     0.11
  MONTH TO DATE    3.32                      1.27   2.05     1.58
  SINCE JUN 1      4.29                      3.66   0.63     3.72
  SINCE JAN 1     11.72                      9.81   1.91    10.09

SNOWFALL (IN)
  YESTERDAY       MM            MM      MM  MM     MM       MM
  MONTH TO DATE   MM                        MM     MM       MM
  SINCE JUN 1     MM                        MM     MM       MM
  SINCE JUL 1     MM                        MM     MM       MM
  SNOW DEPTH      MM

DEGREE DAYS
 HEATING
  YESTERDAY        1                         3     -2        0
  MONTH TO DATE   47                        30     17       19
  SINCE JUN 1    189                       194     -5       95
  SINCE JUL 1     54                        50      4       19

 COOLING
  YESTERDAY        0                         1     -1        7
  MONTH TO DATE   39                        63    -24       76
  SINCE JUN 1    195                       165     30      277
  SINCE JAN 1    196                       166     30      277
..................................................................


WIND (MPH)
  HIGHEST WIND SPEED    26   HIGHEST WIND DIRECTION     W (260)
  HIGHEST GUST SPEED    34   HIGHEST GUST DIRECTION    SW (240)
  AVERAGE WIND SPEED     6.8


SKY COVER
  POSSIBLE SUNSHINE  MM
  AVERAGE SKY COVER 0.2


WEATHER CONDITIONS
 THE FOLLOWING WEATHER WAS RECORDED YESTERDAY.
  THUNDERSTORM
  LIGHT RAIN


RELATIVE HUMIDITY (PERCENT)
 HIGHEST    86           400 AM
 LOWEST     23           300 PM
 AVERAGE    55

..........................................................


THE MEEKER CO CLIMATE NORMALS FOR TODAY
                         NORMAL    RECORD    YEAR
 MAXIMUM TEMPERATURE (F)   80        MM        MM
 MINIMUM TEMPERATURE (F)   45        MM        MM


SUNRISE AND SUNSET
AUGUST 31 2014........SUNRISE   638 AM MDT   SUNSET   744 PM MDT
SEPTEMBER  1 2014.....SUNRISE   639 AM MDT   SUNSET   743 PM MDT


-  INDICATES NEGATIVE NUMBERS.
R  INDICATES RECORD WAS SET OR TIED.
MM INDICATES DATA IS MISSING.
T  INDICATES TRACE AMOUNT.




$$
