000
CDUS45 KGJT 280739
CLIEEO


CLIMATE REPORT
NATIONAL WEATHER SERVICE GRAND JUNCTION CO
1230 AM MST WED JAN 28 2015


...................................

...THE MEEKER CO CLIMATE SUMMARY FOR JANUARY 27 2015...

CLIMATE NORMAL PERIOD 1981 TO 2010
CLIMATE RECORD PERIOD 9999 TO 9999


WEATHER ITEM   OBSERVED TIME   RECORD YEAR NORMAL DEPARTURE LAST
                VALUE   (LST)  VALUE       VALUE  FROM      YEAR
                                                  NORMAL
..................................................................
TEMPERATURE (F)
 YESTERDAY
  MAXIMUM         46    631 PM  MM      MM  34     12       36
  MINIMUM         13    609 AM  MM      MM   8      5        8
  AVERAGE         30                        21      9       22

PRECIPITATION (IN)
  YESTERDAY        0.00         MM      MM   0.02  -0.02      T
  MONTH TO DATE    0.54                      0.79  -0.25     1.01
  SINCE DEC 1      1.89                      1.90  -0.01     1.95
  SINCE JAN 1      0.54                      0.79  -0.25     1.01

SNOWFALL (IN)
  YESTERDAY       MM            MM      MM  MM     MM       MM
  MONTH TO DATE   MM                        MM     MM       MM
  SINCE DEC 1     MM                        MM     MM       MM
  SINCE JUL 1     MM                        MM     MM       MM
  SNOW DEPTH      MM

DEGREE DAYS
 HEATING
  YESTERDAY       35                        44     -9       43
  MONTH TO DATE 1176                      1214    -38     1286
  SINCE DEC 1   2373                      2567   -194     2817
  SINCE JUL 1   4060                      4503   -443     4715

 COOLING
  YESTERDAY        0                         0      0        0
  MONTH TO DATE    0                         0      0        0
  SINCE DEC 1      0                         0      0        0
  SINCE JAN 1      0                         0      0        0
..................................................................


WIND (MPH)
  HIGHEST WIND SPEED    13   HIGHEST WIND DIRECTION     W (250)
  HIGHEST GUST SPEED    16   HIGHEST GUST DIRECTION     W (250)
  AVERAGE WIND SPEED     1.7


SKY COVER
  POSSIBLE SUNSHINE  MM
  AVERAGE SKY COVER 0.4


WEATHER CONDITIONS
 THE FOLLOWING WEATHER WAS RECORDED YESTERDAY.
  NO SIGNIFICANT WEATHER WAS OBSERVED.


RELATIVE HUMIDITY (PERCENT)
 HIGHEST    88           500 AM
 LOWEST     49           200 PM
 AVERAGE    69

..........................................................


THE MEEKER CO CLIMATE NORMALS FOR TODAY
                         NORMAL    RECORD    YEAR
 MAXIMUM TEMPERATURE (F)   34        MM        MM
 MINIMUM TEMPERATURE (F)    8        MM        MM


SUNRISE AND SUNSET
JANUARY 28 2015.......SUNRISE   724 AM MST   SUNSET   526 PM MST
JANUARY 29 2015.......SUNRISE   723 AM MST   SUNSET   527 PM MST


-  INDICATES NEGATIVE NUMBERS.
R  INDICATES RECORD WAS SET OR TIED.
MM INDICATES DATA IS MISSING.
T  INDICATES TRACE AMOUNT.




$$
