000
CDUS44 KBMX 010953
CLIEET


CLIMATE REPORT
NATIONAL WEATHER SERVICE BIRMINGHAM, AL
453 AM CDT MON SEP 1 2014


...................................

...THE SHELBY COUNTY AIRPORT CLIMATE SUMMARY FOR AUGUST 31 2014...

CLIMATE NORMAL PERIOD 1981 TO 2010
CLIMATE RECORD PERIOD 9999 TO 9999


WEATHER ITEM   OBSERVED TIME   RECORD YEAR NORMAL DEPARTURE LAST
                VALUE   (LST)  VALUE       VALUE  FROM      YEAR
                                                  NORMAL
..................................................................
TEMPERATURE (F)
 YESTERDAY
  MAXIMUM         93    217 PM  MM      MM  89      4       MM
  MINIMUM         70    356 AM  MM      MM  68      2       MM
  AVERAGE         82                        78      4       MM

PRECIPITATION (IN)
  YESTERDAY        T                         0.15  -0.15     1.25
  MONTH TO DATE    2.95                      4.76  -1.81     7.71
  SINCE JUN 1     11.32                     14.15  -2.83    19.29
  SINCE JAN 1     38.82                     38.08   0.74    48.29

DEGREE DAYS
 COOLING
  YESTERDAY       17                        14      3       MM
  MONTH TO DATE  513                       468     45      410
  SINCE JUN 1   1374                      1329     45     1237
  SINCE JAN 1   1668                      1598     70     1489
..................................................................


WIND (MPH)
  HIGHEST WIND SPEED    12   HIGHEST WIND DIRECTION     S (180)
  HIGHEST GUST SPEED    16   HIGHEST GUST DIRECTION     S (170)
  AVERAGE WIND SPEED     3.6


SKY COVER
  POSSIBLE SUNSHINE  MM
  AVERAGE SKY COVER 0.3


WEATHER CONDITIONS
 THE FOLLOWING WEATHER WAS RECORDED YESTERDAY.
  FOG


RELATIVE HUMIDITY (PERCENT)
 HIGHEST   100           400 AM
 LOWEST     44           300 PM
 AVERAGE    72

..........................................................


THE SHELBY COUNTY AIRPORT CLIMATE NORMALS FOR TODAY
                         NORMAL    RECORD    YEAR
 MAXIMUM TEMPERATURE (F)   89        MM        MM
 MINIMUM TEMPERATURE (F)   68        MM        MM


SUNRISE AND SUNSET
SEPTEMBER  1 2014.....SUNRISE   621 AM CDT   SUNSET   712 PM CDT
SEPTEMBER  2 2014.....SUNRISE   622 AM CDT   SUNSET   711 PM CDT


-  INDICATES NEGATIVE NUMBERS.
R  INDICATES RECORD WAS SET OR TIED.
MM INDICATES DATA IS MISSING.
T  INDICATES TRACE AMOUNT.




$$
