000
CDUS44 KBMX 220834
CLIEET


CLIMATE REPORT
NATIONAL WEATHER SERVICE BIRMINGHAM, AL
333 AM CDT FRI SEP 22 2017


...................................

...THE SHELBY COUNTY AIRPORT CLIMATE SUMMARY FOR SEPTEMBER 21 2017...

CLIMATE NORMAL PERIOD 1981 TO 2010
CLIMATE RECORD PERIOD 9999 TO 9999


WEATHER ITEM   OBSERVED TIME   RECORD YEAR NORMAL DEPARTURE LAST
                VALUE   (LST)  VALUE       VALUE  FROM      YEAR
                                                  NORMAL
..................................................................
TEMPERATURE (F)
 YESTERDAY
  MAXIMUM         91    233 PM  MM      MM  83      8       95
  MINIMUM         68    548 AM  MM      MM  62      6       68
  AVERAGE         80                        73      7       82

PRECIPITATION (IN)
  YESTERDAY        0.03                      0.13  -0.10     0.00
  MONTH TO DATE    2.34                      2.74  -0.40     0.70
  SINCE SEP 1      2.34                      2.74  -0.40     0.70
  SINCE JAN 1     53.38                     40.82  12.56    31.66

DEGREE DAYS
 HEATING
  YESTERDAY        0                         0      0        0
  MONTH TO DATE    8                         0      8        0
  SINCE SEP 1      8                         0      8        0
  SINCE JUL 1      8                         0      8        0

 COOLING
  YESTERDAY       15                         8      7       17
  MONTH TO DATE  185                       229    -44      335
  SINCE SEP 1    185                       229    -44      335
  SINCE JAN 1   1975                      1827    148     2219
..................................................................


WIND (MPH)
  HIGHEST WIND SPEED     9   HIGHEST WIND DIRECTION    NE (30)
  HIGHEST GUST SPEED    13   HIGHEST GUST DIRECTION     N (20)
  AVERAGE WIND SPEED     1.2


SKY COVER
  POSSIBLE SUNSHINE  MM
  AVERAGE SKY COVER 0.1


WEATHER CONDITIONS
 THE FOLLOWING WEATHER WAS RECORDED YESTERDAY.
  FOG


RELATIVE HUMIDITY (PERCENT)
 HIGHEST   100          1200 AM
 LOWEST     52           100 PM
 AVERAGE    76

..........................................................


THE SHELBY COUNTY AIRPORT CLIMATE NORMALS FOR TODAY
                         NORMAL    RECORD    YEAR
 MAXIMUM TEMPERATURE (F)   83        MM        MM
 MINIMUM TEMPERATURE (F)   62        MM        MM


SUNRISE AND SUNSET
SEPTEMBER 22 2017.....SUNRISE   635 AM CDT   SUNSET   643 PM CDT
SEPTEMBER 23 2017.....SUNRISE   636 AM CDT   SUNSET   642 PM CDT


-  INDICATES NEGATIVE NUMBERS.
R  INDICATES RECORD WAS SET OR TIED.
MM INDICATES DATA IS MISSING.
T  INDICATES TRACE AMOUNT.




$$
