000
CDUS44 KBMX 240735
CLIEET


CLIMATE REPORT
NATIONAL WEATHER SERVICE BIRMINGHAM, AL
234 AM CDT WED AUG 24 2016


...................................

...THE SHELBY COUNTY AIRPORT CLIMATE SUMMARY FOR AUGUST 23 2016...

CLIMATE NORMAL PERIOD 1981 TO 2010
CLIMATE RECORD PERIOD 9999 TO 9999


WEATHER ITEM   OBSERVED TIME   RECORD YEAR NORMAL DEPARTURE LAST
                VALUE   (LST)  VALUE       VALUE  FROM      YEAR
                                                  NORMAL
..................................................................
TEMPERATURE (F)
 YESTERDAY
  MAXIMUM         93    246 PM  MM      MM  90      3       86
  MINIMUM         71    457 AM  MM      MM  70      1       73
  AVERAGE         82                        80      2       80

PRECIPITATION (IN)
  YESTERDAY        0.00                      0.16  -0.16      T
  MONTH TO DATE    2.53                      3.57  -1.04     5.00
  SINCE JUN 1      8.31                     12.96  -4.65    17.99
  SINCE JAN 1     30.83                     36.89  -6.06    42.20

DEGREE DAYS
 COOLING
  YESTERDAY       17                        15      2       15
  MONTH TO DATE  403                       357     46      379
  SINCE JUN 1   1426                      1218    208     1328
  SINCE JAN 1   1730                      1487    243     1678
..................................................................


WIND (MPH)
  HIGHEST WIND SPEED     9   HIGHEST WIND DIRECTION    NW (310)
  HIGHEST GUST SPEED    12   HIGHEST GUST DIRECTION    NW (320)
  AVERAGE WIND SPEED     2.1


SKY COVER
  POSSIBLE SUNSHINE  MM
  AVERAGE SKY COVER 0.1


WEATHER CONDITIONS
 THE FOLLOWING WEATHER WAS RECORDED YESTERDAY.
  NO SIGNIFICANT WEATHER WAS OBSERVED.


RELATIVE HUMIDITY (PERCENT)
 HIGHEST    93          1200 AM
 LOWEST     49           300 PM
 AVERAGE    71

..........................................................


THE SHELBY COUNTY AIRPORT CLIMATE NORMALS FOR TODAY
                         NORMAL    RECORD    YEAR
 MAXIMUM TEMPERATURE (F)   90        MM        MM
 MINIMUM TEMPERATURE (F)   69        MM        MM


SUNRISE AND SUNSET
AUGUST 24 2016........SUNRISE   616 AM CDT   SUNSET   722 PM CDT
AUGUST 25 2016........SUNRISE   617 AM CDT   SUNSET   720 PM CDT


-  INDICATES NEGATIVE NUMBERS.
R  INDICATES RECORD WAS SET OR TIED.
MM INDICATES DATA IS MISSING.
T  INDICATES TRACE AMOUNT.




$$
