000
CDUS46 KEKA 291215
CLIEKA


CLIMATE REPORT
NATIONAL WEATHER SERVICE EUREKA CA
415 AM PST THU JAN 29 2015


...................................

...THE EUREKA CA CLIMATE SUMMARY FOR JANUARY 28 2015...

CLIMATE NORMAL PERIOD 1981 TO 2010
CLIMATE RECORD PERIOD 1886 TO 2015


WEATHER ITEM   OBSERVED RECORD YEAR NORMAL DEPARTURE LAST
                VALUE   VALUE       VALUE  FROM      YEAR
                                           NORMAL
...........................................................
TEMPERATURE (F)
 YESTERDAY
  MAXIMUM         60     70    1940  56      4       58
  MINIMUM         44     29    1980  41      3       49
  AVERAGE         52                 49      3       54

PRECIPITATION (IN)
  YESTERDAY        0.00   1.75 1958   0.19  -0.19     0.02
  MONTH TO DATE    1.36               5.93  -4.57     0.75
  SINCE JUL 1     22.87              22.98  -0.11     5.87
  SINCE JAN 1      1.36               5.93  -4.57     0.75

SNOWFALL (IN)
  YESTERDAY        0.0    T    2002   0.0    0.0     MM
  MONTH TO DATE    0.0                0.0    0.0      0.0
  SINCE DEC 1      0.0                T      0.0       T
  SINCE JUL 1      0.0                T      0.0       T
  SNOW DEPTH       0

DEGREE DAYS
 HEATING
  YESTERDAY       13                 16     -3       11
  MONTH TO DATE  385                469    -84      481
  SINCE DEC 1    756               1002   -246     1173
  SINCE JUL 1   1776               2424   -648     2624

 COOLING
  YESTERDAY        0                  0      0        0
  MONTH TO DATE    0                  0      0        0
  SINCE DEC 1      0                  0      0        0
  SINCE JAN 1      0                  0      0        0
...........................................................


WIND (MPH)
  HIGHEST WIND SPEED     7   HIGHEST WIND DIRECTION    NW (320)
  HIGHEST GUST SPEED    12   HIGHEST GUST DIRECTION    MM
  AVERAGE WIND SPEED     1.8


SKY COVER
  AVERAGE SKY COVER 0.8


WEATHER CONDITIONS
 THE FOLLOWING WEATHER WAS RECORDED YESTERDAY.
  NO SIGNIFICANT WEATHER WAS OBSERVED.


..........................................................


THE EUREKA CA CLIMATE NORMALS FOR TODAY
                         NORMAL    RECORD    YEAR
 MAXIMUM TEMPERATURE (F)   56        70      1936
                                             1935
 MINIMUM TEMPERATURE (F)   41        26      2002


SUNRISE AND SUNSET
JANUARY 29 2015.......SUNRISE   730 AM PST   SUNSET   530 PM PST
JANUARY 30 2015.......SUNRISE   729 AM PST   SUNSET   532 PM PST


-  INDICATES NEGATIVE NUMBERS.
R  INDICATES RECORD WAS SET OR TIED.
MM INDICATES DATA IS MISSING.
T  INDICATES TRACE AMOUNT.




&&

..........................................................

TOTAL SEASON     NORMAL   % OF NORMAL     LAST SEASON

    22.87         22.98        100             5.87


$$
