000
CDUS46 KEKA 241428 CCA
CLIEKA

CLIMATE REPORT
NATIONAL WEATHER SERVICE EUREKA CA
510 AM PDT MON JUL 24 2017
CORRECTED FOR WIND SPEED, GUST, SKY COVER

...................................

...THE EUREKA CA CLIMATE SUMMARY FOR JULY 23 2017...

CLIMATE NORMAL PERIOD 1981 TO 2010
CLIMATE RECORD PERIOD 1886 TO 2017


WEATHER ITEM   OBSERVED RECORD YEAR NORMAL DEPARTURE LAST
                VALUE   VALUE       VALUE  FROM      YEAR
                                           NORMAL
...........................................................
TEMPERATURE (F)
 YESTERDAY
  MAXIMUM         64     72    2007  64      0       63
  MINIMUM         55     46    1887  52      3       54
  AVERAGE         60                 58      2       59

PRECIPITATION (IN)
  YESTERDAY        0.00   0.05 1993   0.00   0.00     0.00
                               1949
  MONTH TO DATE    0.07               0.14  -0.07     0.51
  SINCE OCT 1     62.78              39.39  23.39    48.00
  SINCE JAN 1     37.01              23.42  13.59    27.28

SNOWFALL (IN)
  YESTERDAY        0.0    0.0  2002   0.0    0.0      0.0
                               2001
  MONTH TO DATE    0.0                0.0    0.0      0.0
  SINCE JUN 1      0.0                0.0    0.0      0.0
  SINCE JUL 1      0.0                0.0    0.0      0.0
  SNOW DEPTH       0

DEGREE DAYS
 HEATING
  YESTERDAY        5                  7     -2        6
  MONTH TO DATE  161                172    -11      149
  SINCE JUN 1    391                438    -47      373
  SINCE JUL 1    161                172    -11      149

 COOLING
  YESTERDAY        0                  0      0        0
  MONTH TO DATE    0                  0      0        0
  SINCE JUN 1      0                  0      0        0
  SINCE JAN 1      0                  0      0        0
...........................................................


WIND (MPH)
  HIGHEST WIND SPEED     9   HIGHEST WIND DIRECTION    NW (320)
  HIGHEST GUST SPEED    13   HIGHEST GUST DIRECTION    MM
  AVERAGE WIND SPEED     5.7


SKY COVER
  AVERAGE SKY COVER 0.50


WEATHER CONDITIONS
 THE FOLLOWING WEATHER WAS RECORDED YESTERDAY.
  FOG
  HAZE


..........................................................


THE EUREKA CA CLIMATE NORMALS FOR TODAY
                         NORMAL    RECORD    YEAR
 MAXIMUM TEMPERATURE (F)   64        69      2007
                                             1994
 MINIMUM TEMPERATURE (F)   52        47      1896


SUNRISE AND SUNSET
JULY 24 2017..........SUNRISE   606 AM PDT   SUNSET   840 PM PDT
JULY 25 2017..........SUNRISE   607 AM PDT   SUNSET   839 PM PDT


-  INDICATES NEGATIVE NUMBERS.
R  INDICATES RECORD WAS SET OR TIED.
MM INDICATES DATA IS MISSING.
T  INDICATES TRACE AMOUNT.




&&

..........................................................

TOTAL SEASON     NORMAL   % OF NORMAL     LAST SEASON

    62.78         39.39        159            48.00


$$
