000
CDUS46 KEKA 170024
CLIEKA


CLIMATE REPORT
NATIONAL WEATHER SERVICE EUREKA CA
418 PM PST SAT DEC 16 2017


...................................

...THE EUREKA CA CLIMATE SUMMARY FOR DECEMBER 16 2017...
VALID TODAY AS OF 0400 PM LOCAL TIME.

CLIMATE NORMAL PERIOD 1981 TO 2010
CLIMATE RECORD PERIOD 1886 TO 2017


WEATHER ITEM   OBSERVED RECORD YEAR NORMAL DEPARTURE LAST
                VALUE   VALUE       VALUE  FROM      YEAR
                                           NORMAL
...........................................................
TEMPERATURE (F)
 TODAY
  MAXIMUM         53     66    1950  55     -2       50
  MINIMUM         46     29    1965  40      6       35
  AVERAGE         50                 48      2       43

PRECIPITATION (IN)
  TODAY            0.00   2.84 1982   0.28  -0.28     0.00
  MONTH TO DATE    0.87               4.18  -3.31     6.65
  SINCE OCT 1      9.91              12.03  -2.12    24.55
  SINCE JAN 1     47.98              36.39  11.59    51.91

SNOWFALL (IN)
  TODAY            0.0    0.0  2001   0.0    0.0      0.0
  MONTH TO DATE    0.0                0.0    0.0      0.0
  SINCE DEC 1      0.0                0.0    0.0      0.0
  SINCE JUL 1      0.0                0.0    0.0       T
  SNOW DEPTH      MM

...........................................................


WIND (MPH)
  HIGHEST WIND SPEED    20   HIGHEST WIND DIRECTION     N (20)
  HIGHEST GUST SPEED    30   HIGHEST GUST DIRECTION     N (20)
  AVERAGE WIND SPEED    14.2


SKY COVER
  AVERAGE SKY COVER 0.1


WEATHER CONDITIONS
 THE FOLLOWING WEATHER WAS RECORDED TODAY.
  NO SIGNIFICANT WEATHER WAS OBSERVED.


..........................................................


THE EUREKA CA CLIMATE NORMALS FOR TOMORROW
                         NORMAL    RECORD    YEAR
 MAXIMUM TEMPERATURE (F)   55        72      1981
                                             1979
 MINIMUM TEMPERATURE (F)   40        27      2008


SUNRISE AND SUNSET
DECEMBER 16 2017......SUNRISE   735 AM PST   SUNSET   450 PM PST
DECEMBER 17 2017......SUNRISE   735 AM PST   SUNSET   451 PM PST


-  INDICATES NEGATIVE NUMBERS.
R  INDICATES RECORD WAS SET OR TIED.
MM INDICATES DATA IS MISSING.
T  INDICATES TRACE AMOUNT.




&&

..........................................................

TOTAL SEASON     NORMAL   % OF NORMAL     LAST SEASON

     9.91         12.03        82            24.55


$$
