540
CDUS46 KEKA 231210
CLIEKA


CLIMATE REPORT
NATIONAL WEATHER SERVICE EUREKA CA
509 AM PDT SAT SEP 23 2017


...................................

...THE EUREKA CA CLIMATE SUMMARY FOR SEPTEMBER 22 2017...

CLIMATE NORMAL PERIOD 1981 TO 2010
CLIMATE RECORD PERIOD 1886 TO 2017


WEATHER ITEM   OBSERVED RECORD YEAR NORMAL DEPARTURE LAST
                VALUE   VALUE       VALUE  FROM      YEAR
                                           NORMAL
...........................................................
TEMPERATURE (F)
 YESTERDAY
  MAXIMUM         63     82    2003  63      0       63
  MINIMUM         45     36    1895  50     -5       51
  AVERAGE         54                 57     -3       57

PRECIPITATION (IN)
  YESTERDAY        0.00   0.98 1973   0.03  -0.03     0.00
  MONTH TO DATE    1.01               0.38   0.63      T
  SINCE OCT 1     63.84              40.12  23.72    48.07
  SINCE JAN 1     38.07              24.15  13.92    27.35

SNOWFALL (IN)
  YESTERDAY        0.0    0.0  2002   0.0    0.0      0.0
                               2001
  MONTH TO DATE    0.0                0.0    0.0      0.0
  SINCE SEP 1      0.0                0.0    0.0      0.0
  SINCE JUL 1      0.0                0.0    0.0      0.0
  SNOW DEPTH       0

DEGREE DAYS
 HEATING
  YESTERDAY       11                  9      2        8
  MONTH TO DATE   97                167    -70      180
  SINCE SEP 1     97                167    -70      180
  SINCE JUL 1    488                593   -105      627

 COOLING
  YESTERDAY        0                  0      0        0
  MONTH TO DATE   13                  0     13        0
  SINCE SEP 1     13                  0     13        0
  SINCE JAN 1     13                  0     13        0
...........................................................


WIND (MPH)
  HIGHEST WIND SPEED     8   HIGHEST WIND DIRECTION    NW (330)
  HIGHEST GUST SPEED    14   HIGHEST GUST DIRECTION    MM
  AVERAGE WIND SPEED     2.8


SKY COVER
  AVERAGE SKY COVER 0.1


WEATHER CONDITIONS
 THE FOLLOWING WEATHER WAS RECORDED YESTERDAY.
  NO SIGNIFICANT WEATHER WAS OBSERVED.


..........................................................


THE EUREKA CA CLIMATE NORMALS FOR TODAY
                         NORMAL    RECORD    YEAR
 MAXIMUM TEMPERATURE (F)   63        82      2006
 MINIMUM TEMPERATURE (F)   49        42      2006
                                             1996
                                             1913


SUNRISE AND SUNSET
SEPTEMBER 23 2017.....SUNRISE   706 AM PDT   SUNSET   711 PM PDT
SEPTEMBER 24 2017.....SUNRISE   707 AM PDT   SUNSET   710 PM PDT


-  INDICATES NEGATIVE NUMBERS.
R  INDICATES RECORD WAS SET OR TIED.
MM INDICATES DATA IS MISSING.
T  INDICATES TRACE AMOUNT.




&&

..........................................................

TOTAL SEASON     NORMAL   % OF NORMAL     LAST SEASON

    63.84         40.12        159            48.07


$$
