000
CDUS46 KEKA 191217
CLIEKA


CLIMATE REPORT
NATIONAL WEATHER SERVICE EUREKA CA
417 AM PST FRI DEC 19 2014


...................................

...THE EUREKA CA CLIMATE SUMMARY FOR DECEMBER 18 2014...

CLIMATE NORMAL PERIOD 1981 TO 2010
CLIMATE RECORD PERIOD 1886 TO 2014


WEATHER ITEM   OBSERVED RECORD YEAR NORMAL DEPARTURE LAST
                VALUE   VALUE       VALUE  FROM      YEAR
                                           NORMAL
...........................................................
TEMPERATURE (F)
 YESTERDAY
  MAXIMUM         60     69    1979  55      5       47
  MINIMUM         52     24    1924  40     12       41
  AVERAGE         56                 48      8       44

PRECIPITATION (IN)
  YESTERDAY        0.40   1.29 2005   0.28   0.12     0.03
  MONTH TO DATE    6.23               4.74   1.49     0.51
  SINCE JUL 1     17.99              13.67   4.32     5.07
  SINCE JAN 1     33.98              36.95  -2.97    16.55

SNOWFALL (IN)
  YESTERDAY        0.0    0.0  2001   0.0    0.0     MM
  MONTH TO DATE    0.0                0.0    0.0       T
  SINCE DEC 1      0.0                0.0    0.0       T
  SINCE JUL 1      0.0                0.0    0.0       T
  SNOW DEPTH       0

DEGREE DAYS
 HEATING
  YESTERDAY        9                 17     -8       21
  MONTH TO DATE  165                305   -140      429
  SINCE DEC 1    165                305   -140      429
  SINCE JUL 1   1185               1727   -542     1880

 COOLING
  YESTERDAY        0                  0      0        0
  MONTH TO DATE    0                  0      0        0
  SINCE DEC 1      0                  0      0        0
  SINCE JAN 1      4                  0      4        6
...........................................................


WIND (MPH)
  HIGHEST WIND SPEED    14   HIGHEST WIND DIRECTION     S (180)
  HIGHEST GUST SPEED    31   HIGHEST GUST DIRECTION     S (180)
  AVERAGE WIND SPEED    10.9


SKY COVER
  AVERAGE SKY COVER 0.9


WEATHER CONDITIONS
 THE FOLLOWING WEATHER WAS RECORDED YESTERDAY.
  HEAVY RAIN


..........................................................


THE EUREKA CA CLIMATE NORMALS FOR TODAY
                         NORMAL    RECORD    YEAR
 MAXIMUM TEMPERATURE (F)   55        67      2005
                                             2003
 MINIMUM TEMPERATURE (F)   40        28      1978


SUNRISE AND SUNSET
DECEMBER 19 2014......SUNRISE   736 AM PST   SUNSET   451 PM PST
DECEMBER 20 2014......SUNRISE   737 AM PST   SUNSET   452 PM PST


-  INDICATES NEGATIVE NUMBERS.
R  INDICATES RECORD WAS SET OR TIED.
MM INDICATES DATA IS MISSING.
T  INDICATES TRACE AMOUNT.




&&

..........................................................

TOTAL SEASON     NORMAL   % OF NORMAL     LAST SEASON

    17.99         13.67        132             5.07


$$
