000
CDUS46 KEKA 300029 CCA
CLIEKA

CLIMATE REPORT
NATIONAL WEATHER SERVICE EUREKA CA
518 PM PDT SUN MAR 29 2015


...................................

...THE EUREKA CA CLIMATE SUMMARY FOR MARCH 29 2015...
VALID TODAY AS OF 0500 PM LOCAL TIME.

CLIMATE NORMAL PERIOD 1981 TO 2010
CLIMATE RECORD PERIOD 1886 TO 2015


WEATHER ITEM   OBSERVED RECORD YEAR NORMAL DEPARTURE LAST
                VALUE   VALUE       VALUE  FROM      YEAR
                                           NORMAL
...........................................................
TEMPERATURE (F)
 TODAY
  MAXIMUM         60     71    1987  57      1       58
                               1906
  MINIMUM         48     33    2008  43      5       49
                               1897
  AVERAGE         53                 50      3       54

PRECIPITATION (IN)
  TODAY            0.00   2.43 1974   0.15  -0.15      T
  MONTH TO DATE    3.02               5.01  -1.99     5.74
  SINCE OCT 1     27.80              33.11  -5.31    15.08
  SINCE JAN 1      9.42              17.14  -7.72    13.18

SNOWFALL (IN)
  TODAY            0.0    0.0  2002   0.0    0.0     MM
                               2001
  MONTH TO DATE    0.0                0.0    0.0      0.0
  SINCE MAR 1      0.0                0.0    0.0      0.0
  SINCE JUL 1      0.0                0.2   -0.2       T
  SNOW DEPTH      MM

...........................................................


WIND (MPH)
  HIGHEST WIND SPEED    12   HIGHEST WIND DIRECTION     N (340)
  HIGHEST GUST SPEED    22   HIGHEST GUST DIRECTION    MM
  AVERAGE WIND SPEED     4.7


SKY COVER
  AVERAGE SKY COVER 0.5


WEATHER CONDITIONS
 THE FOLLOWING WEATHER WAS RECORDED TODAY.
  NO SIGNIFICANT WEATHER WAS OBSERVED.


..........................................................


THE EUREKA CA CLIMATE NORMALS FOR TOMORROW
                         NORMAL    RECORD    YEAR
 MAXIMUM TEMPERATURE (F)   57        70      1987
 MINIMUM TEMPERATURE (F)   43        32      1897


SUNRISE AND SUNSET
MARCH 29 2015.........SUNRISE   705 AM PDT   SUNSET   738 PM PDT
MARCH 30 2015.........SUNRISE   704 AM PDT   SUNSET   739 PM PDT


-  INDICATES NEGATIVE NUMBERS.
R  INDICATES RECORD WAS SET OR TIED.
MM INDICATES DATA IS MISSING.
T  INDICATES TRACE AMOUNT.




&&

..........................................................

TOTAL SEASON     NORMAL   % OF NORMAL     LAST SEASON

    27.80         33.11        84            15.08


$$
