000
CDUS41 KRLX 220720
CLIEKN


CLIMATE REPORT
NATIONAL WEATHER SERVICE CHARLESTON WV
316 AM EDT WED OCT 22 2014


...................................

...THE ELKINS WV CLIMATE SUMMARY FOR OCTOBER 21 2014...

CLIMATE NORMAL PERIOD 1981 TO 2010
CLIMATE RECORD PERIOD 1899 TO 2014


WEATHER ITEM   OBSERVED TIME   RECORD YEAR NORMAL DEPARTURE LAST
                VALUE   (LST)  VALUE       VALUE  FROM      YEAR
                                                  NORMAL
..................................................................
TEMPERATURE (F)
 YESTERDAY
  MAXIMUM         52    821 AM  83    1949  63    -11       68
  MINIMUM         44   1159 PM  11    1952  36      8       27
  AVERAGE         48                        50     -2       48

PRECIPITATION (IN)
  YESTERDAY        0.52          1.81 2005   0.09   0.43     0.00
  MONTH TO DATE    5.55                      1.89   3.66     0.83
  SINCE JAN 1     35.01                     38.33  -3.32    36.11

SNOWFALL (IN)
  YESTERDAY        0.0
  MONTH TO DATE    0.0
  SINCE SEP 1      0.0
  SNOW DEPTH       0

DEGREE DAYS
 HEATING
  YESTERDAY       17                        16      1       17
  MONTH TO DATE  214                       260    -46      144
  SINCE SEP 1    310                       390    -80      257
  SINCE JUL 1    361                       420    -59      280

 COOLING
  YESTERDAY        0                         0      0        0
  MONTH TO DATE    2                         0      2       10
  SINCE SEP 1     67                        45     22       70
  SINCE JAN 1    505                       471     34      533
..................................................................


WIND (MPH)
  HIGHEST WIND SPEED    12   HIGHEST WIND DIRECTION     N (350)
  HIGHEST GUST SPEED    15   HIGHEST GUST DIRECTION    NW (330)
  AVERAGE WIND SPEED     4.4


SKY COVER
  POSSIBLE SUNSHINE  MM
  AVERAGE SKY COVER 1.0


WEATHER CONDITIONS
 THE FOLLOWING WEATHER WAS RECORDED YESTERDAY.
  HEAVY RAIN
  RAIN
  LIGHT RAIN
  FOG


RELATIVE HUMIDITY (PERCENT)
 HIGHEST   100          1100 AM
 LOWEST     83           300 AM
 AVERAGE    92

..........................................................


THE ELKINS WV CLIMATE NORMALS FOR TODAY
                         NORMAL    RECORD    YEAR
 MAXIMUM TEMPERATURE (F)   62        84      1947
 MINIMUM TEMPERATURE (F)   36        14      1974
                                             1930


SUNRISE AND SUNSET
OCTOBER 22 2014.......SUNRISE   736 AM EDT   SUNSET   631 PM EDT
OCTOBER 23 2014.......SUNRISE   737 AM EDT   SUNSET   630 PM EDT


-  INDICATES NEGATIVE NUMBERS.
R  INDICATES RECORD WAS SET OR TIED.
MM INDICATES DATA IS MISSING.
T  INDICATES TRACE AMOUNT.




$$
