000
CDUS41 KRLX 020731
CLIEKN


CLIMATE REPORT
NATIONAL WEATHER SERVICE CHARLESTON WV
324 AM EDT SUN AUG 2 2015


...................................

...THE ELKINS WV CLIMATE SUMMARY FOR AUGUST 1 2015...

CLIMATE NORMAL PERIOD 1981 TO 2010
CLIMATE RECORD PERIOD 1899 TO 2015


WEATHER ITEM   OBSERVED TIME   RECORD YEAR NORMAL DEPARTURE LAST
                VALUE   (LST)  VALUE       VALUE  FROM      YEAR
                                                  NORMAL
..................................................................
TEMPERATURE (F)
 YESTERDAY
  MAXIMUM         79    353 PM  91    1917  81     -2       77
  MINIMUM         56   1159 PM  46    1966  59     -3       54
  AVERAGE         68                        70     -2       66

PRECIPITATION (IN)
  YESTERDAY        0.00          1.15 1927   0.14  -0.14     0.00
  MONTH TO DATE    0.00                      0.14  -0.14     0.00
  SINCE JAN 1     35.35                     29.11   6.24    25.14

SNOWFALL (IN)
  YESTERDAY        0.0
  MONTH TO DATE    0.0
  SINCE SEP 1     70.3
  SNOW DEPTH       0

DEGREE DAYS
 HEATING
  YESTERDAY        0                         0      0        0
  MONTH TO DATE    0                         0      0        0
  SINCE JUN 1     21                        67    -46       47
  SINCE JUL 1      0                        12    -12       33

 COOLING
  YESTERDAY        3                         5     -2        1
  MONTH TO DATE    3                         5     -2        1
  SINCE JUN 1    357                       263     94      289
  SINCE JAN 1    422                       286    136      325
..................................................................


WIND (MPH)
  HIGHEST WIND SPEED    14   HIGHEST WIND DIRECTION    NW (310)
  HIGHEST GUST SPEED    20   HIGHEST GUST DIRECTION    NW (310)
  AVERAGE WIND SPEED     4.1


SKY COVER
  POSSIBLE SUNSHINE  MM
  AVERAGE SKY COVER 0.5


WEATHER CONDITIONS
 THE FOLLOWING WEATHER WAS RECORDED YESTERDAY.
  NO SIGNIFICANT WEATHER WAS OBSERVED.


RELATIVE HUMIDITY (PERCENT)
 HIGHEST    90           100 AM
 LOWEST     37           300 PM
 AVERAGE    64

..........................................................


THE ELKINS WV CLIMATE NORMALS FOR TODAY
                         NORMAL    RECORD    YEAR
 MAXIMUM TEMPERATURE (F)   81        94      1995
 MINIMUM TEMPERATURE (F)   59        46      1998
                                             1912


SUNRISE AND SUNSET
AUGUST  2 2015........SUNRISE   621 AM EDT   SUNSET   830 PM EDT
AUGUST  3 2015........SUNRISE   622 AM EDT   SUNSET   829 PM EDT


-  INDICATES NEGATIVE NUMBERS.
R  INDICATES RECORD WAS SET OR TIED.
MM INDICATES DATA IS MISSING.
T  INDICATES TRACE AMOUNT.




$$
