000
CDUS41 KRLX 280722
CLIEKN


CLIMATE REPORT
NATIONAL WEATHER SERVICE CHARLESTON WV
322 AM EDT FRI JUL 28 2017


...................................

...THE ELKINS WV CLIMATE SUMMARY FOR JULY 27 2017...

CLIMATE NORMAL PERIOD 1981 TO 2010
CLIMATE RECORD PERIOD 1899 TO 2017


WEATHER ITEM   OBSERVED TIME   RECORD YEAR NORMAL DEPARTURE LAST
                VALUE   (LST)  VALUE       VALUE  FROM      YEAR
                                                  NORMAL
..................................................................
TEMPERATURE (F)
 YESTERDAY
  MAXIMUM         81   1241 PM  93    1941  81      0       87
                                      1936
                                      1901
  MINIMUM         60    533 AM  42    1946  59      1       68
  AVERAGE         71                        70      1       78

PRECIPITATION (IN)
  YESTERDAY        0.23          2.01 1932   0.17   0.06     0.00
  MONTH TO DATE    3.93                      4.72  -0.79     3.40
  SINCE JAN 1     28.33                     28.33   0.00    25.90

SNOWFALL (IN)
  YESTERDAY        0.0
  MONTH TO DATE    0.0
  SINCE SEP 1     44.5
  SNOW DEPTH       0

DEGREE DAYS
 HEATING
  YESTERDAY        0                         0      0        0
  MONTH TO DATE    0                         8     -8        0
  SINCE JUN 1     58                        63     -5       28
  SINCE JUL 1      0                         8     -8        0

 COOLING
  YESTERDAY        6                         5      1       13
  MONTH TO DATE  191                       137     54      216
  SINCE JUN 1    297                       229     68      337
  SINCE JAN 1    341                       252     89      366
..................................................................


WIND (MPH)
  HIGHEST WIND SPEED    14   HIGHEST WIND DIRECTION     W (280)
  HIGHEST GUST SPEED    20   HIGHEST GUST DIRECTION     W (260)
  AVERAGE WIND SPEED     2.0


SKY COVER
  POSSIBLE SUNSHINE  MM
  AVERAGE SKY COVER 0.5


WEATHER CONDITIONS
 THE FOLLOWING WEATHER WAS RECORDED YESTERDAY.
  HEAVY RAIN
  RAIN
  LIGHT RAIN
  FOG
  HAZE


RELATIVE HUMIDITY (PERCENT)
 HIGHEST    93          1200 AM
 LOWEST     62          1200 PM
 AVERAGE    78

..........................................................


THE ELKINS WV CLIMATE NORMALS FOR TODAY
                         NORMAL    RECORD    YEAR
 MAXIMUM TEMPERATURE (F)   81        94      1993
 MINIMUM TEMPERATURE (F)   59        42      1977
                                             1962


SUNRISE AND SUNSET
JULY 28 2017..........SUNRISE   617 AM EDT   SUNSET   834 PM EDT
JULY 29 2017..........SUNRISE   618 AM EDT   SUNSET   833 PM EDT


-  INDICATES NEGATIVE NUMBERS.
R  INDICATES RECORD WAS SET OR TIED.
MM INDICATES DATA IS MISSING.
T  INDICATES TRACE AMOUNT.




$$
