000
CDUS41 KRLX 290825
CLIEKN


CLIMATE REPORT
NATIONAL WEATHER SERVICE CHARLESTON WV
321 AM EST MON DEC 29 2014


...................................

...THE ELKINS WV CLIMATE SUMMARY FOR DECEMBER 28 2014...

CLIMATE NORMAL PERIOD 1981 TO 2010
CLIMATE RECORD PERIOD 1899 TO 2014


WEATHER ITEM   OBSERVED TIME   RECORD YEAR NORMAL DEPARTURE LAST
                VALUE   (LST)  VALUE       VALUE  FROM      YEAR
                                                  NORMAL
..................................................................
TEMPERATURE (F)
 YESTERDAY
  MAXIMUM         52    402 AM  67    1984  40     12       52
  MINIMUM         36   1159 PM  -2    2000  20     16       19
  AVERAGE         44                        30     14       36

PRECIPITATION (IN)
  YESTERDAY        0.13          1.50 1967   0.10   0.03     0.00
  MONTH TO DATE    3.61                      2.97   0.64     5.17
  SINCE JAN 1     41.99                     45.64  -3.65    44.91

SNOWFALL (IN)
  YESTERDAY        0.0
  MONTH TO DATE    T
  SINCE SEP 1      7.6
  SNOW DEPTH       0

DEGREE DAYS
 HEATING
  YESTERDAY       21                        35    -14       29
  MONTH TO DATE  757                       903   -146      816
  SINCE DEC 1    757                       903   -146      816
  SINCE JUL 1   2113                      2187    -74     2111

 COOLING
  YESTERDAY        0                         0      0        0
  MONTH TO DATE    0                         0      0        0
  SINCE DEC 1      0                         0      0        0
  SINCE JAN 1    505                       475     30      533
..................................................................


WIND (MPH)
  HIGHEST WIND SPEED    15   HIGHEST WIND DIRECTION     W (250)
  HIGHEST GUST SPEED    25   HIGHEST GUST DIRECTION     W (280)
  AVERAGE WIND SPEED     5.0


SKY COVER
  POSSIBLE SUNSHINE  MM
  AVERAGE SKY COVER 0.9


WEATHER CONDITIONS
 THE FOLLOWING WEATHER WAS RECORDED YESTERDAY.
  LIGHT RAIN
  FOG


RELATIVE HUMIDITY (PERCENT)
 HIGHEST   100           400 PM
 LOWEST     54           400 AM
 AVERAGE    77

..........................................................


THE ELKINS WV CLIMATE NORMALS FOR TODAY
                         NORMAL    RECORD    YEAR
 MAXIMUM TEMPERATURE (F)   40        70      1984
 MINIMUM TEMPERATURE (F)   20       -18      1917


SUNRISE AND SUNSET
DECEMBER 29 2014......SUNRISE   737 AM EST   SUNSET   506 PM EST
DECEMBER 30 2014......SUNRISE   738 AM EST   SUNSET   506 PM EST


-  INDICATES NEGATIVE NUMBERS.
R  INDICATES RECORD WAS SET OR TIED.
MM INDICATES DATA IS MISSING.
T  INDICATES TRACE AMOUNT.




$$
