000
CDUS41 KRLX 250816
CLIEKN


CLIMATE REPORT
NATIONAL WEATHER SERVICE CHARLESTON WV
415 AM EDT MON JUL 25 2016


...................................

...THE ELKINS WV CLIMATE SUMMARY FOR JULY 24 2016...

CLIMATE NORMAL PERIOD 1981 TO 2010
CLIMATE RECORD PERIOD 1899 TO 2016


WEATHER ITEM   OBSERVED TIME   RECORD YEAR NORMAL DEPARTURE LAST
                VALUE   (LST)  VALUE       VALUE  FROM      YEAR
                                                  NORMAL
..................................................................
TEMPERATURE (F)
 YESTERDAY
  MAXIMUM         91    344 PM  95    1934  81     10       81
  MINIMUM         64    527 AM  39    1947  59      5       54
  AVERAGE         78                        70      8       68

PRECIPITATION (IN)
  YESTERDAY        0.00          3.97 1912   0.16  -0.16     0.00
  MONTH TO DATE    3.28                      4.23  -0.95     4.54
  SINCE JAN 1     25.78                     27.84  -2.06    34.91

SNOWFALL (IN)
  YESTERDAY        0.0
  MONTH TO DATE    0.0
  SINCE SEP 1     59.0
  SNOW DEPTH       0

DEGREE DAYS
 HEATING
  YESTERDAY        0                         0      0        0
  MONTH TO DATE    0                         8     -8        0
  SINCE JUN 1     28                        63    -35       21
  SINCE JUL 1      0                         8     -8        0

 COOLING
  YESTERDAY       13                         5      8        3
  MONTH TO DATE  175                       122     53      145
  SINCE JUN 1    296                       214     82      298
  SINCE JAN 1    325                       237     88      363
..................................................................


WIND (MPH)
  HIGHEST WIND SPEED    12   HIGHEST WIND DIRECTION     W (290)
  HIGHEST GUST SPEED    17   HIGHEST GUST DIRECTION    SW (230)
  AVERAGE WIND SPEED     1.9


SKY COVER
  POSSIBLE SUNSHINE  MM
  AVERAGE SKY COVER 0.2


WEATHER CONDITIONS
 THE FOLLOWING WEATHER WAS RECORDED YESTERDAY.
  FOG
  FOG W/VISIBILITY <= 1/4 MILE
  HAZE


RELATIVE HUMIDITY (PERCENT)
 HIGHEST    93          1200 AM
 LOWEST     47           300 PM
 AVERAGE    70

..........................................................


THE ELKINS WV CLIMATE NORMALS FOR TODAY
                         NORMAL    RECORD    YEAR
 MAXIMUM TEMPERATURE (F)   81        94      1934
 MINIMUM TEMPERATURE (F)   59        46      1947


SUNRISE AND SUNSET
JULY 25 2016..........SUNRISE   615 AM EDT   SUNSET   837 PM EDT
JULY 26 2016..........SUNRISE   616 AM EDT   SUNSET   836 PM EDT


-  INDICATES NEGATIVE NUMBERS.
R  INDICATES RECORD WAS SET OR TIED.
MM INDICATES DATA IS MISSING.
T  INDICATES TRACE AMOUNT.




$$
