000
CDUS41 KRLX 272118
CLIEKN


CLIMATE REPORT
NATIONAL WEATHER SERVICE CHARLESTON WV
517 PM EDT TUE SEP 27 2016


...................................

...THE ELKINS WV CLIMATE SUMMARY FOR SEPTEMBER 27 2016...
VALID TODAY AS OF 0500 PM LOCAL TIME.

CLIMATE NORMAL PERIOD 1981 TO 2010
CLIMATE RECORD PERIOD 1899 TO 2016


WEATHER ITEM   OBSERVED TIME   RECORD YEAR NORMAL DEPARTURE LAST
                VALUE   (LST)  VALUE       VALUE  FROM      YEAR
                                                  NORMAL
..................................................................
TEMPERATURE (F)
 TODAY
  MAXIMUM         73    359 PM  85    1946  70      3       70
                                      1900
  MINIMUM         46    635 AM  29    1918  46      0       59
  AVERAGE         60                        58      2       65

PRECIPITATION (IN)
  TODAY            0.00          1.41 1920   0.11  -0.11      T
  MONTH TO DATE    0.77                      3.29  -2.52     1.42
  SINCE SEP 1      0.77                      3.29  -2.52     1.42
  SINCE JAN 1     30.77                     36.10  -5.33    38.87

DEGREE DAYS
 HEATING
  TODAY            5                         8     -3        0
  MONTH TO DATE   10                       105    -95       56
  SINCE SEP 1     10                       105    -95       56
  SINCE JUL 1     10                       135   -125       67

 COOLING
  TODAY            0                         1     -1        0
  MONTH TO DATE  114                        45     69       79
  SINCE SEP 1    114                        45     69       79
  SINCE JAN 1    803                       471    332      620
..................................................................


WIND (MPH)
  HIGHEST WIND SPEED    12   HIGHEST WIND DIRECTION     W (260)
  HIGHEST GUST SPEED    15   HIGHEST GUST DIRECTION     W (280)
  AVERAGE WIND SPEED     4.5


SKY COVER
  POSSIBLE SUNSHINE  MM
  AVERAGE SKY COVER 0.2


WEATHER CONDITIONS
 THE FOLLOWING WEATHER WAS RECORDED TODAY.
  FOG
  FOG W/VISIBILITY <= 1/4 MILE


RELATIVE HUMIDITY (PERCENT)
 HIGHEST    93           600 AM
 LOWEST     22           200 PM
 AVERAGE    58

..........................................................


THE ELKINS WV CLIMATE NORMALS FOR TOMORROW
                         NORMAL    RECORD    YEAR
 MAXIMUM TEMPERATURE (F)   69        85      1959
                                             1945
 MINIMUM TEMPERATURE (F)   46        27      1957


SUNRISE AND SUNSET
SEPTEMBER 27 2016.....SUNRISE   712 AM EDT   SUNSET   708 PM EDT
SEPTEMBER 28 2016.....SUNRISE   713 AM EDT   SUNSET   706 PM EDT


-  INDICATES NEGATIVE NUMBERS.
R  INDICATES RECORD WAS SET OR TIED.
MM INDICATES DATA IS MISSING.
T  INDICATES TRACE AMOUNT.




$$
