000
CDUS41 KRLX 290735
CLIEKN


CLIMATE REPORT
NATIONAL WEATHER SERVICE CHARLESTON WV
334 AM EDT SUN MAY 29 2016


...................................

...THE ELKINS WV CLIMATE SUMMARY FOR MAY 28 2016...

CLIMATE NORMAL PERIOD 1981 TO 2010
CLIMATE RECORD PERIOD 1899 TO 2016


WEATHER ITEM   OBSERVED TIME   RECORD YEAR NORMAL DEPARTURE LAST
                VALUE   (LST)  VALUE       VALUE  FROM      YEAR
                                                  NORMAL
..................................................................
TEMPERATURE (F)
 YESTERDAY
  MAXIMUM         87    312 PM  88    2012  73     14       83
                                      1914
  MINIMUM         57    553 AM  31    1994  49      8       57
  AVERAGE         72                        61     11       70

PRECIPITATION (IN)
  YESTERDAY        0.00          0.99 2004   0.16  -0.16     0.00
  MONTH TO DATE    6.21                      4.62   1.59     1.52
  SINCE JAN 1     17.41                     18.71  -1.30    21.58

SNOWFALL (IN)
  YESTERDAY        0.0
  MONTH TO DATE    T
  SINCE SEP 1     59.0
  SNOW DEPTH       0

DEGREE DAYS
 HEATING
  YESTERDAY        0                         5     -5        0
  MONTH TO DATE  230                       222      8      108
  SINCE MAR 1   1218                      1464   -246     1304
  SINCE JUL 1   4960                      5785   -825     5935

 COOLING
  YESTERDAY        7                         1      6        5
  MONTH TO DATE   18                        15      3       47
  SINCE MAR 1     21                        18      3       50
  SINCE JAN 1     21                        18      3       50
..................................................................


WIND (MPH)
  HIGHEST WIND SPEED     9   HIGHEST WIND DIRECTION    NW (320)
  HIGHEST GUST SPEED    12   HIGHEST GUST DIRECTION    NW (330)
  AVERAGE WIND SPEED     1.3


SKY COVER
  POSSIBLE SUNSHINE  MM
  AVERAGE SKY COVER 0.4


WEATHER CONDITIONS
 THE FOLLOWING WEATHER WAS RECORDED YESTERDAY.
  FOG
  FOG W/VISIBILITY <= 1/4 MILE


RELATIVE HUMIDITY (PERCENT)
 HIGHEST    93           200 AM
 LOWEST     44           100 PM
 AVERAGE    69

..........................................................


THE ELKINS WV CLIMATE NORMALS FOR TODAY
                         NORMAL    RECORD    YEAR
 MAXIMUM TEMPERATURE (F)   74        90      1914
 MINIMUM TEMPERATURE (F)   50        32      1964


SUNRISE AND SUNSET
MAY 29 2016...........SUNRISE   557 AM EDT   SUNSET   837 PM EDT
MAY 30 2016...........SUNRISE   557 AM EDT   SUNSET   838 PM EDT


-  INDICATES NEGATIVE NUMBERS.
R  INDICATES RECORD WAS SET OR TIED.
MM INDICATES DATA IS MISSING.
T  INDICATES TRACE AMOUNT.




$$
