000
CDUS41 KRLX 290805
CLIEKN


CLIMATE REPORT
NATIONAL WEATHER SERVICE CHARLESTON WV
346 AM EDT FRI AUG 29 2014


...................................

...THE ELKINS WV CLIMATE SUMMARY FOR AUGUST 28 2014...

CLIMATE NORMAL PERIOD 1981 TO 2010
CLIMATE RECORD PERIOD 1899 TO 2014


WEATHER ITEM   OBSERVED TIME   RECORD YEAR NORMAL DEPARTURE LAST
                VALUE   (LST)  VALUE       VALUE  FROM      YEAR
                                                  NORMAL
..................................................................
TEMPERATURE (F)
 YESTERDAY
  MAXIMUM         77    300 PM  92    1993  79     -2       78
                                      1948
  MINIMUM         54   1159 PM  40    1986  57     -3       68
                                      1946
  AVERAGE         66                        68     -2       73

PRECIPITATION (IN)
  YESTERDAY        T             3.32 2013   0.11  -0.11     3.32
  MONTH TO DATE    2.71                      3.50  -0.79     7.83
  SINCE JAN 1     27.85                     32.47  -4.62    32.71

SNOWFALL (IN)
  YESTERDAY        0.0
  MONTH TO DATE    0.0
  SINCE SEP 1     92.3
  SNOW DEPTH       0

DEGREE DAYS
 HEATING
  YESTERDAY        0                         1     -1        0
  MONTH TO DATE   18                        13      5       19
  SINCE JUN 1     65                        80    -15       35
  SINCE JUL 1     51                        25     26       23

 COOLING
  YESTERDAY        1                         4     -3        8
  MONTH TO DATE   95                       132    -37      109
  SINCE JUN 1    383                       390     -7      414
  SINCE JAN 1    419                       413      6      439
..................................................................


WIND (MPH)
  HIGHEST WIND SPEED    12   HIGHEST WIND DIRECTION     W (290)
  HIGHEST GUST SPEED    15   HIGHEST GUST DIRECTION    NW (300)
  AVERAGE WIND SPEED     3.5


SKY COVER
  POSSIBLE SUNSHINE  MM
  AVERAGE SKY COVER 0.4


WEATHER CONDITIONS
 THE FOLLOWING WEATHER WAS RECORDED YESTERDAY.
  LIGHT RAIN
  FOG


RELATIVE HUMIDITY (PERCENT)
 HIGHEST    93          1200 AM
 LOWEST     50           400 PM
 AVERAGE    72

..........................................................


THE ELKINS WV CLIMATE NORMALS FOR TODAY
                         NORMAL    RECORD    YEAR
 MAXIMUM TEMPERATURE (F)   79        93      1993
 MINIMUM TEMPERATURE (F)   56        34      1965


SUNRISE AND SUNSET
AUGUST 29 2014........SUNRISE   646 AM EDT   SUNSET   754 PM EDT
AUGUST 30 2014........SUNRISE   647 AM EDT   SUNSET   753 PM EDT


-  INDICATES NEGATIVE NUMBERS.
R  INDICATES RECORD WAS SET OR TIED.
MM INDICATES DATA IS MISSING.
T  INDICATES TRACE AMOUNT.




$$
