000
CDUS41 KRLX 250816
CLIEKN


CLIMATE REPORT
NATIONAL WEATHER SERVICE CHARLESTON WV
316 AM EST SUN FEB 25 2018


...................................

...THE ELKINS WV CLIMATE SUMMARY FOR FEBRUARY 24 2018...

CLIMATE NORMAL PERIOD 1981 TO 2010
CLIMATE RECORD PERIOD 1899 TO 2018


WEATHER ITEM   OBSERVED TIME   RECORD YEAR NORMAL DEPARTURE LAST
                VALUE   (LST)  VALUE       VALUE  FROM      YEAR
                                                  NORMAL
..................................................................
TEMPERATURE (F)
 YESTERDAY
  MAXIMUM         61    306 PM  77    2017  45     16       77
  MINIMUM         49    257 AM -15    2015  23     26       40
  AVERAGE         55                        34     21       59

PRECIPITATION (IN)
  YESTERDAY        0.54          0.73 1972   0.11   0.43     0.00
  MONTH TO DATE    6.97                      2.63   4.34     1.53
  SINCE JAN 1      9.65                      5.86   3.79     6.62

SNOWFALL (IN)
  YESTERDAY        0.0           7.2  1986   0.7   -0.7      0.0
  MONTH TO DATE    6.1                      16.2  -10.1      9.9
  SINCE SEP 1     41.6                      63.0  -21.4     30.4
  SNOW DEPTH       0

DEGREE DAYS
 HEATING
  YESTERDAY       10                        31    -21        6
  MONTH TO DATE  551                       798   -247      575
  SINCE DEC 1   2787                      2915   -128     2355
  SINCE JUL 1   3872                      4199   -327     3300

 COOLING
  YESTERDAY        0                         0      0        0
  MONTH TO DATE    0                         0      0        0
  SINCE DEC 1      0                         0      0        0
  SINCE JAN 1      0                         0      0        0
..................................................................


WIND (MPH)
  HIGHEST WIND SPEED    12   HIGHEST WIND DIRECTION    NW (310)
  HIGHEST GUST SPEED    16   HIGHEST GUST DIRECTION    NW (330)
  AVERAGE WIND SPEED     1.7


SKY COVER
  POSSIBLE SUNSHINE  MM
  AVERAGE SKY COVER 0.8


WEATHER CONDITIONS
 THE FOLLOWING WEATHER WAS RECORDED YESTERDAY.
  HEAVY RAIN
  RAIN
  LIGHT RAIN
  FOG
  FOG W/VISIBILITY <= 1/4 MILE
  HAZE


RELATIVE HUMIDITY (PERCENT)
 HIGHEST   100           700 AM
 LOWEST     89           400 AM
 AVERAGE    95

..........................................................


THE ELKINS WV CLIMATE NORMALS FOR TODAY
                         NORMAL    RECORD    YEAR
 MAXIMUM TEMPERATURE (F)   45        71      2000
 MINIMUM TEMPERATURE (F)   23       -11      1993


SUNRISE AND SUNSET
FEBRUARY 25 2018......SUNRISE   657 AM EST   SUNSET   608 PM EST
FEBRUARY 26 2018......SUNRISE   656 AM EST   SUNSET   609 PM EST


-  INDICATES NEGATIVE NUMBERS.
R  INDICATES RECORD WAS SET OR TIED.
MM INDICATES DATA IS MISSING.
T  INDICATES TRACE AMOUNT.




$$
