000
CDUS45 KLKN 230928
CLIEKO


CLIMATE REPORT
NATIONAL WEATHER SERVICE ELKO NV
227 AM PDT SAT JUL 23 2016


...................................

...THE ELKO AIRPORT NV CLIMATE SUMMARY FOR JULY 22 2016...

CLIMATE NORMAL PERIOD 1981 TO 2010
CLIMATE RECORD PERIOD 1888 TO 2016


WEATHER ITEM   OBSERVED TIME   RECORD YEAR NORMAL DEPARTURE LAST
                VALUE   (LST)  VALUE       VALUE  FROM      YEAR
                                                  NORMAL
..................................................................
TEMPERATURE (F)
 YESTERDAY
  MAXIMUM         93    420 PM 103    2003  92      1       82
  MINIMUM         55   1138 PM  35    1987  51      4       57
                                      1954
  AVERAGE         74                        71      3       70

PRECIPITATION (IN)
  YESTERDAY        0.00          0.80 1888   0.01  -0.01     0.10
  MONTH TO DATE    0.01                      0.25  -0.24     0.46
  SINCE OCT 1     12.15                      8.85   3.30     8.04
  SINCE JAN 1      7.61                      5.79   1.82     5.80

SNOWFALL (IN)
  YESTERDAY        0.0           0.0  1888   0.0    0.0      0.0
  MONTH TO DATE    0.0                       0.0    0.0      0.0
  SINCE JUN 1      T                         0.0    0.0      0.0
  SINCE JUL 1      0.0                       0.0    0.0      0.0
  SNOW DEPTH       0

DEGREE DAYS
 HEATING
  YESTERDAY        0                         0      0        0
  MONTH TO DATE    9                        17     -8        4
  SINCE JUN 1     39                       148   -109       28
  SINCE JUL 1      9                        17     -8        4

 COOLING
  YESTERDAY        9                         7      2        5
  MONTH TO DATE  137                       122     15      155
  SINCE JUN 1    268                       169     99      333
  SINCE JAN 1    268                       173     95      340
..................................................................


WIND (MPH)
  HIGHEST WIND SPEED    24   HIGHEST WIND DIRECTION     W (260)
  HIGHEST GUST SPEED    36   HIGHEST GUST DIRECTION     W (250)
  AVERAGE WIND SPEED     6.9



WEATHER CONDITIONS
 THE FOLLOWING WEATHER WAS RECORDED YESTERDAY.
  NO SIGNIFICANT WEATHER WAS OBSERVED.


RELATIVE HUMIDITY (PERCENT)
 HIGHEST    27           500 AM
 LOWEST      4           500 PM
 AVERAGE    16

..........................................................


THE ELKO AIRPORT NV CLIMATE NORMALS FOR TODAY
                         NORMAL    RECORD    YEAR
 MAXIMUM TEMPERATURE (F)   92       103      1890
 MINIMUM TEMPERATURE (F)   51        36      2000
                                             1954
                                             1912


SUNRISE AND SUNSET
JULY 23 2016..........SUNRISE   532 AM PDT   SUNSET   807 PM PDT
JULY 24 2016..........SUNRISE   533 AM PDT   SUNSET   806 PM PDT


-  INDICATES NEGATIVE NUMBERS.
R  INDICATES RECORD WAS SET OR TIED.
MM INDICATES DATA IS MISSING.
T  INDICATES TRACE AMOUNT.




$$
