000
CDUS45 KLKN 300027
CLIEKO


CLIMATE REPORT
NATIONAL WEATHER SERVICE ELKO NV
527 PM PDT FRI MAY 29 2015


...................................

...THE ELKO AIRPORT NV CLIMATE SUMMARY FOR MAY 29 2015...
VALID TODAY AS OF 0500 PM LOCAL TIME.

CLIMATE NORMAL PERIOD 1981 TO 2010
CLIMATE RECORD PERIOD 1888 TO 2015


WEATHER ITEM   OBSERVED TIME   RECORD YEAR NORMAL DEPARTURE LAST
                VALUE   (LST)  VALUE       VALUE  FROM      YEAR
                                                  NORMAL
..................................................................
TEMPERATURE (F)
 TODAY
  MAXIMUM         80    217 PM  96    1897  73      7       74
  MINIMUM         45    404 AM  24    1927  41      4       36
                                      1899
  AVERAGE         63                        57      6       55

PRECIPITATION (IN)
  TODAY            0.00          0.80 1913   0.03  -0.03     0.00
  MONTH TO DATE    3.49                      0.90   2.59     1.08
  SINCE OCT 1      7.11                      7.89  -0.78     7.32
  SINCE JAN 1      4.87                      4.83   0.04     5.71

SNOWFALL (IN)
  TODAY            0.0           0.2  1988   0.0    0.0      0.0
  MONTH TO DATE    2.0                       0.5    1.5      0.3
  SINCE MAR 1      4.9                       8.8   -3.9      8.2
  SINCE JUL 1     14.3                      41.3  -27.0     20.5
  SNOW DEPTH       0

DEGREE DAYS
 HEATING
  TODAY            2                         8     -6       10
  MONTH TO DATE  309                       348    -39      298
  SINCE MAR 1   1517                      1751   -234     1642
  SINCE JUL 1   5525                      6919  -1394     6373

 COOLING
  TODAY            0                         0      0        0
  MONTH TO DATE    0                         0      0        3
  SINCE MAR 1      0                         0      0        3
  SINCE JAN 1      0                         0      0        3
..................................................................


WIND (MPH)
  HIGHEST WIND SPEED    12   HIGHEST WIND DIRECTION    SW (230)
  HIGHEST GUST SPEED    14   HIGHEST GUST DIRECTION    NW (300)



WEATHER CONDITIONS
 THE FOLLOWING WEATHER WAS RECORDED TODAY.
  NO SIGNIFICANT WEATHER WAS OBSERVED.


RELATIVE HUMIDITY (PERCENT)
 HIGHEST    86           400 AM
 LOWEST     19           300 PM
 AVERAGE    53

..........................................................


THE ELKO AIRPORT NV CLIMATE NORMALS FOR TOMORROW
                         NORMAL    RECORD    YEAR
 MAXIMUM TEMPERATURE (F)   74        92      2002
                                             1897
 MINIMUM TEMPERATURE (F)   41        24      1942


SUNRISE AND SUNSET
MAY 29 2015...........SUNRISE   515 AM PDT   SUNSET   806 PM PDT
MAY 30 2015...........SUNRISE   515 AM PDT   SUNSET   807 PM PDT


-  INDICATES NEGATIVE NUMBERS.
R  INDICATES RECORD WAS SET OR TIED.
MM INDICATES DATA IS MISSING.
T  INDICATES TRACE AMOUNT.




$$
