000
CDUS45 KLKN 280940
CLIEKO


CLIMATE REPORT
NATIONAL WEATHER SERVICE ELKO NV
240 AM PDT TUE JUL 28 2015


...................................

...THE ELKO AIRPORT NV CLIMATE SUMMARY FOR JULY 27 2015...

CLIMATE NORMAL PERIOD 1981 TO 2010
CLIMATE RECORD PERIOD 1888 TO 2015


WEATHER ITEM   OBSERVED TIME   RECORD YEAR NORMAL DEPARTURE LAST
                VALUE   (LST)  VALUE       VALUE  FROM      YEAR
                                                  NORMAL
..................................................................
TEMPERATURE (F)
 YESTERDAY
  MAXIMUM         76    351 PM 103    1934  92    -16       97
                                      1931
  MINIMUM         53   1159 PM  32    1909  51      2       57
  AVERAGE         65                        71     -6       77

PRECIPITATION (IN)
  YESTERDAY        0.01          0.28 1982   0.01   0.00      T
  MONTH TO DATE    0.79                      0.31   0.48     0.51
  SINCE OCT 1      8.37                      8.91  -0.54     7.97
  SINCE JAN 1      6.13                      5.85   0.28     6.36

SNOWFALL (IN)
  YESTERDAY        0.0           0.0  1888   0.0    0.0      0.0
  MONTH TO DATE    0.0                       0.0    0.0      0.0
  SINCE JUN 1      0.0                       0.0    0.0      0.0
  SINCE JUL 1      0.0                       0.0    0.0      0.0
  SNOW DEPTH       0

DEGREE DAYS
 HEATING
  YESTERDAY        0                         0      0        0
  MONTH TO DATE    4                        17    -13        0
  SINCE JUN 1     28                       148   -120       92
  SINCE JUL 1      4                        17    -13        0

 COOLING
  YESTERDAY        0                         7     -7       12
  MONTH TO DATE  170                       157     13      303
  SINCE JUN 1    348                       204    144      332
  SINCE JAN 1    355                       208    147      335
..................................................................


WIND (MPH)
  HIGHEST WIND SPEED    23   HIGHEST WIND DIRECTION     W (260)
  HIGHEST GUST SPEED    32   HIGHEST GUST DIRECTION     W (270)
  AVERAGE WIND SPEED     9.0



WEATHER CONDITIONS
 THE FOLLOWING WEATHER WAS RECORDED YESTERDAY.
  LIGHT RAIN


RELATIVE HUMIDITY (PERCENT)
 HIGHEST    72           600 AM
 LOWEST     12           400 PM
 AVERAGE    42

..........................................................


THE ELKO AIRPORT NV CLIMATE NORMALS FOR TODAY
                         NORMAL    RECORD    YEAR
 MAXIMUM TEMPERATURE (F)   92       104      1934
 MINIMUM TEMPERATURE (F)   51        30      1892


SUNRISE AND SUNSET
JULY 28 2015..........SUNRISE   536 AM PDT   SUNSET   803 PM PDT
JULY 29 2015..........SUNRISE   537 AM PDT   SUNSET   802 PM PDT


-  INDICATES NEGATIVE NUMBERS.
R  INDICATES RECORD WAS SET OR TIED.
MM INDICATES DATA IS MISSING.
T  INDICATES TRACE AMOUNT.




$$
