000
CDUS45 KLKN 300932
CLIEKO


CLIMATE REPORT
NATIONAL WEATHER SERVICE ELKO NV
226 AM PDT TUE SEP 30 2014


...................................

...THE ELKO AIRPORT NV CLIMATE SUMMARY FOR SEPTEMBER 29 2014...

CLIMATE NORMAL PERIOD 1981 TO 2010
CLIMATE RECORD PERIOD 1888 TO 2014


WEATHER ITEM   OBSERVED TIME   RECORD YEAR NORMAL DEPARTURE LAST
                VALUE   (LST)  VALUE       VALUE  FROM      YEAR
                                                  NORMAL
..................................................................
TEMPERATURE (F)
 YESTERDAY
  MAXIMUM         52    359 PM  90    2010  73    -21       70
  MINIMUM         44   1139 PM  16    1902  34     10       43
  AVERAGE         48                        53     -5       57

PRECIPITATION (IN)
  YESTERDAY        0.06          0.60 1893   0.02   0.04     0.00
  MONTH TO DATE    0.38                      0.55  -0.17     1.19
  SINCE OCT 1      9.66                      9.89  -0.23     7.68
  SINCE JAN 1      8.05                      6.83   1.22     4.85

SNOWFALL (IN)
  YESTERDAY        0.0           T    2007   0.0    0.0      0.0
                                      1950
  MONTH TO DATE    0.0                       0.1   -0.1       T
  SINCE SEP 1      0.0                       0.1   -0.1       T
  SINCE JUL 1      0.0                       0.1   -0.1       T
  SNOW DEPTH       0

DEGREE DAYS
 HEATING
  YESTERDAY       17                        12      5        8
  MONTH TO DATE   76                       195   -119      166
  SINCE SEP 1     76                       195   -119      166
  SINCE JUL 1     96                       246   -150      166

 COOLING
  YESTERDAY        0                         0      0        0
  MONTH TO DATE   45                        20     25       66
  SINCE SEP 1     45                        20     25       66
  SINCE JAN 1    549                       382    167      776
..................................................................


WIND (MPH)
  HIGHEST WIND SPEED    13   HIGHEST WIND DIRECTION    SW (230)
  HIGHEST GUST SPEED    17   HIGHEST GUST DIRECTION    SW (220)
  AVERAGE WIND SPEED     5.6



WEATHER CONDITIONS
 THE FOLLOWING WEATHER WAS RECORDED YESTERDAY.
  LIGHT RAIN


RELATIVE HUMIDITY (PERCENT)
 HIGHEST    92          1000 PM
 LOWEST     66          1200 AM
 AVERAGE    79

..........................................................


THE ELKO AIRPORT NV CLIMATE NORMALS FOR TODAY
                         NORMAL    RECORD    YEAR
 MAXIMUM TEMPERATURE (F)   72        91      2010
 MINIMUM TEMPERATURE (F)   34        17      1954
                                             1889


SUNRISE AND SUNSET
SEPTEMBER 30 2014.....SUNRISE   639 AM PDT   SUNSET   627 PM PDT
OCTOBER  1 2014.......SUNRISE   640 AM PDT   SUNSET   625 PM PDT


-  INDICATES NEGATIVE NUMBERS.
R  INDICATES RECORD WAS SET OR TIED.
MM INDICATES DATA IS MISSING.
T  INDICATES TRACE AMOUNT.




$$
