000
CDUS45 KLKN 040932
CLIEKO


CLIMATE REPORT
NATIONAL WEATHER SERVICE ELKO NV
130 AM PST WED MAR 4 2015


...................................

...THE ELKO AIRPORT NV CLIMATE SUMMARY FOR MARCH 3 2015...

CLIMATE NORMAL PERIOD 1981 TO 2010
CLIMATE RECORD PERIOD 1888 TO 2015


WEATHER ITEM   OBSERVED TIME   RECORD YEAR NORMAL DEPARTURE LAST
                VALUE   (LST)  VALUE       VALUE  FROM      YEAR
                                                  NORMAL
..................................................................
TEMPERATURE (F)
 YESTERDAY
  MAXIMUM         37    351 PM  72    1918  48    -11       55
  MINIMUM         18   1153 PM  -9    1952  23     -5       33
  AVERAGE         28                        35     -7       44

PRECIPITATION (IN)
  YESTERDAY        0.05          0.79 1992   0.03   0.02     0.01
  MONTH TO DATE    0.05                      0.10  -0.05     0.28
  SINCE OCT 1      2.78                      5.12  -2.34     4.23
  SINCE JAN 1      0.54                      2.06  -1.52     2.62

SNOWFALL (IN)
  YESTERDAY        0.7           7.0  1899   0.1    0.6      0.0
  MONTH TO DATE    0.7                       0.5    0.2      1.0
  SINCE MAR 1      0.7                       0.5    0.2      1.0
  SINCE JUL 1     10.1                      33.0  -22.9     13.3
  SNOW DEPTH       1

DEGREE DAYS
 HEATING
  YESTERDAY       37                        30      7       21
  MONTH TO DATE   97                        90      7       69
  SINCE MAR 1     97                        90      7       69
  SINCE JUL 1   4105                      5258  -1153     4800

 COOLING
  YESTERDAY        0                         0      0        0
  MONTH TO DATE    0                         0      0        0
  SINCE MAR 1      0                         0      0        0
  SINCE JAN 1      0                         0      0        0
..................................................................


WIND (MPH)
  HIGHEST WIND SPEED    21   HIGHEST WIND DIRECTION    NW (330)
  HIGHEST GUST SPEED    27   HIGHEST GUST DIRECTION    NW (330)
  AVERAGE WIND SPEED     7.7



WEATHER CONDITIONS
 THE FOLLOWING WEATHER WAS RECORDED YESTERDAY.
  SNOW
  LIGHT SNOW
  FOG
  HAZE


RELATIVE HUMIDITY (PERCENT)
 HIGHEST    92           300 AM
 LOWEST     38           100 PM
 AVERAGE    65

..........................................................


THE ELKO AIRPORT NV CLIMATE NORMALS FOR TODAY
                         NORMAL    RECORD    YEAR
 MAXIMUM TEMPERATURE (F)   48        72      1905
 MINIMUM TEMPERATURE (F)   24        -5      1932


SUNRISE AND SUNSET
MARCH  4 2015.........SUNRISE   613 AM PST   SUNSET   538 PM PST
MARCH  5 2015.........SUNRISE   611 AM PST   SUNSET   539 PM PST


-  INDICATES NEGATIVE NUMBERS.
R  INDICATES RECORD WAS SET OR TIED.
MM INDICATES DATA IS MISSING.
T  INDICATES TRACE AMOUNT.




$$
