000
CDUS45 KLKN 180934
CLIEKO


CLIMATE REPORT
NATIONAL WEATHER SERVICE ELKO NV
128 AM PST THU JAN 18 2018


...................................

...THE ELKO AIRPORT NV CLIMATE SUMMARY FOR JANUARY 17 2018...

CLIMATE NORMAL PERIOD 1981 TO 2010
CLIMATE RECORD PERIOD 1888 TO 2018


WEATHER ITEM   OBSERVED TIME   RECORD YEAR NORMAL DEPARTURE LAST
                VALUE   (LST)  VALUE       VALUE  FROM      YEAR
                                                  NORMAL
..................................................................
TEMPERATURE (F)
 YESTERDAY
  MAXIMUM         46    309 PM  60    1899  36     10       20
  MINIMUM         22    747 AM -27    1917  14      8        7
  AVERAGE         34                        25      9       14

PRECIPITATION (IN)
  YESTERDAY        0.00          0.67 1953   0.03  -0.03      T
  MONTH TO DATE    0.37                      0.66  -0.29     1.84
  SINCE OCT 1      2.07                      3.72  -1.65     7.47
  SINCE JAN 1      0.37                      0.66  -0.29     1.84

SNOWFALL (IN)
  YESTERDAY        0.0           3.5  1895   0.3   -0.3      0.1
  MONTH TO DATE    T                         6.1   -6.1     18.4
  SINCE DEC 1      4.8                      16.0  -11.2     30.6
  SINCE JUL 1      5.5                      21.7  -16.2     36.1
  SNOW DEPTH       0

DEGREE DAYS
 HEATING
  YESTERDAY       31                        40     -9       51
  MONTH TO DATE  473                       680   -207      715
  SINCE DEC 1   1647                      1890   -243     1969
  SINCE JUL 1   3235                      3628   -393     3314

 COOLING
  YESTERDAY        0                         0      0        0
  MONTH TO DATE    0                         0      0        0
  SINCE DEC 1      0                         0      0        0
  SINCE JAN 1      0                         0      0        0
..................................................................


WIND (MPH)
  HIGHEST WIND SPEED     9   HIGHEST WIND DIRECTION     E (70)
  HIGHEST GUST SPEED    11   HIGHEST GUST DIRECTION    NE (60)
  AVERAGE WIND SPEED     3.2



WEATHER CONDITIONS
 THE FOLLOWING WEATHER WAS RECORDED YESTERDAY.
  FOG


RELATIVE HUMIDITY (PERCENT)
 HIGHEST    96           600 AM
 LOWEST     53           200 PM
 AVERAGE    75

..........................................................


THE ELKO AIRPORT NV CLIMATE NORMALS FOR TODAY
                         NORMAL    RECORD    YEAR
 MAXIMUM TEMPERATURE (F)   36        58      2015
 MINIMUM TEMPERATURE (F)   14       -26      1917


SUNRISE AND SUNSET
JANUARY 18 2018.......SUNRISE   704 AM PST   SUNSET   444 PM PST
JANUARY 19 2018.......SUNRISE   703 AM PST   SUNSET   445 PM PST


-  INDICATES NEGATIVE NUMBERS.
R  INDICATES RECORD WAS SET OR TIED.
MM INDICATES DATA IS MISSING.
T  INDICATES TRACE AMOUNT.




$$
