000
CDUS45 KLKN 270933
CLIEKO


CLIMATE REPORT
NATIONAL WEATHER SERVICE ELKO NV
229 AM PDT THU JUL 27 2017


...................................

...THE ELKO AIRPORT NV CLIMATE SUMMARY FOR JULY 26 2017...

CLIMATE NORMAL PERIOD 1981 TO 2010
CLIMATE RECORD PERIOD 1888 TO 2017


WEATHER ITEM   OBSERVED TIME   RECORD YEAR NORMAL DEPARTURE LAST
                VALUE   (LST)  VALUE       VALUE  FROM      YEAR
                                                  NORMAL
..................................................................
TEMPERATURE (F)
 YESTERDAY
  MAXIMUM         92    301 PM 102    1931  92      0       98
  MINIMUM         56    526 AM  35    1990  51      5       50
  AVERAGE         74                        71      3       74

PRECIPITATION (IN)
  YESTERDAY        0.00          0.08 1941   0.01  -0.01     0.00
  MONTH TO DATE    0.02                      0.30  -0.28     0.01
  SINCE OCT 1     13.48                      8.90   4.58    12.15
  SINCE JAN 1      7.85                      5.84   2.01     7.61

SNOWFALL (IN)
  YESTERDAY        0.0           0.0  1888   0.0    0.0      0.0
  MONTH TO DATE    0.0                       0.0    0.0      0.0
  SINCE JUN 1      T                         0.0    0.0       T
  SINCE JUL 1      0.0                       0.0    0.0      0.0
  SNOW DEPTH       0

DEGREE DAYS
 HEATING
  YESTERDAY        0                         0      0        0
  MONTH TO DATE    0                        17    -17        9
  SINCE JUN 1     62                       148    -86       39
  SINCE JUL 1      0                        17    -17        9

 COOLING
  YESTERDAY        9                         7      2        9
  MONTH TO DATE  290                       150    140      165
  SINCE JUN 1    403                       197    206      296
  SINCE JAN 1    407                       201    206      296
..................................................................


WIND (MPH)
  HIGHEST WIND SPEED    23   HIGHEST WIND DIRECTION     W (260)
  HIGHEST GUST SPEED    27   HIGHEST GUST DIRECTION     W (260)
  AVERAGE WIND SPEED     5.2



WEATHER CONDITIONS
 THE FOLLOWING WEATHER WAS RECORDED YESTERDAY.
  NO SIGNIFICANT WEATHER WAS OBSERVED.


RELATIVE HUMIDITY (PERCENT)
 HIGHEST    80           600 AM
 LOWEST     12           500 PM
 AVERAGE    46

..........................................................


THE ELKO AIRPORT NV CLIMATE NORMALS FOR TODAY
                         NORMAL    RECORD    YEAR
 MAXIMUM TEMPERATURE (F)   92       103      1934
                                             1931
 MINIMUM TEMPERATURE (F)   51        32      1909


SUNRISE AND SUNSET
JULY 27 2017..........SUNRISE   535 AM PDT   SUNSET   804 PM PDT
JULY 28 2017..........SUNRISE   536 AM PDT   SUNSET   803 PM PDT


-  INDICATES NEGATIVE NUMBERS.
R  INDICATES RECORD WAS SET OR TIED.
MM INDICATES DATA IS MISSING.
T  INDICATES TRACE AMOUNT.




$$
