000
CDUS45 KLKN 250926
CLIEKO


CLIMATE REPORT
NATIONAL WEATHER SERVICE ELKO NV
226 AM PDT WED MAY 25 2016


...................................

...THE ELKO AIRPORT NV CLIMATE SUMMARY FOR MAY 24 2016...

CLIMATE NORMAL PERIOD 1981 TO 2010
CLIMATE RECORD PERIOD 1888 TO 2016


WEATHER ITEM   OBSERVED TIME   RECORD YEAR NORMAL DEPARTURE LAST
                VALUE   (LST)  VALUE       VALUE  FROM      YEAR
                                                  NORMAL
..................................................................
TEMPERATURE (F)
 YESTERDAY
  MAXIMUM         60   1129 AM  91    2001  72    -12       60
  MINIMUM         31    339 AM  23    1944  39     -8       43
  AVERAGE         46                        56    -10       52

PRECIPITATION (IN)
  YESTERDAY        0.04          1.02 2015   0.03   0.01     1.02
  MONTH TO DATE    1.69                      0.75   0.94     3.32
  SINCE OCT 1     11.51                      7.74   3.77     6.94
  SINCE JAN 1      6.97                      4.68   2.29     4.70

SNOWFALL (IN)
  YESTERDAY        0.0           2.1  1990   0.1   -0.1       T
  MONTH TO DATE    0.0                       0.5   -0.5      2.0
  SINCE MAR 1      7.5                       8.8   -1.3      4.9
  SINCE JUL 1     63.8                      41.3   22.5     14.3
  SNOW DEPTH       0

DEGREE DAYS
 HEATING
  YESTERDAY       19                        10      9       13
  MONTH TO DATE  261                       304    -43      281
  SINCE MAR 1   1407                      1707   -300     1489
  SINCE JUL 1   6432                      6875   -443     5497

 COOLING
  YESTERDAY        0                         0      0        0
  MONTH TO DATE    0                         0      0        0
  SINCE MAR 1      0                         0      0        0
  SINCE JAN 1      0                         0      0        0
..................................................................


WIND (MPH)
  HIGHEST WIND SPEED    24   HIGHEST WIND DIRECTION    SW (210)
  HIGHEST GUST SPEED    30   HIGHEST GUST DIRECTION    SW (220)
  AVERAGE WIND SPEED     4.7



WEATHER CONDITIONS
 THE FOLLOWING WEATHER WAS RECORDED YESTERDAY.
  THUNDERSTORM
  LIGHT RAIN
  FOG


RELATIVE HUMIDITY (PERCENT)
 HIGHEST    83           600 AM
 LOWEST     47          1200 PM
 AVERAGE    65

..........................................................


THE ELKO AIRPORT NV CLIMATE NORMALS FOR TODAY
                         NORMAL    RECORD    YEAR
 MAXIMUM TEMPERATURE (F)   72        91      2001
 MINIMUM TEMPERATURE (F)   40        21      1888


SUNRISE AND SUNSET
MAY 25 2016...........SUNRISE   517 AM PDT   SUNSET   803 PM PDT
MAY 26 2016...........SUNRISE   517 AM PDT   SUNSET   804 PM PDT


-  INDICATES NEGATIVE NUMBERS.
R  INDICATES RECORD WAS SET OR TIED.
MM INDICATES DATA IS MISSING.
T  INDICATES TRACE AMOUNT.




$$
