732
CDUS45 KLKN 290932
CLIEKO


CLIMATE REPORT
NATIONAL WEATHER SERVICE ELKO NV
228 AM PDT WED MAR 29 2017


...................................

...THE ELKO AIRPORT NV CLIMATE SUMMARY FOR MARCH 28 2017...

CLIMATE NORMAL PERIOD 1981 TO 2010
CLIMATE RECORD PERIOD 1888 TO 2017


WEATHER ITEM   OBSERVED TIME   RECORD YEAR NORMAL DEPARTURE LAST
                VALUE   (LST)  VALUE       VALUE  FROM      YEAR
                                                  NORMAL
..................................................................
TEMPERATURE (F)
 YESTERDAY
  MAXIMUM         53    357 PM  75    1986  55     -2       36
  MINIMUM         25    523 AM   7    1944  28     -3       32
  AVERAGE         39                        42     -3       34

PRECIPITATION (IN)
  YESTERDAY        0.00          0.40 1963   0.04  -0.04     0.12
  MONTH TO DATE    1.07                      0.91   0.16     0.64
  SINCE OCT 1     10.75                      5.93   4.82     7.46
  SINCE JAN 1      5.12                      2.87   2.25     2.92

SNOWFALL (IN)
  YESTERDAY        0.0           7.4  1998   0.1   -0.1      1.6
  MONTH TO DATE    1.8                       4.6   -2.8      1.7
  SINCE MAR 1      1.8                       4.6   -2.8      1.7
  SINCE JUL 1     53.2                      37.1   16.1     58.0
  SNOW DEPTH       0

DEGREE DAYS
 HEATING
  YESTERDAY       26                        23      3       31
  MONTH TO DATE  567                       741   -174      593
  SINCE MAR 1    567                       741   -174      593
  SINCE JUL 1   5303                      5909   -606     5618

 COOLING
  YESTERDAY        0                         0      0        0
  MONTH TO DATE    0                         0      0        0
  SINCE MAR 1      0                         0      0        0
  SINCE JAN 1      0                         0      0        0
..................................................................


WIND (MPH)
  HIGHEST WIND SPEED    16   HIGHEST WIND DIRECTION    NW (320)
  HIGHEST GUST SPEED    20   HIGHEST GUST DIRECTION    NW (320)
  AVERAGE WIND SPEED     3.7



WEATHER CONDITIONS
 THE FOLLOWING WEATHER WAS RECORDED YESTERDAY.
  NO SIGNIFICANT WEATHER WAS OBSERVED.


RELATIVE HUMIDITY (PERCENT)
 HIGHEST    85           200 AM
 LOWEST     32           300 PM
 AVERAGE    59

..........................................................


THE ELKO AIRPORT NV CLIMATE NORMALS FOR TODAY
                         NORMAL    RECORD    YEAR
 MAXIMUM TEMPERATURE (F)   55        75      1978
 MINIMUM TEMPERATURE (F)   29        12      1926
                                             1898


SUNRISE AND SUNSET
MARCH 29 2017.........SUNRISE   631 AM PDT   SUNSET   705 PM PDT
MARCH 30 2017.........SUNRISE   629 AM PDT   SUNSET   706 PM PDT


-  INDICATES NEGATIVE NUMBERS.
R  INDICATES RECORD WAS SET OR TIED.
MM INDICATES DATA IS MISSING.
T  INDICATES TRACE AMOUNT.




$$
