000
CDUS44 KSHV 222255
CLIELD


CLIMATE REPORT
NATIONAL WEATHER SERVICE SHREVEPORT, LA
454 PM CST WED FEB 22 2017


...................................

...THE EL DORADO CLIMATE SUMMARY FOR FEBRUARY 22 2017...
VALID TODAY AS OF 0400 PM LOCAL TIME.

CLIMATE NORMAL PERIOD 1981 TO 2010
CLIMATE RECORD PERIOD 1907 TO 2017


WEATHER ITEM   OBSERVED TIME   RECORD YEAR NORMAL DEPARTURE LAST
                VALUE   (LST)  VALUE       VALUE  FROM      YEAR
                                                  NORMAL
..................................................................
TEMPERATURE (F)
 TODAY
  MAXIMUM         71    352 PM  84    1996  61     10       63
  MINIMUM         57    518 AM  12    1978  38     19       46
  AVERAGE         64                        50     14       55

PRECIPITATION (IN)
  TODAY            0.00          2.53 2016   0.18  -0.18     2.53
  MONTH TO DATE    2.57                      3.74  -1.17     3.87
  SINCE DEC 1     13.05                     13.22  -0.17    14.68
  SINCE JAN 1      6.76                      8.04  -1.28     6.62

SNOWFALL (IN)
  TODAY            0.0
  MONTH TO DATE    0.0
  SINCE DEC 1      T
  SINCE JUL 1      T
  SNOW DEPTH       0

DEGREE DAYS
 HEATING
  TODAY            1                        16    -15       10
  MONTH TO DATE  212                       398   -186      294
  SINCE DEC 1   1130                      1662   -532     1336
  SINCE JUL 1   1403                      2141   -738     1630

 COOLING
  TODAY            0                         0      0        0
  MONTH TO DATE   12                         0     12        2
  SINCE DEC 1     35                         6     29       21
  SINCE JAN 1     21                         2     19        6
..................................................................


WIND (MPH)
  HIGHEST WIND SPEED     8   HIGHEST WIND DIRECTION     N (20)
  HIGHEST GUST SPEED    11   HIGHEST GUST DIRECTION     N (20)
  AVERAGE WIND SPEED     3.7


SKY COVER
  POSSIBLE SUNSHINE  MM
  AVERAGE SKY COVER 0.9


WEATHER CONDITIONS
 THE FOLLOWING WEATHER WAS RECORDED TODAY.
  NO SIGNIFICANT WEATHER WAS OBSERVED.


RELATIVE HUMIDITY (PERCENT)
 HIGHEST   100           100 AM
 LOWEST     66           300 PM
 AVERAGE    83

..........................................................


THE EL DORADO CLIMATE NORMALS FOR TOMORROW
                         NORMAL    RECORD    YEAR
 MAXIMUM TEMPERATURE (F)   61        84      1996
 MINIMUM TEMPERATURE (F)   38        19      1964


SUNRISE AND SUNSET
FEBRUARY 22 2017......SUNRISE   647 AM CST   SUNSET   603 PM CST
FEBRUARY 23 2017......SUNRISE   646 AM CST   SUNSET   603 PM CST


-  INDICATES NEGATIVE NUMBERS.
R  INDICATES RECORD WAS SET OR TIED.
MM INDICATES DATA IS MISSING.
T  INDICATES TRACE AMOUNT.




$$
