000
CDUS44 KSHV 281245
CLIELD


CLIMATE REPORT
NATIONAL WEATHER SERVICE SHREVEPORT, LA
745 AM CDT SAT MAR 28 2015


...................................

...THE EL DORADO CLIMATE SUMMARY FOR MARCH 27 2015...

CLIMATE NORMAL PERIOD 1981 TO 2010
CLIMATE RECORD PERIOD 1907 TO 2015


WEATHER ITEM   OBSERVED TIME   RECORD YEAR NORMAL DEPARTURE LAST
                VALUE   (LST)  VALUE       VALUE  FROM      YEAR
                                                  NORMAL
..................................................................
TEMPERATURE (F)
 YESTERDAY
  MAXIMUM         66    136 PM  84    1982  71     -5       67
  MINIMUM         36    615 AM  20    1955  46    -10       48
  AVERAGE         51                        59     -8       58

PRECIPITATION (IN)
  YESTERDAY        0.00          2.25 1946   0.14  -0.14     0.15
  MONTH TO DATE    6.37                      4.17   2.20     2.96
  SINCE DEC 1     15.93                     18.44  -2.51    14.10
  SINCE JAN 1     12.60                     13.26  -0.66     7.54

SNOWFALL (IN)
  YESTERDAY        0.0
  MONTH TO DATE    0.7
  SINCE MAR 1      0.7
  SINCE JUL 1      0.7
  SNOW DEPTH       0

DEGREE DAYS
 HEATING
  YESTERDAY       14                         7      7        7
  MONTH TO DATE  332                       281     51      419
  SINCE MAR 1    332                       281     51      419
  SINCE JUL 1   2818                      2509    309     3026

 COOLING
  YESTERDAY        0                         1     -1        0
  MONTH TO DATE    8                        18    -10        0
  SINCE MAR 1      8                        18    -10        0
  SINCE JAN 1      8                        24    -16        0
..................................................................


WIND (MPH)
  HIGHEST WIND SPEED    18   HIGHEST WIND DIRECTION    NW (330)
  HIGHEST GUST SPEED    28   HIGHEST GUST DIRECTION    NW (320)
  AVERAGE WIND SPEED     5.1


SKY COVER
  POSSIBLE SUNSHINE  MM
  AVERAGE SKY COVER 0.1


WEATHER CONDITIONS
 THE FOLLOWING WEATHER WAS RECORDED YESTERDAY.
  NO SIGNIFICANT WEATHER WAS OBSERVED.


RELATIVE HUMIDITY (PERCENT)
 HIGHEST    93          1200 AM
 LOWEST     31           300 PM
 AVERAGE    62

..........................................................


THE EL DORADO CLIMATE NORMALS FOR TODAY
                         NORMAL    RECORD    YEAR
 MAXIMUM TEMPERATURE (F)   72        88      1907
 MINIMUM TEMPERATURE (F)   46        28      1977


SUNRISE AND SUNSET
MARCH 28 2015.........SUNRISE   705 AM CDT   SUNSET   729 PM CDT
MARCH 29 2015.........SUNRISE   703 AM CDT   SUNSET   729 PM CDT


-  INDICATES NEGATIVE NUMBERS.
R  INDICATES RECORD WAS SET OR TIED.
MM INDICATES DATA IS MISSING.
T  INDICATES TRACE AMOUNT.




$$
