000
CDUS44 KSHV 242133
CLIELD


CLIMATE REPORT
NATIONAL WEATHER SERVICE SHREVEPORT, LA
432 PM CDT SAT JUN 24 2017


...................................

...THE EL DORADO CLIMATE SUMMARY FOR JUNE 24 2017...
VALID TODAY AS OF 0400 PM LOCAL TIME.

CLIMATE NORMAL PERIOD 1981 TO 2010
CLIMATE RECORD PERIOD 1907 TO 2017


WEATHER ITEM   OBSERVED TIME   RECORD YEAR NORMAL DEPARTURE LAST
                VALUE   (LST)  VALUE       VALUE  FROM      YEAR
                                                  NORMAL
..................................................................
TEMPERATURE (F)
 TODAY
  MAXIMUM         82    249 PM 100    2012  90     -8       93
                                      1977
  MINIMUM         70    551 AM  57    1974  69      1       74
  AVERAGE         76                        80     -4       84

PRECIPITATION (IN)
  TODAY            0.00          0.82 1999   0.16  -0.16     0.00
  MONTH TO DATE    3.10                      3.88  -0.78     2.89
  SINCE DEC 1     35.77                     32.04   3.73    40.66
  SINCE JAN 1     29.48                     26.86   2.62    32.60

DEGREE DAYS
 HEATING
  TODAY            0                         0      0        0
  MONTH TO DATE    0                         0      0        0
  SINCE JUN 1      0                         0      0        0
  SINCE JUL 1   1723                      2673   -950     2034

 COOLING
  TODAY           11                        15     -4       19
  MONTH TO DATE  307                       305      2      358
  SINCE JUN 1    307                       305      2      358
  SINCE JAN 1    653                       616     37      639
..................................................................


WIND (MPH)
  HIGHEST WIND SPEED    14   HIGHEST WIND DIRECTION    NE (50)
  HIGHEST GUST SPEED    19   HIGHEST GUST DIRECTION     N (20)
  AVERAGE WIND SPEED     5.5


SKY COVER
  POSSIBLE SUNSHINE  MM
  AVERAGE SKY COVER 0.4


WEATHER CONDITIONS
 THE FOLLOWING WEATHER WAS RECORDED TODAY.
  NO SIGNIFICANT WEATHER WAS OBSERVED.


RELATIVE HUMIDITY (PERCENT)
 HIGHEST   100           100 AM
 LOWEST     62           100 PM
 AVERAGE    81

..........................................................


THE EL DORADO CLIMATE NORMALS FOR TOMORROW
                         NORMAL    RECORD    YEAR
 MAXIMUM TEMPERATURE (F)   91       104      2012
 MINIMUM TEMPERATURE (F)   69        53      1974


SUNRISE AND SUNSET
JUNE 24 2017..........SUNRISE   603 AM CDT   SUNSET   824 PM CDT
JUNE 25 2017..........SUNRISE   604 AM CDT   SUNSET   824 PM CDT


-  INDICATES NEGATIVE NUMBERS.
R  INDICATES RECORD WAS SET OR TIED.
MM INDICATES DATA IS MISSING.
T  INDICATES TRACE AMOUNT.




$$
