000
CDUS44 KSHV 260755
CLIELD


CLIMATE REPORT
NATIONAL WEATHER SERVICE SHREVEPORT, LA
249 AM CDT TUE MAY 26 2015


...................................

...THE EL DORADO CLIMATE SUMMARY FOR MAY 25 2015...

CLIMATE NORMAL PERIOD 1981 TO 2010
CLIMATE RECORD PERIOD 1907 TO 2015


WEATHER ITEM   OBSERVED TIME   RECORD YEAR NORMAL DEPARTURE LAST
                VALUE   (LST)  VALUE       VALUE  FROM      YEAR
                                                  NORMAL
..................................................................
TEMPERATURE (F)
 YESTERDAY
  MAXIMUM         86    152 PM  94    1918  85      1       87
  MINIMUM         62   1159 PM  48    2001  63     -1       64
  AVERAGE         74                        74      0       76

PRECIPITATION (IN)
  YESTERDAY        1.16          4.05 1933   0.16   1.00     0.00
  MONTH TO DATE    7.02                      4.11   2.91     4.88
  SINCE DEC 1     26.42                     27.22  -0.80    25.65
  SINCE JAN 1     23.09                     22.04   1.05    19.09

SNOWFALL (IN)
  YESTERDAY        0.0
  MONTH TO DATE    0.0
  SINCE MAR 1      0.7
  SINCE JUL 1      0.7
  SNOW DEPTH       0

DEGREE DAYS
 HEATING
  YESTERDAY        0                         0      0        0
  MONTH TO DATE    6                        16    -10       38
  SINCE MAR 1    433                       442     -9      641
  SINCE JUL 1   2919                      2670    249     3248

 COOLING
  YESTERDAY        9                         9      0       11
  MONTH TO DATE  179                       156     23      139
  SINCE MAR 1    280                       249     31      196
  SINCE JAN 1    280                       255     25      196
..................................................................


WIND (MPH)
  HIGHEST WIND SPEED    24   HIGHEST WIND DIRECTION    NW (320)
  HIGHEST GUST SPEED    32   HIGHEST GUST DIRECTION    NW (320)
  AVERAGE WIND SPEED     8.0


SKY COVER
  POSSIBLE SUNSHINE  MM
  AVERAGE SKY COVER 0.6


WEATHER CONDITIONS
 THE FOLLOWING WEATHER WAS RECORDED YESTERDAY.
  THUNDERSTORM
  HEAVY RAIN
  RAIN
  LIGHT RAIN
  FOG
  HAZE


RELATIVE HUMIDITY (PERCENT)
 HIGHEST    97          1200 AM
 LOWEST     61           100 PM
 AVERAGE    79

..........................................................


THE EL DORADO CLIMATE NORMALS FOR TODAY
                         NORMAL    RECORD    YEAR
 MAXIMUM TEMPERATURE (F)   85       101      1930
 MINIMUM TEMPERATURE (F)   63        46      1925


SUNRISE AND SUNSET
MAY 26 2015...........SUNRISE   605 AM CDT   SUNSET   812 PM CDT
MAY 27 2015...........SUNRISE   605 AM CDT   SUNSET   812 PM CDT


-  INDICATES NEGATIVE NUMBERS.
R  INDICATES RECORD WAS SET OR TIED.
MM INDICATES DATA IS MISSING.
T  INDICATES TRACE AMOUNT.




$$
