000
CDUS44 KSHV 062233
CLIELD


CLIMATE REPORT
NATIONAL WEATHER SERVICE SHREVEPORT, LA
431 PM CST FRI MAR 6 2015


...................................

...THE EL DORADO CLIMATE SUMMARY FOR MARCH 6 2015...
VALID TODAY AS OF 0400 PM LOCAL TIME.

CLIMATE NORMAL PERIOD 1981 TO 2010
CLIMATE RECORD PERIOD 1907 TO 2015


WEATHER ITEM   OBSERVED TIME   RECORD YEAR NORMAL DEPARTURE LAST
                VALUE   (LST)  VALUE       VALUE  FROM      YEAR
                                                  NORMAL
..................................................................
TEMPERATURE (F)
 TODAY
  MAXIMUM         48    341 PM  85    1961  65    -17       50
  MINIMUM         19R   656 AM  25    1962  41    -22       29
  AVERAGE         34                        53    -19       40

PRECIPITATION (IN)
  TODAY            0.00          1.42 1946   0.17  -0.17     0.01
  MONTH TO DATE    0.26                      0.99  -0.73     1.20
  SINCE DEC 1      9.82                     15.26  -5.44    12.34
  SINCE JAN 1      6.49                     10.08  -3.59     5.78

SNOWFALL (IN)
  TODAY            0.0
  MONTH TO DATE    0.7
  SINCE MAR 1      0.7
  SINCE JUL 1      0.7
  SNOW DEPTH       0

DEGREE DAYS
 HEATING
  TODAY           31                        12     19       25
  MONTH TO DATE  146                        78     68      142
  SINCE MAR 1    146                        78     68      142
  SINCE JUL 1   2632                      2306    326     2749

 COOLING
  TODAY            0                         0      0        0
  MONTH TO DATE    0                         0      0        0
  SINCE MAR 1      0                         0      0        0
  SINCE JAN 1      0                         6     -6        0
..................................................................


WIND (MPH)
  HIGHEST WIND SPEED     9   HIGHEST WIND DIRECTION     N (350)
  HIGHEST GUST SPEED    12   HIGHEST GUST DIRECTION     N (360)
  AVERAGE WIND SPEED     2.2


SKY COVER
  POSSIBLE SUNSHINE  MM
  AVERAGE SKY COVER 0.0


WEATHER CONDITIONS
 THE FOLLOWING WEATHER WAS RECORDED TODAY.
  NO SIGNIFICANT WEATHER WAS OBSERVED.


RELATIVE HUMIDITY (PERCENT)
 HIGHEST    92           100 AM
 LOWEST     31           300 PM
 AVERAGE    62

..........................................................


THE EL DORADO CLIMATE NORMALS FOR TOMORROW
                         NORMAL    RECORD    YEAR
 MAXIMUM TEMPERATURE (F)   65        86      1992
 MINIMUM TEMPERATURE (F)   42        18      1943


SUNRISE AND SUNSET
MARCH  6 2015.........SUNRISE   633 AM CST   SUNSET   612 PM CST
MARCH  7 2015.........SUNRISE   632 AM CST   SUNSET   613 PM CST


-  INDICATES NEGATIVE NUMBERS.
R  INDICATES RECORD WAS SET OR TIED.
MM INDICATES DATA IS MISSING.
T  INDICATES TRACE AMOUNT.




$$
