000
CDUS44 KSHV 230736
CLIELD


CLIMATE REPORT
NATIONAL WEATHER SERVICE SHREVEPORT, LA
236 AM CDT TUE MAY 23 2017


...................................

...THE EL DORADO CLIMATE SUMMARY FOR MAY 22 2017...

CLIMATE NORMAL PERIOD 1981 TO 2010
CLIMATE RECORD PERIOD 1907 TO 2017


WEATHER ITEM   OBSERVED TIME   RECORD YEAR NORMAL DEPARTURE LAST
                VALUE   (LST)  VALUE       VALUE  FROM      YEAR
                                                  NORMAL
..................................................................
TEMPERATURE (F)
 YESTERDAY
  MAXIMUM         64    607 PM  94    1925  84    -20       83
  MINIMUM         61    324 PM  43    1919  62     -1       58
  AVERAGE         63                        73    -10       71

PRECIPITATION (IN)
  YESTERDAY        0.28          2.06 1979   0.17   0.11     0.00
  MONTH TO DATE    6.36                      3.61   2.75     0.81
  SINCE DEC 1     31.77                     26.72   5.05    36.35
  SINCE JAN 1     25.48                     21.54   3.94    28.29

SNOWFALL (IN)
  YESTERDAY        0.0
  MONTH TO DATE    0.0
  SINCE MAR 1      0.0
  SINCE JUL 1      T
  SNOW DEPTH      MM

DEGREE DAYS
 HEATING
  YESTERDAY        2                         0      2        0
  MONTH TO DATE   14                        16     -2       24
  SINCE MAR 1    268                       442   -174      295
  SINCE JUL 1   1720                      2670   -950     2034

 COOLING
  YESTERDAY        0                         8     -8        6
  MONTH TO DATE  107                       130    -23       83
  SINCE MAR 1    253                       223     30      177
  SINCE JAN 1    280                       229     51      183
..................................................................


WIND (MPH)
  HIGHEST WIND SPEED    12   HIGHEST WIND DIRECTION    NW (330)
  HIGHEST GUST SPEED    14   HIGHEST GUST DIRECTION    NW (320)
  AVERAGE WIND SPEED     4.3


SKY COVER
  POSSIBLE SUNSHINE  MM
  AVERAGE SKY COVER 0.8


WEATHER CONDITIONS
 THE FOLLOWING WEATHER WAS RECORDED YESTERDAY.
  RAIN
  LIGHT RAIN
  FOG


RELATIVE HUMIDITY (PERCENT)
 HIGHEST   100          1200 AM
 LOWEST     87           600 PM
 AVERAGE    94

..........................................................


THE EL DORADO CLIMATE NORMALS FOR TODAY
                         NORMAL    RECORD    YEAR
 MAXIMUM TEMPERATURE (F)   84        95      1918
 MINIMUM TEMPERATURE (F)   62        47      1963


SUNRISE AND SUNSET
MAY 23 2017...........SUNRISE   606 AM CDT   SUNSET   810 PM CDT
MAY 24 2017...........SUNRISE   606 AM CDT   SUNSET   811 PM CDT


-  INDICATES NEGATIVE NUMBERS.
R  INDICATES RECORD WAS SET OR TIED.
MM INDICATES DATA IS MISSING.
T  INDICATES TRACE AMOUNT.




$$
