000
CDUS44 KEPZ 080942
CLIELP


CLIMATE REPORT
NATIONAL WEATHER SERVICE EL PASO, TX
241 AM MST THU DEC 8 2016


...................................

...THE EL PASO CLIMATE SUMMARY FOR DECEMBER 7 2016...

CLIMATE NORMAL PERIOD 1981 TO 2010
CLIMATE RECORD PERIOD 1879 TO 2016


WEATHER ITEM   OBSERVED TIME   RECORD YEAR NORMAL DEPARTURE LAST
                VALUE   (LST)  VALUE       VALUE  FROM      YEAR
                                                  NORMAL
..................................................................
TEMPERATURE (F)
 YESTERDAY
  MAXIMUM         57    349 PM  74    1995  58     -1       63
  MINIMUM         49    523 AM  17    1953  33     16       36
                                      1891
  AVERAGE         53                        46      7       50

PRECIPITATION (IN)
  YESTERDAY        0.00          0.56 1961   0.03  -0.03     0.00
  MONTH TO DATE    0.24                      0.17   0.07     0.00
  SINCE DEC 1      0.24                      0.17   0.07     0.00
  SINCE JAN 1      8.72                      9.10  -0.38    11.00

SNOWFALL (IN)
  YESTERDAY        0.0                                       0.0
  MONTH TO DATE    0.0                                       0.0
  SINCE DEC 1      0.0                                       0.0
  SINCE JUL 1      T                                          T
  SNOW DEPTH       0

DEGREE DAYS
 HEATING
  YESTERDAY       12                        19     -7       15
  MONTH TO DATE  116                       129    -13      120
  SINCE DEC 1    116                       129    -13      120
  SINCE JUL 1    358                       571   -213      455

 COOLING
  YESTERDAY        0                         0      0        0
  MONTH TO DATE    0                         0      0        0
  SINCE DEC 1      0                         0      0        0
  SINCE JAN 1   2811                      2331    480     2839
..................................................................


WIND (MPH)
  HIGHEST WIND SPEED    18   HIGHEST WIND DIRECTION     W (290)
  HIGHEST GUST SPEED    21   HIGHEST GUST DIRECTION     W (290)
  AVERAGE WIND SPEED     6.9


SKY COVER
  POSSIBLE SUNSHINE  MM
  AVERAGE SKY COVER 0.9


WEATHER CONDITIONS
 THE FOLLOWING WEATHER WAS RECORDED YESTERDAY.
  NO SIGNIFICANT WEATHER WAS OBSERVED.


RELATIVE HUMIDITY (PERCENT)
 HIGHEST    54           900 PM
 LOWEST     35          1200 AM
 AVERAGE    45

..........................................................


THE EL PASO CLIMATE NORMALS FOR TODAY
                         NORMAL    RECORD    YEAR
 MAXIMUM TEMPERATURE (F)   58        76      1977
 MINIMUM TEMPERATURE (F)   33         8      1891


SUNRISE AND SUNSET
DECEMBER  8 2016......SUNRISE   654 AM MST   SUNSET   502 PM MST
DECEMBER  9 2016......SUNRISE   654 AM MST   SUNSET   502 PM MST


-  INDICATES NEGATIVE NUMBERS.
R  INDICATES RECORD WAS SET OR TIED.
MM INDICATES DATA IS MISSING.
T  INDICATES TRACE AMOUNT.




$$
