000
CDUS44 KEPZ 160931
CLIELP


CLIMATE REPORT
NATIONAL WEATHER SERVICE EL PASO, TX
331 AM MDT WED AUG 16 2017


...................................

...THE EL PASO CLIMATE SUMMARY FOR AUGUST 15 2017...

CLIMATE NORMAL PERIOD 1981 TO 2010
CLIMATE RECORD PERIOD 1879 TO 2017


WEATHER ITEM   OBSERVED TIME   RECORD YEAR NORMAL DEPARTURE LAST
                VALUE   (LST)  VALUE       VALUE  FROM      YEAR
                                                  NORMAL
..................................................................
TEMPERATURE (F)
 YESTERDAY
  MAXIMUM         94    441 PM 104    2002  93      1       92
  MINIMUM         65    201 AM  58    1880  70     -5       64
  AVERAGE         80                        81     -1       78

PRECIPITATION (IN)
  YESTERDAY        0.15          1.45 1917   0.07   0.08     0.00
  MONTH TO DATE    1.58                      1.10   0.48     2.10
  SINCE JUN 1      6.11                      3.59   2.52     2.67
  SINCE JAN 1      7.49                      5.41   2.08     3.31

SNOWFALL (IN)
  YESTERDAY        0.0                                       0.0
  MONTH TO DATE    0.0                                       0.0
  SINCE JUN 1      0.0                                       0.0
  SINCE JUL 1      0.0                                       0.0
  SNOW DEPTH       0

DEGREE DAYS
 HEATING
  YESTERDAY        0                         0      0        0
  MONTH TO DATE    0                         0      0        0
  SINCE JUN 1      0                         0      0        0
  SINCE JUL 1      0                         0      0        0

 COOLING
  YESTERDAY       15                        16     -1       13
  MONTH TO DATE  274                       250     24      275
  SINCE JUN 1   1491                      1304    187     1609
  SINCE JAN 1   2045                      1681    364     2005
..................................................................


WIND (MPH)
  HIGHEST WIND SPEED    28   HIGHEST WIND DIRECTION     W (260)
  HIGHEST GUST SPEED    36   HIGHEST GUST DIRECTION     W (280)
  AVERAGE WIND SPEED     8.5


SKY COVER
  POSSIBLE SUNSHINE  MM
  AVERAGE SKY COVER 0.5


WEATHER CONDITIONS
 THE FOLLOWING WEATHER WAS RECORDED YESTERDAY.
  THUNDERSTORM
  HEAVY RAIN
  RAIN
  LIGHT RAIN
  FOG


RELATIVE HUMIDITY (PERCENT)
 HIGHEST   100           100 AM
 LOWEST     24           400 PM
 AVERAGE    62

..........................................................


THE EL PASO CLIMATE NORMALS FOR TODAY
                         NORMAL    RECORD    YEAR
 MAXIMUM TEMPERATURE (F)   93       105      1969
 MINIMUM TEMPERATURE (F)   70        60      1879


SUNRISE AND SUNSET
AUGUST 16 2017........SUNRISE   631 AM MDT   SUNSET   748 PM MDT
AUGUST 17 2017........SUNRISE   632 AM MDT   SUNSET   747 PM MDT


-  INDICATES NEGATIVE NUMBERS.
R  INDICATES RECORD WAS SET OR TIED.
MM INDICATES DATA IS MISSING.
T  INDICATES TRACE AMOUNT.




$$
