000
CDUS44 KEPZ 292330
CLIELP


CLIMATE REPORT
NATIONAL WEATHER SERVICE EL PASO, TX
527 PM MDT WED JUL 29 2015


...................................

...THE EL PASO CLIMATE SUMMARY FOR JULY 29 2015...
VALID TODAY AS OF 0500 PM LOCAL TIME.

CLIMATE NORMAL PERIOD 1981 TO 2010
CLIMATE RECORD PERIOD 1879 TO 2015


WEATHER ITEM   OBSERVED TIME   RECORD YEAR NORMAL DEPARTURE LAST
                VALUE   (LST)  VALUE       VALUE  FROM      YEAR
                                                  NORMAL
..................................................................
TEMPERATURE (F)
 TODAY
  MAXIMUM         94    313 PM 105    1960  93      1       89
  MINIMUM         71    138 AM  60    1880  71      0       68

PRECIPITATION (IN)
  TODAY            0.03                      0.06  -0.03     0.09
  MONTH TO DATE    2.04                      1.41   0.63     0.64
  SINCE JUN 1      2.22                      2.35  -0.13     0.65
  SINCE JAN 1      4.76                      4.17   0.59     1.29

..................................................................


WIND (MPH)
  HIGHEST WIND SPEED    17   HIGHEST WIND DIRECTION     E (110)
  HIGHEST GUST SPEED    23   HIGHEST GUST DIRECTION     E (110)


SKY COVER
  AVERAGE SKY COVER 0.6


WEATHER CONDITIONS
 THE FOLLOWING WEATHER WAS RECORDED TODAY.
  THUNDERSTORM
  LIGHT RAIN


RELATIVE HUMIDITY (PERCENT)
 HIGHEST    84           100 AM
 LOWEST     30           300 PM

..........................................................


THE EL PASO CLIMATE NORMALS FOR TOMORROW
                         NORMAL    RECORD    YEAR
 MAXIMUM TEMPERATURE (F)   93       103      1980
                                             1944
 MINIMUM TEMPERATURE (F)   71        62      1974


SUNRISE AND SUNSET
JULY 29 2015..........SUNRISE   619 AM MDT   SUNSET   804 PM MDT
JULY 30 2015..........SUNRISE   620 AM MDT   SUNSET   804 PM MDT


-  INDICATES NEGATIVE NUMBERS.
R  INDICATES RECORD WAS SET OR TIED.
MM INDICATES DATA IS MISSING.
T  INDICATES TRACE AMOUNT.




$$
