000
CDUS44 KEPZ 140927
CLIELP


CLIMATE REPORT
NATIONAL WEATHER SERVICE EL PASO, TX
226 AM MST THU DEC 14 2017


...................................

...THE EL PASO CLIMATE SUMMARY FOR DECEMBER 13 2017...

CLIMATE NORMAL PERIOD 1981 TO 2010
CLIMATE RECORD PERIOD 1879 TO 2017


WEATHER ITEM   OBSERVED TIME   RECORD YEAR NORMAL DEPARTURE LAST
                VALUE   (LST)  VALUE       VALUE  FROM      YEAR
                                                  NORMAL
..................................................................
TEMPERATURE (F)
 YESTERDAY
  MAXIMUM         63    329 PM  74    1889  57      6       72
  MINIMUM         32    348 AM  11    1989  33     -1       51
  AVERAGE         48                        45      3       62

PRECIPITATION (IN)
  YESTERDAY        0.00          1.46 1987   0.03  -0.03     0.00
  MONTH TO DATE    0.32                      0.34  -0.02     0.24
  SINCE DEC 1      0.32                      0.34  -0.02     0.24
  SINCE JAN 1      9.73                      9.27   0.46     8.72

SNOWFALL (IN)
  YESTERDAY        0.0                                       0.0
  MONTH TO DATE    0.1                                       0.0
  SINCE DEC 1      0.1                                       0.0
  SINCE JUL 1      0.1                                        T
  SNOW DEPTH       0

DEGREE DAYS
 HEATING
  YESTERDAY       17                        20     -3        3
  MONTH TO DATE  216                       248    -32      204
  SINCE DEC 1    216                       248    -32      204
  SINCE JUL 1    379                       690   -311      446

 COOLING
  YESTERDAY        0                         0      0        0
  MONTH TO DATE    0                         0      0        0
  SINCE DEC 1      0                         0      0        0
  SINCE JAN 1   2917                      2331    586     2811
..................................................................


WIND (MPH)
  HIGHEST WIND SPEED    12   HIGHEST WIND DIRECTION    SW (220)
  HIGHEST GUST SPEED    15   HIGHEST GUST DIRECTION    SW (230)
  AVERAGE WIND SPEED     5.9


SKY COVER
  POSSIBLE SUNSHINE  MM
  AVERAGE SKY COVER 0.1


WEATHER CONDITIONS
 THE FOLLOWING WEATHER WAS RECORDED YESTERDAY.
  NO SIGNIFICANT WEATHER WAS OBSERVED.


RELATIVE HUMIDITY (PERCENT)
 HIGHEST    61           100 AM
 LOWEST     20          1200 PM
 AVERAGE    41

..........................................................


THE EL PASO CLIMATE NORMALS FOR TODAY
                         NORMAL    RECORD    YEAR
 MAXIMUM TEMPERATURE (F)   57        76      1889
 MINIMUM TEMPERATURE (F)   32         8      1987


SUNRISE AND SUNSET
DECEMBER 14 2017......SUNRISE   658 AM MST   SUNSET   503 PM MST
DECEMBER 15 2017......SUNRISE   658 AM MST   SUNSET   504 PM MST


-  INDICATES NEGATIVE NUMBERS.
R  INDICATES RECORD WAS SET OR TIED.
MM INDICATES DATA IS MISSING.
T  INDICATES TRACE AMOUNT.




$$
