000
CDUS44 KEPZ 270927
CLIELP


CLIMATE REPORT
NATIONAL WEATHER SERVICE EL PASO, TX
226 AM MST MON FEB 27 2017


...................................

...THE EL PASO CLIMATE SUMMARY FOR FEBRUARY 26 2017...

CLIMATE NORMAL PERIOD 1981 TO 2010
CLIMATE RECORD PERIOD 1879 TO 2017


WEATHER ITEM   OBSERVED TIME   RECORD YEAR NORMAL DEPARTURE LAST
                VALUE   (LST)  VALUE       VALUE  FROM      YEAR
                                                  NORMAL
..................................................................
TEMPERATURE (F)
 YESTERDAY
  MAXIMUM         68    258 PM  83    2009  66      2       71
                                      1986
                                      1904
  MINIMUM         42    630 AM  20    1952  39      3       36
                                      1935
  AVERAGE         55                        53      2       54

PRECIPITATION (IN)
  YESTERDAY        T             0.44 1886   0.01  -0.01     0.00
  MONTH TO DATE    0.16                      0.43  -0.27     0.07
  SINCE DEC 1      2.07                      1.61   0.46     1.61
  SINCE JAN 1      1.21                      0.83   0.38     0.53

SNOWFALL (IN)
  YESTERDAY       MM                                         0.0
  MONTH TO DATE    T                                          T
  SINCE DEC 1      T                                         8.1
  SINCE JUL 1      T                                         8.1
  SNOW DEPTH       0

DEGREE DAYS
 HEATING
  YESTERDAY       10                        12     -2       11
  MONTH TO DATE  239                       394   -155      332
  SINCE DEC 1   1215                      1637   -422     1488
  SINCE JUL 1   1457                      2079   -622     1823

 COOLING
  YESTERDAY        0                         0      0        0
  MONTH TO DATE    3                         0      3        3
  SINCE DEC 1      3                         0      3        3
  SINCE JAN 1      3                         0      3        3
..................................................................


WIND (MPH)
  HIGHEST WIND SPEED    32   HIGHEST WIND DIRECTION    SW (240)
  HIGHEST GUST SPEED    41   HIGHEST GUST DIRECTION     W (250)
  AVERAGE WIND SPEED     9.1


SKY COVER
  POSSIBLE SUNSHINE  MM
  AVERAGE SKY COVER 0.5


WEATHER CONDITIONS
 THE FOLLOWING WEATHER WAS RECORDED YESTERDAY.
  LIGHT RAIN
  SANDSTORM


RELATIVE HUMIDITY (PERCENT)
 HIGHEST    24           600 AM
 LOWEST     11          1100 AM
 AVERAGE    18

..........................................................


THE EL PASO CLIMATE NORMALS FOR TODAY
                         NORMAL    RECORD    YEAR
 MAXIMUM TEMPERATURE (F)   66        85      1904
 MINIMUM TEMPERATURE (F)   40        20      1974


SUNRISE AND SUNSET
FEBRUARY 27 2017......SUNRISE   635 AM MST   SUNSET   602 PM MST
FEBRUARY 28 2017......SUNRISE   633 AM MST   SUNSET   603 PM MST


-  INDICATES NEGATIVE NUMBERS.
R  INDICATES RECORD WAS SET OR TIED.
MM INDICATES DATA IS MISSING.
T  INDICATES TRACE AMOUNT.




$$
