000
CDUS44 KEPZ 270932
CLIELP


CLIMATE REPORT
NATIONAL WEATHER SERVICE EL PASO, TX
231 AM MST THU NOV 27 2014


...................................

...THE EL PASO CLIMATE SUMMARY FOR NOVEMBER 26 2014...

CLIMATE NORMAL PERIOD 1981 TO 2010
CLIMATE RECORD PERIOD 1879 TO 2014


WEATHER ITEM   OBSERVED TIME   RECORD YEAR NORMAL DEPARTURE LAST
                VALUE   (LST)  VALUE       VALUE  FROM      YEAR
                                                  NORMAL
..................................................................
TEMPERATURE (F)
 YESTERDAY
  MAXIMUM         67    318 PM  77    1977  62      5       54
  MINIMUM         30    644 AM  18    1980  36     -6       27
  AVERAGE         49                        49      0       41

PRECIPITATION (IN)
  YESTERDAY        0.00          0.95 1943   0.02  -0.02     0.00
  MONTH TO DATE    0.11                      0.42  -0.31     0.10
  SINCE SEP 1      5.32                      2.54   2.78     3.95
  SINCE JAN 1      8.45                      8.86  -0.41     9.25

SNOWFALL (IN)
  YESTERDAY        0.0                                       0.0
  MONTH TO DATE    0.0                                        T
  SINCE SEP 1      0.0                                        T
  SINCE JUL 1      0.0                                        T
  SNOW DEPTH       0

DEGREE DAYS
 HEATING
  YESTERDAY       16                        16      0       24
  MONTH TO DATE  308                       291     17      251
  SINCE SEP 1    313                       374    -61      309
  SINCE JUL 1    313                       374    -61      309

 COOLING
  YESTERDAY        0                         0      0        0
  MONTH TO DATE    6                         0      6        1
  SINCE SEP 1    452                       399     53      417
  SINCE JAN 1   2671                      2328    343     2695
..................................................................


WIND (MPH)
  HIGHEST WIND SPEED    12   HIGHEST WIND DIRECTION     N (10)
  HIGHEST GUST SPEED    14   HIGHEST GUST DIRECTION     E (80)
  AVERAGE WIND SPEED     3.5


SKY COVER
  POSSIBLE SUNSHINE  MM
  AVERAGE SKY COVER 0.0


WEATHER CONDITIONS
 THE FOLLOWING WEATHER WAS RECORDED YESTERDAY.
  NO SIGNIFICANT WEATHER WAS OBSERVED.


RELATIVE HUMIDITY (PERCENT)
 HIGHEST    43           600 AM
 LOWEST     14           100 PM
 AVERAGE    29

..........................................................


THE EL PASO CLIMATE NORMALS FOR TODAY
                         NORMAL    RECORD    YEAR
 MAXIMUM TEMPERATURE (F)   61        78      1949
 MINIMUM TEMPERATURE (F)   36        18      1992


SUNRISE AND SUNSET
NOVEMBER 27 2014......SUNRISE   644 AM MST   SUNSET   502 PM MST
NOVEMBER 28 2014......SUNRISE   645 AM MST   SUNSET   502 PM MST


-  INDICATES NEGATIVE NUMBERS.
R  INDICATES RECORD WAS SET OR TIED.
MM INDICATES DATA IS MISSING.
T  INDICATES TRACE AMOUNT.




$$
