000
CDUS44 KEPZ 030929
CLIELP


CLIMATE REPORT
NATIONAL WEATHER SERVICE EL PASO, TX
328 AM MDT TUE MAY 3 2016


...................................

...THE EL PASO CLIMATE SUMMARY FOR MAY 2 2016...

CLIMATE NORMAL PERIOD 1981 TO 2010
CLIMATE RECORD PERIOD 1879 TO 2016


WEATHER ITEM   OBSERVED TIME   RECORD YEAR NORMAL DEPARTURE LAST
                VALUE   (LST)  VALUE       VALUE  FROM      YEAR
                                                  NORMAL
..................................................................
TEMPERATURE (F)
 YESTERDAY
  MAXIMUM         73    445 PM  95    2006  83    -10       93
                                      1940
  MINIMUM         44    546 AM  31    1967  56    -12       56
  AVERAGE         59                        70    -11       75

PRECIPITATION (IN)
  YESTERDAY        0.00          0.49 1928   0.01  -0.01     0.00
  MONTH TO DATE    0.00                      0.02  -0.02     0.00
  SINCE MAR 1      0.05                      0.51  -0.46     0.85
  SINCE JAN 1      0.58                      1.37  -0.79     1.73

SNOWFALL (IN)
  YESTERDAY        0.0                                       0.0
  MONTH TO DATE    0.0                                       0.0
  SINCE MAR 1      0.0                                       0.0
  SINCE JUL 1      8.1                                        T
  SNOW DEPTH       0

DEGREE DAYS
 HEATING
  YESTERDAY        6                         1      5        0
  MONTH TO DATE   13                         2     11        0
  SINCE MAR 1    183                       364   -181      241
  SINCE JUL 1   2017                      2467   -450     2064

 COOLING
  YESTERDAY        0                         6     -6       10
  MONTH TO DATE    0                        11    -11       19
  SINCE MAR 1    111                       103      8      145
  SINCE JAN 1    114                       103     11      146
..................................................................


WIND (MPH)
  HIGHEST WIND SPEED    14   HIGHEST WIND DIRECTION     E (110)
  HIGHEST GUST SPEED    19   HIGHEST GUST DIRECTION     E (70)
  AVERAGE WIND SPEED     6.9


SKY COVER
  POSSIBLE SUNSHINE  MM
  AVERAGE SKY COVER 0.1


WEATHER CONDITIONS
 THE FOLLOWING WEATHER WAS RECORDED YESTERDAY.
  NO SIGNIFICANT WEATHER WAS OBSERVED.


RELATIVE HUMIDITY (PERCENT)
 HIGHEST    65          1200 AM
 LOWEST     22           400 PM
 AVERAGE    44

..........................................................


THE EL PASO CLIMATE NORMALS FOR TODAY
                         NORMAL    RECORD    YEAR
 MAXIMUM TEMPERATURE (F)   84        95      2000
                                             1947
 MINIMUM TEMPERATURE (F)   56        35      1988
                                             1970


SUNRISE AND SUNSET
MAY  3 2016...........SUNRISE   618 AM MDT   SUNSET   748 PM MDT
MAY  4 2016...........SUNRISE   617 AM MDT   SUNSET   748 PM MDT


-  INDICATES NEGATIVE NUMBERS.
R  INDICATES RECORD WAS SET OR TIED.
MM INDICATES DATA IS MISSING.
T  INDICATES TRACE AMOUNT.




$$
