000
CDUS45 KLKN 160931
CLIELY


CLIMATE REPORT
NATIONAL WEATHER SERVICE ELKO NV
231 AM PDT TUE SEP 16 2014


...................................

...THE ELY AIRPORT NV CLIMATE SUMMARY FOR SEPTEMBER 15 2014...

CLIMATE NORMAL PERIOD 1981 TO 2010
CLIMATE RECORD PERIOD 1893 TO 2014


WEATHER ITEM   OBSERVED TIME   RECORD YEAR NORMAL DEPARTURE LAST
                VALUE   (LST)  VALUE       VALUE  FROM      YEAR
                                                  NORMAL
..................................................................
TEMPERATURE (F)
 YESTERDAY
  MAXIMUM         84    302 PM  88    1995  76      8       79
  MINIMUM         44    552 AM  21    1970  38      6       44
  AVERAGE         64                        57      7       62

PRECIPITATION (IN)
  YESTERDAY        T             0.20 1910   0.03  -0.03     0.00
  MONTH TO DATE    0.05                      0.38  -0.33     1.69
  SINCE OCT 1      9.99                      9.31   0.68     8.94
  SINCE JAN 1      7.31                      7.02   0.29     5.84

SNOWFALL (IN)
  YESTERDAY        0.0           0.0  1893   0.0    0.0      0.0
  MONTH TO DATE    0.0                       0.0    0.0      0.0
  SINCE SEP 1      0.0                       0.0    0.0      0.0
  SINCE JUL 1      0.0                       0.0    0.0      0.0
  SNOW DEPTH       0

DEGREE DAYS
 HEATING
  YESTERDAY        1                         8     -7        3
  MONTH TO DATE   34                        82    -48       43
  SINCE SEP 1     34                        82    -48       43
  SINCE JUL 1     82                       146    -64       51

 COOLING
  YESTERDAY        0                         0      0        0
  MONTH TO DATE    9                         4      5       13
  SINCE SEP 1      9                         4      5       13
  SINCE JAN 1    277                       216     61      383
..................................................................


WIND (MPH)
  HIGHEST WIND SPEED    24   HIGHEST WIND DIRECTION     W (250)
  HIGHEST GUST SPEED    31   HIGHEST GUST DIRECTION     W (250)
  AVERAGE WIND SPEED     8.5



WEATHER CONDITIONS
 THE FOLLOWING WEATHER WAS RECORDED YESTERDAY.
  THUNDERSTORM


RELATIVE HUMIDITY (PERCENT)
 HIGHEST    65           300 AM
 LOWEST     17           200 PM
 AVERAGE    41

..........................................................


THE ELY AIRPORT NV CLIMATE NORMALS FOR TODAY
                         NORMAL    RECORD    YEAR
 MAXIMUM TEMPERATURE (F)   76        88      1981
 MINIMUM TEMPERATURE (F)   38        22      2006
                                             1970


SUNRISE AND SUNSET
SEPTEMBER 16 2014.....SUNRISE   622 AM PDT   SUNSET   646 PM PDT
SEPTEMBER 17 2014.....SUNRISE   622 AM PDT   SUNSET   644 PM PDT


-  INDICATES NEGATIVE NUMBERS.
R  INDICATES RECORD WAS SET OR TIED.
MM INDICATES DATA IS MISSING.
T  INDICATES TRACE AMOUNT.




$$
