000
CDUS45 KLKN 090939
CLIELY


CLIMATE REPORT
NATIONAL WEATHER SERVICE ELKO NV
138 AM PST FRI DEC 9 2016


...................................

...THE ELY AIRPORT NV CLIMATE SUMMARY FOR DECEMBER 8 2016...

CLIMATE NORMAL PERIOD 1981 TO 2010
CLIMATE RECORD PERIOD 1893 TO 2016


WEATHER ITEM   OBSERVED TIME   RECORD YEAR NORMAL DEPARTURE LAST
                VALUE   (LST)  VALUE       VALUE  FROM      YEAR
                                                  NORMAL
..................................................................
TEMPERATURE (F)
 YESTERDAY
  MAXIMUM         40    237 PM  64    1940  40      0       54
  MINIMUM         16    313 AM -19    1951  12      4       26
  AVERAGE         28                        26      2       40

PRECIPITATION (IN)
  YESTERDAY        T             0.25 1972   0.02  -0.02     0.00
  MONTH TO DATE    T                         0.13  -0.13     0.00
  SINCE OCT 1      0.61                      1.83  -1.22     3.15
  SINCE JAN 1     10.33                      9.30   1.03     8.65

SNOWFALL (IN)
  YESTERDAY        T             3.3  1972   0.2   -0.2      0.0
  MONTH TO DATE    T                         1.6   -1.6      0.0
  SINCE DEC 1      T                         1.6   -1.6      0.0
  SINCE JUL 1      5.9                      11.1   -5.2     17.7
  SNOW DEPTH      MM

DEGREE DAYS
 HEATING
  YESTERDAY       37                        39     -2       25
  MONTH TO DATE  332                       307     25      271
  SINCE DEC 1    332                       307     25      271
  SINCE JUL 1   1885                      2175   -290     1900

 COOLING
  YESTERDAY        0                         0      0        0
  MONTH TO DATE    0                         0      0        0
  SINCE DEC 1      0                         0      0        0
  SINCE JAN 1    267                       218     49      329
..................................................................


WIND (MPH)
  HIGHEST WIND SPEED    13   HIGHEST WIND DIRECTION     S (200)
  HIGHEST GUST SPEED    30   HIGHEST GUST DIRECTION     W (280)
  AVERAGE WIND SPEED     4.5



WEATHER CONDITIONS
 THE FOLLOWING WEATHER WAS RECORDED YESTERDAY.
  NO SIGNIFICANT WEATHER WAS OBSERVED.


RELATIVE HUMIDITY (PERCENT)
 HIGHEST    74           400 AM
 LOWEST     34           200 PM
 AVERAGE    54

..........................................................


THE ELY AIRPORT NV CLIMATE NORMALS FOR TODAY
                         NORMAL    RECORD    YEAR
 MAXIMUM TEMPERATURE (F)   40        64      1975
 MINIMUM TEMPERATURE (F)   11       -27      1972


SUNRISE AND SUNSET
DECEMBER  9 2016......SUNRISE   648 AM PST   SUNSET   416 PM PST
DECEMBER 10 2016......SUNRISE   649 AM PST   SUNSET   416 PM PST


-  INDICATES NEGATIVE NUMBERS.
R  INDICATES RECORD WAS SET OR TIED.
MM INDICATES DATA IS MISSING.
T  INDICATES TRACE AMOUNT.




$$
