000
CDUS45 KLKN 300031
CLIELY


CLIMATE REPORT
NATIONAL WEATHER SERVICE ELKO NV
531 PM PDT MON MAY 29 2017


...................................

...THE ELY AIRPORT NV CLIMATE SUMMARY FOR MAY 29 2017...
VALID TODAY AS OF 0500 PM LOCAL TIME.

CLIMATE NORMAL PERIOD 1981 TO 2010
CLIMATE RECORD PERIOD 1893 TO 2017


WEATHER ITEM   OBSERVED TIME   RECORD YEAR NORMAL DEPARTURE LAST
                VALUE   (LST)  VALUE       VALUE  FROM      YEAR
                                                  NORMAL
..................................................................
TEMPERATURE (F)
 TODAY
  MAXIMUM         80    231 PM  91    2003  72      8       70
                                      1910
  MINIMUM         34    430 AM  22    2006  36     -2       37
  AVERAGE         57                        54      3       54

PRECIPITATION (IN)
  TODAY            0.00          0.91 2011   0.03  -0.03     0.02
  MONTH TO DATE    0.28                      1.03  -0.75     0.53
  SINCE OCT 1      7.95                      6.65   1.30    11.32
  SINCE JAN 1      6.17                      4.36   1.81     6.96

SNOWFALL (IN)
  TODAY            0.0           7.5  2011   0.0    0.0      0.0
  MONTH TO DATE    1.2                       2.3   -1.1       T
  SINCE MAR 1     18.4                      15.8    2.6     21.1
  SINCE JUL 1     68.0                      50.7   17.3    100.4
  SNOW DEPTH       0

DEGREE DAYS
 HEATING
  TODAY            8                        11     -3       11
  MONTH TO DATE  408                       422    -14      453
  SINCE MAR 1   1820                      1988   -168     1869
  SINCE JUL 1   6781                      7325   -544     7243

 COOLING
  TODAY            0                         0      0        0
  MONTH TO DATE    0                         0      0        0
  SINCE MAR 1      0                         0      0        0
  SINCE JAN 1      0                         0      0        0
..................................................................


WIND (MPH)
  HIGHEST WIND SPEED    15   HIGHEST WIND DIRECTION     W (290)
  HIGHEST GUST SPEED    21   HIGHEST GUST DIRECTION     N (10)



WEATHER CONDITIONS
 THE FOLLOWING WEATHER WAS RECORDED TODAY.
  NO SIGNIFICANT WEATHER WAS OBSERVED.


RELATIVE HUMIDITY (PERCENT)
 HIGHEST    69           400 AM
 LOWEST     15          1200 PM
 AVERAGE    42

..........................................................


THE ELY AIRPORT NV CLIMATE NORMALS FOR TOMORROW
                         NORMAL    RECORD    YEAR
 MAXIMUM TEMPERATURE (F)   73        90      2002
 MINIMUM TEMPERATURE (F)   36        22      1985


SUNRISE AND SUNSET
MAY 29 2017...........SUNRISE   516 AM PDT   SUNSET   758 PM PDT
MAY 30 2017...........SUNRISE   516 AM PDT   SUNSET   759 PM PDT


-  INDICATES NEGATIVE NUMBERS.
R  INDICATES RECORD WAS SET OR TIED.
MM INDICATES DATA IS MISSING.
T  INDICATES TRACE AMOUNT.




$$
