000
CDUS45 KLKN 030933
CLIELY


CLIMATE REPORT
NATIONAL WEATHER SERVICE ELKO NV
233 AM PDT TUE MAY 3 2016


...................................

...THE ELY AIRPORT NV CLIMATE SUMMARY FOR MAY 2 2016...

CLIMATE NORMAL PERIOD 1981 TO 2010
CLIMATE RECORD PERIOD 1893 TO 2016


WEATHER ITEM   OBSERVED TIME   RECORD YEAR NORMAL DEPARTURE LAST
                VALUE   (LST)  VALUE       VALUE  FROM      YEAR
                                                  NORMAL
..................................................................
TEMPERATURE (F)
 YESTERDAY
  MAXIMUM         59    323 PM  83    1947  63     -4       76
  MINIMUM         29    431 AM  11    1953  31     -2       40
  AVERAGE         44                        47     -3       58

PRECIPITATION (IN)
  YESTERDAY        0.00          0.47 1991   0.03  -0.03     0.00
  MONTH TO DATE    T                         0.07  -0.07      T
  SINCE OCT 1     10.79                      5.69   5.10     2.72
  SINCE JAN 1      6.43                      3.40   3.03     1.55

SNOWFALL (IN)
  YESTERDAY        0.0           3.0  1991   0.2   -0.2      0.0
  MONTH TO DATE    0.0                       0.3   -0.3      0.0
  SINCE MAR 1     21.1                      13.8    7.3      8.7
  SINCE JUL 1    100.4                      48.7   51.7     19.7
  SNOW DEPTH       0

DEGREE DAYS
 HEATING
  YESTERDAY       21                        18      3        7
  MONTH TO DATE   44                        36      8       15
  SINCE MAR 1   1460                      1602   -142     1370
  SINCE JUL 1   6834                      6939   -105     5614

 COOLING
  YESTERDAY        0                         0      0        0
  MONTH TO DATE    0                         0      0        0
  SINCE MAR 1      0                         0      0        0
  SINCE JAN 1      0                         0      0        0
..................................................................


WIND (MPH)
  HIGHEST WIND SPEED    16   HIGHEST WIND DIRECTION     S (200)
  HIGHEST GUST SPEED    20   HIGHEST GUST DIRECTION     S (180)
  AVERAGE WIND SPEED     5.8



WEATHER CONDITIONS
 THE FOLLOWING WEATHER WAS RECORDED YESTERDAY.
  NO SIGNIFICANT WEATHER WAS OBSERVED.


RELATIVE HUMIDITY (PERCENT)
 HIGHEST    92          1200 AM
 LOWEST     30          1200 PM
 AVERAGE    61

..........................................................


THE ELY AIRPORT NV CLIMATE NORMALS FOR TODAY
                         NORMAL    RECORD    YEAR
 MAXIMUM TEMPERATURE (F)   63        82      1947
 MINIMUM TEMPERATURE (F)   31        17      1950


SUNRISE AND SUNSET
MAY  3 2016...........SUNRISE   538 AM PDT   SUNSET   735 PM PDT
MAY  4 2016...........SUNRISE   537 AM PDT   SUNSET   736 PM PDT


-  INDICATES NEGATIVE NUMBERS.
R  INDICATES RECORD WAS SET OR TIED.
MM INDICATES DATA IS MISSING.
T  INDICATES TRACE AMOUNT.




$$
