000
CDUS45 KLKN 200934
CLIELY


CLIMATE REPORT
NATIONAL WEATHER SERVICE ELKO NV
133 AM PST MON FEB 20 2017


...................................

...THE ELY AIRPORT NV CLIMATE SUMMARY FOR FEBRUARY 19 2017...

CLIMATE NORMAL PERIOD 1981 TO 2010
CLIMATE RECORD PERIOD 1893 TO 2017


WEATHER ITEM   OBSERVED TIME   RECORD YEAR NORMAL DEPARTURE LAST
                VALUE   (LST)  VALUE       VALUE  FROM      YEAR
                                                  NORMAL
..................................................................
TEMPERATURE (F)
 YESTERDAY
  MAXIMUM         49    355 PM  65    2015  43      6       44
  MINIMUM         33    700 AM  -8    1952  17     16       14
  AVERAGE         41                        30     11       29

PRECIPITATION (IN)
  YESTERDAY        0.07          0.40 1897   0.03   0.04     0.00
  MONTH TO DATE    0.95                      0.49   0.46     0.60
  SINCE OCT 1      4.25                      3.48   0.77     7.54
  SINCE JAN 1      2.47                      1.19   1.28     3.18

SNOWFALL (IN)
  YESTERDAY        0.3           5.0  2011   0.3    0.0      0.0
  MONTH TO DATE    4.3                       5.4   -1.1      4.1
  SINCE DEC 1     36.0                      22.9   13.1     61.6
  SINCE JUL 1     41.9                      32.4    9.5     79.3
  SNOW DEPTH       T

DEGREE DAYS
 HEATING
  YESTERDAY       24                        35    -11       36
  MONTH TO DATE  456                       705   -249      796
  SINCE DEC 1   3027                      3166   -139     3468
  SINCE JUL 1   4580                      5034   -454     5097

 COOLING
  YESTERDAY        0                         0      0        0
  MONTH TO DATE    0                         0      0        0
  SINCE DEC 1      0                         0      0        0
  SINCE JAN 1      0                         0      0        0
..................................................................


WIND (MPH)
  HIGHEST WIND SPEED    18   HIGHEST WIND DIRECTION    SE (150)
  HIGHEST GUST SPEED    24   HIGHEST GUST DIRECTION     S (160)
  AVERAGE WIND SPEED     9.2



WEATHER CONDITIONS
 THE FOLLOWING WEATHER WAS RECORDED YESTERDAY.
  LIGHT RAIN
  LIGHT SNOW
  FOG


RELATIVE HUMIDITY (PERCENT)
 HIGHEST    96           200 AM
 LOWEST     42           400 PM
 AVERAGE    69

..........................................................


THE ELY AIRPORT NV CLIMATE NORMALS FOR TODAY
                         NORMAL    RECORD    YEAR
 MAXIMUM TEMPERATURE (F)   44        66      1977
 MINIMUM TEMPERATURE (F)   17       -13      1990


SUNRISE AND SUNSET
FEBRUARY 20 2017......SUNRISE   624 AM PST   SUNSET   522 PM PST
FEBRUARY 21 2017......SUNRISE   623 AM PST   SUNSET   523 PM PST


-  INDICATES NEGATIVE NUMBERS.
R  INDICATES RECORD WAS SET OR TIED.
MM INDICATES DATA IS MISSING.
T  INDICATES TRACE AMOUNT.




$$
