000
CDUS45 KLKN 270027
CLIELY


CLIMATE REPORT
NATIONAL WEATHER SERVICE ELKO NV
526 PM PDT THU MAR 26 2015


...................................

...THE ELY AIRPORT NV CLIMATE SUMMARY FOR MARCH 26 2015...
VALID TODAY AS OF 0500 PM LOCAL TIME.

CLIMATE NORMAL PERIOD 1981 TO 2010
CLIMATE RECORD PERIOD 1893 TO 2015


WEATHER ITEM   OBSERVED TIME   RECORD YEAR NORMAL DEPARTURE LAST
                VALUE   (LST)  VALUE       VALUE  FROM      YEAR
                                                  NORMAL
..................................................................
TEMPERATURE (F)
 TODAY
  MAXIMUM         67    359 PM  70    1988  53     14       45
  MINIMUM         23    540 AM   2    1985  24     -1       27
                                      1898
  AVERAGE         45                        38      7       36

PRECIPITATION (IN)
  TODAY            0.00          0.65 1898   0.03  -0.03     0.08
  MONTH TO DATE    0.36                      0.78  -0.42     0.15
  SINCE OCT 1      2.05                      4.52  -2.47     4.56
  SINCE JAN 1      0.88                      2.23  -1.35     1.88

SNOWFALL (IN)
  TODAY            0.0           6.5  1898   0.2   -0.2      0.7
  MONTH TO DATE    5.0                       7.0   -2.0      1.3
  SINCE MAR 1      5.0                       7.0   -2.0      1.3
  SINCE JUL 1     16.0                      41.9  -25.9     40.4
  SNOW DEPTH       0

DEGREE DAYS
 HEATING
  TODAY           20                        27     -7       29
  MONTH TO DATE  626                       759   -133      694
  SINCE MAR 1    626                       759   -133      694
  SINCE JUL 1   4870                      6096  -1226     5713

 COOLING
  TODAY            0                         0      0        0
  MONTH TO DATE    0                         0      0        0
  SINCE MAR 1      0                         0      0        0
  SINCE JAN 1      0                         0      0        0
..................................................................


WIND (MPH)
  HIGHEST WIND SPEED    15   HIGHEST WIND DIRECTION     S (170)
  HIGHEST GUST SPEED    18   HIGHEST GUST DIRECTION     S (170)



WEATHER CONDITIONS
 THE FOLLOWING WEATHER WAS RECORDED TODAY.
  NO SIGNIFICANT WEATHER WAS OBSERVED.


RELATIVE HUMIDITY (PERCENT)
 HIGHEST    68           200 AM
 LOWEST     18           300 PM
 AVERAGE    43

..........................................................


THE ELY AIRPORT NV CLIMATE NORMALS FOR TOMORROW
                         NORMAL    RECORD    YEAR
 MAXIMUM TEMPERATURE (F)   53        70      1986
 MINIMUM TEMPERATURE (F)   24         8      1975


SUNRISE AND SUNSET
MARCH 26 2015.........SUNRISE   634 AM PDT   SUNSET   657 PM PDT
MARCH 27 2015.........SUNRISE   632 AM PDT   SUNSET   658 PM PDT


-  INDICATES NEGATIVE NUMBERS.
R  INDICATES RECORD WAS SET OR TIED.
MM INDICATES DATA IS MISSING.
T  INDICATES TRACE AMOUNT.




$$
