000
CDUS45 KLKN 240927
CLIELY


CLIMATE REPORT
NATIONAL WEATHER SERVICE ELKO NV
226 AM PDT THU JUL 24 2014


...................................

...THE ELY AIRPORT NV CLIMATE SUMMARY FOR JULY 23 2014...

CLIMATE NORMAL PERIOD 1981 TO 2010
CLIMATE RECORD PERIOD 1893 TO 2014


WEATHER ITEM   OBSERVED TIME   RECORD YEAR NORMAL DEPARTURE LAST
                VALUE   (LST)  VALUE       VALUE  FROM      YEAR
                                                  NORMAL
..................................................................
TEMPERATURE (F)
 YESTERDAY
  MAXIMUM         96R   155 PM  95    2000  89      7       89
                                      1910
  MINIMUM         49    415 AM  36    1957  49      0       56
  AVERAGE         73                        69      4       73

PRECIPITATION (IN)
  YESTERDAY        0.00          0.53 1946   0.02  -0.02     0.02
  MONTH TO DATE    0.16                      0.42  -0.26     0.10
  SINCE OCT 1      7.19                      7.81  -0.62     6.31
  SINCE JAN 1      4.51                      5.52  -1.01     3.21

SNOWFALL (IN)
  YESTERDAY        0.0           0.0  1893   0.0    0.0      0.0
  MONTH TO DATE    0.0                       0.0    0.0      0.0
  SINCE JUN 1      T                         0.1   -0.1      0.0
  SINCE JUL 1      0.0                       0.0    0.0      0.0
  SNOW DEPTH       0

DEGREE DAYS
 HEATING
  YESTERDAY        0                         0      0        0
  MONTH TO DATE    0                        20    -20        0
  SINCE JUN 1    140                       195    -55       95
  SINCE JUL 1      0                        20    -20        0

 COOLING
  YESTERDAY        8                         4      4        8
  MONTH TO DATE  166                        78     88      175
  SINCE JUN 1    185                       101     84      232
  SINCE JAN 1    187                       102     85      232
..................................................................


WIND (MPH)
  HIGHEST WIND SPEED    26   HIGHEST WIND DIRECTION     S (180)
  HIGHEST GUST SPEED    36   HIGHEST GUST DIRECTION     S (200)
  AVERAGE WIND SPEED    14.6



WEATHER CONDITIONS
 THE FOLLOWING WEATHER WAS RECORDED YESTERDAY.
  NO SIGNIFICANT WEATHER WAS OBSERVED.


RELATIVE HUMIDITY (PERCENT)
 HIGHEST    30           500 AM
 LOWEST      6           600 PM
 AVERAGE    18

..........................................................


THE ELY AIRPORT NV CLIMATE NORMALS FOR TODAY
                         NORMAL    RECORD    YEAR
 MAXIMUM TEMPERATURE (F)   89        96      1899
 MINIMUM TEMPERATURE (F)   49        32      1993


SUNRISE AND SUNSET
JULY 24 2014..........SUNRISE   533 AM PDT   SUNSET   759 PM PDT
JULY 25 2014..........SUNRISE   533 AM PDT   SUNSET   758 PM PDT


-  INDICATES NEGATIVE NUMBERS.
R  INDICATES RECORD WAS SET OR TIED.
MM INDICATES DATA IS MISSING.
T  INDICATES TRACE AMOUNT.




$$
