804
CDUS45 KLKN 250945
CLIELY


CLIMATE REPORT
NATIONAL WEATHER SERVICE ELKO NV
245 AM PDT MON SEP 5  2017


...................................

...THE ELY AIRPORT NV CLIMATE SUMMARY FOR SEPTEMBER 24 2017...

CLIMATE NORMAL PERIOD 1981 TO 2010
CLIMATE RECORD PERIOD 1893 TO 2017


WEATHER ITEM   OBSERVED TIME   RECORD YEAR NORMAL DEPARTURE LAST
                VALUE   (LST)  VALUE       VALUE  FROM      YEAR
                                                  NORMAL
..................................................................
TEMPERATURE (F)
 YESTERDAY
  MAXIMUM         52        MM  85    2015  72    -20       65
                                      2001
  MINIMUM         28        MM  20    2006  34     -6       32
  AVERAGE         40                        53    -13       49

PRECIPITATION (IN)
  YESTERDAY        0.00          0.94 1986   0.03  -0.03     0.00
  MONTH TO DATE    1.72                      0.65   1.07     0.69
  SINCE OCT 1     10.88                      9.58   1.30    14.07
  SINCE JAN 1      9.10                      7.29   1.81     9.71

SNOWFALL (IN)
  YESTERDAY        0.0           3.7  1986   0.0    0.0      0.0
  MONTH TO DATE    0.0                       0.2   -0.2      0.0
  SINCE SEP 1      0.0                       0.2   -0.2      0.0
  SINCE JUL 1      0.0                       0.2   -0.2      0.0
  SNOW DEPTH       0

DEGREE DAYS
 HEATING
  YESTERDAY       25                        12     13       16
  MONTH TO DATE  182                       172     10      183
  SINCE SEP 1    182                       172     10      183
  SINCE JUL 1    188                       236    -48      220

 COOLING
  YESTERDAY        0                         0      0        0
  MONTH TO DATE   24                         4     20       12
  SINCE SEP 1     24                         4     20       12
  SINCE JAN 1    433                       216    217      267
..................................................................


WIND (MPH)
  HIGHEST WIND SPEED    12   HIGHEST WIND DIRECTION    NW (300)
  HIGHEST GUST SPEED    17   HIGHEST GUST DIRECTION    NW (320)
  AVERAGE WIND SPEED     5.5



WEATHER CONDITIONS
 THE FOLLOWING WEATHER WAS RECORDED YESTERDAY.
  NO SIGNIFICANT WEATHER WAS OBSERVED.


RELATIVE HUMIDITY (PERCENT)
 HIGHEST   100           100 AM
 LOWEST     36           100 PM
 AVERAGE    68

..........................................................


THE ELY AIRPORT NV CLIMATE NORMALS FOR TODAY
                         NORMAL    RECORD    YEAR
 MAXIMUM TEMPERATURE (F)   72        86      2010
 MINIMUM TEMPERATURE (F)   34        17      1972
                                             1970


SUNRISE AND SUNSET
SEPTEMBER 25 2017.....SUNRISE   630 AM PDT   SUNSET   631 PM PDT
SEPTEMBER 26 2017.....SUNRISE   631 AM PDT   SUNSET   629 PM PDT


-  INDICATES NEGATIVE NUMBERS.
R  INDICATES RECORD WAS SET OR TIED.
MM INDICATES DATA IS MISSING.
T  INDICATES TRACE AMOUNT.




$$
