000
CDUS45 KLKN 190935
CLIELY


CLIMATE REPORT
NATIONAL WEATHER SERVICE ELKO NV
134 AM PST MON FEB 19 2018


...................................

...THE ELY AIRPORT NV CLIMATE SUMMARY FOR FEBRUARY 18 2018...

CLIMATE NORMAL PERIOD 1981 TO 2010
CLIMATE RECORD PERIOD 1893 TO 2018


WEATHER ITEM   OBSERVED TIME   RECORD YEAR NORMAL DEPARTURE LAST
                VALUE   (LST)  VALUE       VALUE  FROM      YEAR
                                                  NORMAL
..................................................................
TEMPERATURE (F)
 YESTERDAY
  MAXIMUM         55    213 PM  66    2015  43     12       43
  MINIMUM         28   1121 PM -14    1952  16     12       34
  AVERAGE         42                        30     12       39

PRECIPITATION (IN)
  YESTERDAY        0.00          0.65 1897   0.03  -0.03      T
  MONTH TO DATE    0.02                      0.46  -0.44     0.88
  SINCE OCT 1      1.74                      3.45  -1.71     4.18
  SINCE JAN 1      1.16                      1.16   0.00     2.40

SNOWFALL (IN)
  YESTERDAY        0.0           6.5  1897   0.3   -0.3       T
  MONTH TO DATE    0.4                       5.1   -4.7      4.0
  SINCE DEC 1     19.0                      22.6   -3.6     35.7
  SINCE JUL 1     24.0                      32.1   -8.1     41.6
  SNOW DEPTH       0

DEGREE DAYS
 HEATING
  YESTERDAY       23                        35    -12       26
  MONTH TO DATE  549                       670   -121      432
  SINCE DEC 1   2699                      3131   -432     3003
  SINCE JUL 1   4343                      4999   -656     4556

 COOLING
  YESTERDAY        0                         0      0        0
  MONTH TO DATE    0                         0      0        0
  SINCE DEC 1      0                         0      0        0
  SINCE JAN 1      0                         0      0        0
..................................................................


WIND (MPH)
  HIGHEST WIND SPEED    40   HIGHEST WIND DIRECTION     S (200)
  HIGHEST GUST SPEED    55   HIGHEST GUST DIRECTION     S (190)
  AVERAGE WIND SPEED    15.4



WEATHER CONDITIONS
 THE FOLLOWING WEATHER WAS RECORDED YESTERDAY.
  HAZE


RELATIVE HUMIDITY (PERCENT)
 HIGHEST    58          1100 PM
 LOWEST     14           200 PM
 AVERAGE    36

..........................................................


THE ELY AIRPORT NV CLIMATE NORMALS FOR TODAY
                         NORMAL    RECORD    YEAR
 MAXIMUM TEMPERATURE (F)   43        65      2015
 MINIMUM TEMPERATURE (F)   17        -8      1952


SUNRISE AND SUNSET
FEBRUARY 19 2018......SUNRISE   626 AM PST   SUNSET   521 PM PST
FEBRUARY 20 2018......SUNRISE   625 AM PST   SUNSET   522 PM PST


-  INDICATES NEGATIVE NUMBERS.
R  INDICATES RECORD WAS SET OR TIED.
MM INDICATES DATA IS MISSING.
T  INDICATES TRACE AMOUNT.




$$
