000
CDUS43 KTOP 210639
CLIEMP


CLIMATE REPORT
NATIONAL WEATHER SERVICE TOPEKA KS
1236 AM CST SUN DEC 21 2014


...................................

...THE EMPORIA KS CLIMATE SUMMARY FOR DECEMBER 20 2014...

CLIMATE NORMAL PERIOD 1981 TO 2010
CLIMATE RECORD PERIOD 9999 TO 9999


WEATHER ITEM   OBSERVED NORMAL DEPARTURE LAST
                VALUE   VALUE  FROM      YEAR
                               NORMAL
...............................................
TEMPERATURE (F)
 YESTERDAY
  MAXIMUM         50     42      8       38
  MINIMUM         30     22      8       18
  AVERAGE         40     32      8       28

PRECIPITATION (IN)
  YESTERDAY        0.00   0.04  -0.04     T
  MONTH TO DATE    1.51   0.98   0.53     0.03
  SINCE DEC 1      1.51   0.98   0.53     0.03
  SINCE JAN 1     27.73  36.02  -8.29    32.96

DEGREE DAYS
 HEATING
  YESTERDAY       25     33     -8       37
  MONTH TO DATE  554    619    -65      687
  SINCE DEC 1    554    619    -65      687
  SINCE JUL 1   1604   1559     45     1718

 COOLING
  YESTERDAY        0      0      0        0
  MONTH TO DATE    0      0      0        0
  SINCE DEC 1      0      0      0        0
  SINCE JAN 1   1380   1403    -23     1375
...............................................


WIND (MPH)
  HIGHEST WIND SPEED    20   HIGHEST WIND DIRECTION     S (200)
  HIGHEST GUST SPEED    23   HIGHEST GUST DIRECTION     S (190)
  AVERAGE WIND SPEED    10.6


SKY COVER
  AVERAGE SKY COVER 0.4


WEATHER CONDITIONS
 THE FOLLOWING WEATHER WAS RECORDED YESTERDAY.
  FOG


RELATIVE HUMIDITY (PERCENT)
 HIGHEST   100
 LOWEST     66
 AVERAGE    83

..........................................................


THE EMPORIA KS CLIMATE NORMALS FOR TODAY
                         NORMAL
 MAXIMUM TEMPERATURE (F)   42
 MINIMUM TEMPERATURE (F)   21


SUNRISE AND SUNSET
DECEMBER 21 2014......SUNRISE   738 AM CST   SUNSET   508 PM CST
DECEMBER 22 2014......SUNRISE   739 AM CST   SUNSET   508 PM CST


-  INDICATES NEGATIVE NUMBERS.
R  INDICATES RECORD WAS SET OR TIED.
MM INDICATES DATA IS MISSING.
T  INDICATES TRACE AMOUNT.




$$
