220
CDUS43 KTOP 220631
CLIEMP


CLIMATE REPORT
NATIONAL WEATHER SERVICE TOPEKA KS
1231 AM CST MON JAN 22 2018


...................................

...THE EMPORIA KS CLIMATE SUMMARY FOR JANUARY 21 2018...

CLIMATE NORMAL PERIOD 1981 TO 2010
CLIMATE RECORD PERIOD 9999 TO 9999


WEATHER ITEM   OBSERVED NORMAL DEPARTURE LAST
                VALUE   VALUE  FROM      YEAR
                               NORMAL
...............................................
TEMPERATURE (F)
 YESTERDAY
  MAXIMUM         64     41     23       56
  MINIMUM         38     21     17       30
  AVERAGE         51     31     20       43

PRECIPITATION (IN)
  YESTERDAY        T      0.03  -0.03     0.03
  MONTH TO DATE    0.64   0.32   0.32     1.05
  SINCE DEC 1      0.88   1.67  -0.79     1.82
  SINCE JAN 1      0.64   0.32   0.32     1.05

DEGREE DAYS
 HEATING
  YESTERDAY       14     34    -20       22
  MONTH TO DATE  794    714     80      682
  SINCE DEC 1   1749   1707     42     1728
  SINCE JUL 1   2568   2647    -79     2278

 COOLING
  YESTERDAY        0      0      0        0
  MONTH TO DATE    0      0      0        0
  SINCE DEC 1      0      0      0        0
  SINCE JAN 1      0      0      0        0
...............................................


WIND (MPH)
  HIGHEST WIND SPEED    29   HIGHEST WIND DIRECTION     S (200)
  HIGHEST GUST SPEED    35   HIGHEST GUST DIRECTION     S (190)
  AVERAGE WIND SPEED    14.4


SKY COVER
  AVERAGE SKY COVER 0.8


WEATHER CONDITIONS
 THE FOLLOWING WEATHER WAS RECORDED YESTERDAY.
  FOG
  FOG W/VISIBILITY <= 1/4 MILE


RELATIVE HUMIDITY (PERCENT)
 HIGHEST    96
 LOWEST     60
 AVERAGE    78

..........................................................


THE EMPORIA KS CLIMATE NORMALS FOR TODAY
                         NORMAL
 MAXIMUM TEMPERATURE (F)   42
 MINIMUM TEMPERATURE (F)   21


SUNRISE AND SUNSET
JANUARY 22 2018.......SUNRISE   737 AM CST   SUNSET   536 PM CST
JANUARY 23 2018.......SUNRISE   737 AM CST   SUNSET   537 PM CST


-  INDICATES NEGATIVE NUMBERS.
R  INDICATES RECORD WAS SET OR TIED.
MM INDICATES DATA IS MISSING.
T  INDICATES TRACE AMOUNT.




$$
