000
CDUS43 KTOP 050642
CLIEMP


CLIMATE REPORT
NATIONAL WEATHER SERVICE TOPEKA KS
142 AM CDT THU MAY 5 2016


...................................

...THE EMPORIA KS CLIMATE SUMMARY FOR MAY 4 2016...

CLIMATE NORMAL PERIOD 1981 TO 2010
CLIMATE RECORD PERIOD 9999 TO 9999


WEATHER ITEM   OBSERVED NORMAL DEPARTURE LAST
                VALUE   VALUE  FROM      YEAR
                               NORMAL
...............................................
TEMPERATURE (F)
 YESTERDAY
  MAXIMUM         72     73     -1       83
  MINIMUM         51     51      0       61
  AVERAGE         62     62      0       72

PRECIPITATION (IN)
  YESTERDAY        0.00   0.17  -0.17     0.00
  MONTH TO DATE    T      0.69  -0.69      T
  SINCE MAR 1      8.15   6.60   1.55     4.89
  SINCE JAN 1      9.32   8.46   0.86     6.29

DEGREE DAYS
 HEATING
  YESTERDAY        3      4     -1        0
  MONTH TO DATE   36     19     17        5
  SINCE MAR 1    701    926   -225      765
  SINCE JUL 1   3814   4748   -934     4766

 COOLING
  YESTERDAY        0      1     -1        7
  MONTH TO DATE    0      4     -4       16
  SINCE MAR 1     20     27     -7       22
  SINCE JAN 1     20     27     -7       22
...............................................


WIND (MPH)
  HIGHEST WIND SPEED    22   HIGHEST WIND DIRECTION     N (10)
  HIGHEST GUST SPEED    27   HIGHEST GUST DIRECTION     N (340)
  AVERAGE WIND SPEED     9.1


SKY COVER
  AVERAGE SKY COVER 0.0


WEATHER CONDITIONS
 THE FOLLOWING WEATHER WAS RECORDED YESTERDAY.
  NO SIGNIFICANT WEATHER WAS OBSERVED.


RELATIVE HUMIDITY (PERCENT)
 HIGHEST    77
 LOWEST     25
 AVERAGE    51

..........................................................


THE EMPORIA KS CLIMATE NORMALS FOR TODAY
                         NORMAL
 MAXIMUM TEMPERATURE (F)   73
 MINIMUM TEMPERATURE (F)   51


SUNRISE AND SUNSET
MAY  5 2016...........SUNRISE   623 AM CDT   SUNSET   821 PM CDT
MAY  6 2016...........SUNRISE   622 AM CDT   SUNSET   821 PM CDT


-  INDICATES NEGATIVE NUMBERS.
R  INDICATES RECORD WAS SET OR TIED.
MM INDICATES DATA IS MISSING.
T  INDICATES TRACE AMOUNT.




$$
