000
CDUS43 KTOP 280635
CLIEMP


CLIMATE REPORT
NATIONAL WEATHER SERVICE TOPEKA KS
135 AM CDT FRI APR 28 2017


...................................

...THE EMPORIA KS CLIMATE SUMMARY FOR APRIL 27 2017...

CLIMATE NORMAL PERIOD 1981 TO 2010
CLIMATE RECORD PERIOD 9999 TO 9999


WEATHER ITEM   OBSERVED NORMAL DEPARTURE LAST
                VALUE   VALUE  FROM      YEAR
                               NORMAL
...............................................
TEMPERATURE (F)
 YESTERDAY
  MAXIMUM         60     71    -11       65
  MINIMUM         33     48    -15       48
  AVERAGE         47     60    -13       57

PRECIPITATION (IN)
  YESTERDAY        0.06   0.14  -0.08     0.05
  MONTH TO DATE    4.34   2.86   1.48     5.91
  SINCE MAR 1      8.53   5.39   3.14     7.51
  SINCE JAN 1     10.27   7.25   3.02     8.68

DEGREE DAYS
 HEATING
  YESTERDAY       18      6     12        8
  MONTH TO DATE  211    280    -69      189
  SINCE MAR 1    687    890   -203      632
  SINCE JUL 1   3778   4712   -934     3745

 COOLING
  YESTERDAY        0      1     -1        0
  MONTH TO DATE   30     21      9       19
  SINCE MAR 1     42     23     19       20
  SINCE JAN 1     42     23     19       20
...............................................


WIND (MPH)
  HIGHEST WIND SPEED    14   HIGHEST WIND DIRECTION     E (80)
  HIGHEST GUST SPEED    18   HIGHEST GUST DIRECTION     E (80)
  AVERAGE WIND SPEED     6.6


SKY COVER
  AVERAGE SKY COVER 0.5


WEATHER CONDITIONS
 THE FOLLOWING WEATHER WAS RECORDED YESTERDAY.
  LIGHT RAIN


RELATIVE HUMIDITY (PERCENT)
 HIGHEST   100
 LOWEST     49
 AVERAGE    75

..........................................................


THE EMPORIA KS CLIMATE NORMALS FOR TODAY
                         NORMAL
 MAXIMUM TEMPERATURE (F)   71
 MINIMUM TEMPERATURE (F)   49


SUNRISE AND SUNSET
APRIL 28 2017.........SUNRISE   631 AM CDT   SUNSET   814 PM CDT
APRIL 29 2017.........SUNRISE   630 AM CDT   SUNSET   815 PM CDT


-  INDICATES NEGATIVE NUMBERS.
R  INDICATES RECORD WAS SET OR TIED.
MM INDICATES DATA IS MISSING.
T  INDICATES TRACE AMOUNT.




$$
