000
CDUS46 KOTX 290829
CLIEPH


CLIMATE REPORT
NATIONAL WEATHER SERVICE SPOKANE, WA
129 AM PDT SUN MAR 29 2015


...................................

...THE EPHRATA WA AIRPORT CLIMATE SUMMARY FOR MARCH 28 2015...

CLIMATE NORMAL PERIOD 1981 TO 2010
CLIMATE RECORD PERIOD 9999 TO 9999


WEATHER ITEM   OBSERVED TIME   RECORD YEAR NORMAL DEPARTURE LAST
                VALUE   (LST)  VALUE       VALUE  FROM      YEAR
                                                  NORMAL
..................................................................
TEMPERATURE (F)
 YESTERDAY
  MAXIMUM         65    258 PM  74    1994  58      7       48
  MINIMUM         42   1148 PM  21    1954  35      7       29
  AVERAGE         54                        46      8       39

PRECIPITATION (IN)
  YESTERDAY        T             0.27 1978   0.02  -0.02     0.23
  MONTH TO DATE    1.01                      0.62   0.39     0.79
  SINCE OCT 1      5.10                      5.10   0.00     2.51
  SINCE JAN 1      2.31                      2.27   0.04     1.76

SNOWFALL (IN)
  YESTERDAY       MM

DEGREE DAYS
 HEATING
  YESTERDAY       11                        19     -8       26
  MONTH TO DATE  464                       630   -166      601
  SINCE MAR 1    464                       630   -166      601
  SINCE JUL 1   4158                      5203  -1045     5183

 COOLING
  YESTERDAY        0                         0      0        0
  MONTH TO DATE    0                         0      0        0
  SINCE MAR 1      0                         0      0        0
  SINCE JAN 1      0                         0      0        0
..................................................................


WIND (MPH)
  HIGHEST WIND SPEED    30   HIGHEST WIND DIRECTION     W (270)
  HIGHEST GUST SPEED    36   HIGHEST GUST DIRECTION     W (270)
  AVERAGE WIND SPEED    12.6


SKY COVER
  POSSIBLE SUNSHINE  MM
  AVERAGE SKY COVER 0.1


WEATHER CONDITIONS
 THE FOLLOWING WEATHER WAS RECORDED YESTERDAY.
  NO SIGNIFICANT WEATHER WAS OBSERVED.


RELATIVE HUMIDITY (PERCENT)
 HIGHEST    72          1200 AM
 LOWEST     30           400 PM
 AVERAGE    51

..........................................................


THE EPHRATA WA AIRPORT CLIMATE NORMALS FOR TODAY
                         NORMAL    RECORD    YEAR
 MAXIMUM TEMPERATURE (F)   58        73      1994
 MINIMUM TEMPERATURE (F)   35        23      1987


SUNRISE AND SUNSET
MARCH 29 2015.........SUNRISE   643 AM PDT   SUNSET   723 PM PDT
MARCH 30 2015.........SUNRISE   641 AM PDT   SUNSET   725 PM PDT


-  INDICATES NEGATIVE NUMBERS.
R  INDICATES RECORD WAS SET OR TIED.
MM INDICATES DATA IS MISSING.
T  INDICATES TRACE AMOUNT.




$$
