000
CDUS46 KOTX 220823
CLIEPH


CLIMATE REPORT
NATIONAL WEATHER SERVICE SPOKANE, WA
123 AM PDT TUE APR 22 2014


...................................

...THE EPHRATA WA AIRPORT CLIMATE SUMMARY FOR APRIL 21 2014...

CLIMATE NORMAL PERIOD 1981 TO 2010
CLIMATE RECORD PERIOD 9999 TO 9999


WEATHER ITEM   OBSERVED TIME   RECORD YEAR NORMAL DEPARTURE LAST
                VALUE   (LST)  VALUE       VALUE  FROM      YEAR
                                                  NORMAL
..................................................................
TEMPERATURE (F)
 YESTERDAY
  MAXIMUM         68    413 PM  86    1956  64      4       58
  MINIMUM         44    446 AM  24    1985  39      5       39
  AVERAGE         56                        52      4       49

PRECIPITATION (IN)
  YESTERDAY        0.14R         0.07 1955   0.02   0.12     0.05
  MONTH TO DATE    0.23                      0.36  -0.13     0.63
  SINCE OCT 1      2.74                      5.52  -2.78     5.32
  SINCE JAN 1      1.99                      2.69  -0.70     1.52

SNOWFALL (IN)
  YESTERDAY       MM            MM      MM   0.0   MM       MM
  MONTH TO DATE   MM                         0.0   MM       MM
  SINCE MAR 1     MM                         0.8   MM       MM
  SINCE JUL 1     MM                        18.9   MM       MM
  SNOW DEPTH      MM

DEGREE DAYS
 HEATING
  YESTERDAY        9                        14     -5       16
  MONTH TO DATE  267                       330    -63      331
  SINCE MAR 1    929                      1014    -85      992
  SINCE JUL 1   5511                      5587    -76     5225

 COOLING
  YESTERDAY        0                         0      0        0
  MONTH TO DATE    0                         0      0        0
  SINCE MAR 1      0                         0      0        0
  SINCE JAN 1      0                         0      0        0
..................................................................


WIND (MPH)
  HIGHEST WIND SPEED    17   HIGHEST WIND DIRECTION    NE (30)
  HIGHEST GUST SPEED    21   HIGHEST GUST DIRECTION    SW (230)
  AVERAGE WIND SPEED     8.4


SKY COVER
  POSSIBLE SUNSHINE  MM
  AVERAGE SKY COVER 0.3


WEATHER CONDITIONS
 THE FOLLOWING WEATHER WAS RECORDED YESTERDAY.
  RAIN
  LIGHT RAIN
  FOG


RELATIVE HUMIDITY (PERCENT)
 HIGHEST    62           300 AM
 LOWEST     24           400 PM
 AVERAGE    43

..........................................................


THE EPHRATA WA AIRPORT CLIMATE NORMALS FOR TODAY
                         NORMAL    RECORD    YEAR
 MAXIMUM TEMPERATURE (F)   65        83      2012
 MINIMUM TEMPERATURE (F)   39        28      2008
                                             1985


SUNRISE AND SUNSET
APRIL 22 2014.........SUNRISE   557 AM PDT   SUNSET   757 PM PDT
APRIL 23 2014.........SUNRISE   555 AM PDT   SUNSET   758 PM PDT


-  INDICATES NEGATIVE NUMBERS.
R  INDICATES RECORD WAS SET OR TIED.
MM INDICATES DATA IS MISSING.
T  INDICATES TRACE AMOUNT.




$$
