000
CDUS46 KOTX 150831
CLIEPH


CLIMATE REPORT
NATIONAL WEATHER SERVICE SPOKANE, WA
127 AM PDT TUE APR 15 2014


...................................

...THE EPHRATA WA AIRPORT CLIMATE SUMMARY FOR APRIL 14 2014...

CLIMATE NORMAL PERIOD 1981 TO 2010
CLIMATE RECORD PERIOD 9999 TO 9999


WEATHER ITEM   OBSERVED TIME   RECORD YEAR NORMAL DEPARTURE LAST
                VALUE   (LST)  VALUE       VALUE  FROM      YEAR
                                                  NORMAL
..................................................................
TEMPERATURE (F)
 YESTERDAY
  MAXIMUM         65    517 PM  83    1988  62      3       53
  MINIMUM         30    505 AM  25    2001  37     -7       27
                                      1967
  AVERAGE         48                        50     -2       40

PRECIPITATION (IN)
  YESTERDAY        0.00        0.27   2003  0.02  -0.02     0.03
  MONTH TO DATE    T                        0.25  -0.25     0.43
  SINCE OCT 1      2.51                     5.41  -2.90     5.12
  SINCE JAN 1      1.76                     2.58  -0.82     1.32

SNOWFALL (IN)
  YESTERDAY       MM            MM     MM   0.0     MM       MM
  MONTH TO DATE   MM                        0.0     MM       MM
  SINCE MAR 1     MM                        0.8     MM       MM
  SINCE JUL 1     MM                       18.9     MM       MM
  SNOW DEPTH      MM

DEGREE DAYS
 HEATING
  YESTERDAY       17                        15      2       25
  MONTH TO DATE  178                       230    -52      213
  SINCE MAR 1    840                       914    -74      874
  SINCE JUL 1   5422                      5487    -65     5107

 COOLING
  YESTERDAY        0                         0      0        0
  MONTH TO DATE    0                         0      0        0
  SINCE MAR 1      0                         0      0        0
  SINCE JAN 1      0                         0      0        0
..................................................................


WIND (MPH)
  HIGHEST WIND SPEED    22   HIGHEST WIND DIRECTION     W (290)
  HIGHEST GUST SPEED    29   HIGHEST GUST DIRECTION    NW (310)
  AVERAGE WIND SPEED     7.3


SKY COVER
  POSSIBLE SUNSHINE  MM
  AVERAGE SKY COVER 0.0


WEATHER CONDITIONS
 THE FOLLOWING WEATHER WAS RECORDED YESTERDAY.
  NO SIGNIFICANT WEATHER WAS OBSERVED.


RELATIVE HUMIDITY (PERCENT)
 HIGHEST    69           500 AM
 LOWEST     13          1200 PM
 AVERAGE    41

..........................................................


THE EPHRATA WA AIRPORT CLIMATE NORMALS FOR TODAY
                         NORMAL    RECORD    YEAR
 MAXIMUM TEMPERATURE (F)   63        81      1988
 MINIMUM TEMPERATURE (F)   38        27      2005
                                             1995


SUNRISE AND SUNSET
APRIL 15 2014.........SUNRISE   610 AM PDT   SUNSET   747 PM PDT
APRIL 16 2014.........SUNRISE   608 AM PDT   SUNSET   749 PM PDT


-  INDICATES NEGATIVE NUMBERS.
R  INDICATES RECORD WAS SET OR TIED.
MM INDICATES DATA IS MISSING.
T  INDICATES TRACE AMOUNT.

$$
