000
CDUS46 KOTX 300823
CLIEPH


CLIMATE REPORT
NATIONAL WEATHER SERVICE SPOKANE, WA
123 AM PDT TUE SEP 30 2014


...................................

...THE EPHRATA WA AIRPORT CLIMATE SUMMARY FOR SEPTEMBER 29 2014...

CLIMATE NORMAL PERIOD 1981 TO 2010
CLIMATE RECORD PERIOD 9999 TO 9999


WEATHER ITEM   OBSERVED TIME   RECORD YEAR NORMAL DEPARTURE LAST
                VALUE   (LST)  VALUE       VALUE  FROM      YEAR
                                                  NORMAL
..................................................................
TEMPERATURE (F)
 YESTERDAY
  MAXIMUM         79    337 PM  88    1989  72      7       64
  MINIMUM         53    627 AM  30    1972  45      8       44
  AVERAGE         66                        59      7       54

PRECIPITATION (IN)
  YESTERDAY        T             0.17 1951   0.02  -0.02     0.02
  MONTH TO DATE    0.29                      0.35  -0.06     0.72
  SINCE OCT 1      4.93                      7.84  -2.91     8.76
  SINCE JAN 1      4.18                      5.01  -0.83     4.96

SNOWFALL (IN)
  YESTERDAY       MM            MM      MM   0.0   MM       MM
  MONTH TO DATE   MM                         0.0   MM       MM
  SINCE SEP 1     MM                         0.0   MM       MM
  SINCE JUL 1     MM                         0.0   MM       MM
  SNOW DEPTH      MM

DEGREE DAYS
 HEATING
  YESTERDAY        0                         7     -7       11
  MONTH TO DATE   34                       101    -67       96
  SINCE SEP 1     34                       101    -67       96
  SINCE JUL 1     35                       118    -83       96

 COOLING
  YESTERDAY        1                         1      0        0
  MONTH TO DATE   96                        74     22      160
  SINCE SEP 1     96                        74     22      160
  SINCE JAN 1   1129                       768    361     1084
..................................................................


WIND (MPH)
  HIGHEST WIND SPEED    23   HIGHEST WIND DIRECTION     W (290)
  HIGHEST GUST SPEED    30   HIGHEST GUST DIRECTION     W (290)
  AVERAGE WIND SPEED     9.0


SKY COVER
  POSSIBLE SUNSHINE  MM
  AVERAGE SKY COVER 0.2


WEATHER CONDITIONS
 THE FOLLOWING WEATHER WAS RECORDED YESTERDAY.
  LIGHT RAIN


RELATIVE HUMIDITY (PERCENT)
 HIGHEST    66           300 AM
 LOWEST     25           300 PM
 AVERAGE    46

..........................................................


THE EPHRATA WA AIRPORT CLIMATE NORMALS FOR TODAY
                         NORMAL    RECORD    YEAR
 MAXIMUM TEMPERATURE (F)   72        86      2008
 MINIMUM TEMPERATURE (F)   45        36      1985


SUNRISE AND SUNSET
SEPTEMBER 30 2014.....SUNRISE   656 AM PDT   SUNSET   639 PM PDT
OCTOBER  1 2014.......SUNRISE   657 AM PDT   SUNSET   637 PM PDT


-  INDICATES NEGATIVE NUMBERS.
R  INDICATES RECORD WAS SET OR TIED.
MM INDICATES DATA IS MISSING.
T  INDICATES TRACE AMOUNT.




$$
