000
CDUS46 KOTX 270826
CLIEPH


CLIMATE REPORT
NATIONAL WEATHER SERVICE SPOKANE, WA
1225 AM PST FRI FEB 27 2015


...................................

...THE EPHRATA WA AIRPORT CLIMATE SUMMARY FOR FEBRUARY 26 2015...

CLIMATE NORMAL PERIOD 1981 TO 2010
CLIMATE RECORD PERIOD 9999 TO 9999


WEATHER ITEM   OBSERVED TIME   RECORD YEAR NORMAL DEPARTURE LAST
                VALUE   (LST)  VALUE       VALUE  FROM      YEAR
                                                  NORMAL
..................................................................
TEMPERATURE (F)
 YESTERDAY
  MAXIMUM         53    301 PM  61    1988  47      6       42
  MINIMUM         38   1159 PM  -2    1993  28     10       28
  AVERAGE         46                        37      9       35

PRECIPITATION (IN)
  YESTERDAY        T             0.39 1980   0.02  -0.02     0.00
  MONTH TO DATE    0.59                      0.68  -0.09     0.66
  SINCE OCT 1      4.09                      4.42  -0.33     1.72
  SINCE JAN 1      1.30                      1.59  -0.29     0.97

SNOWFALL (IN)
  YESTERDAY       MM

DEGREE DAYS
 HEATING
  YESTERDAY       19                        28     -9       30
  MONTH TO DATE  584                       809   -225      918
  SINCE DEC 1   2504                      3098   -594     3161
  SINCE JUL 1   3651                      4517   -866     4530

 COOLING
  YESTERDAY        0                         0      0        0
  MONTH TO DATE    0                         0      0        0
  SINCE DEC 1      0                         0      0        0
  SINCE JAN 1      0                         0      0        0
..................................................................


WIND (MPH)
  HIGHEST WIND SPEED    10   HIGHEST WIND DIRECTION     N (20)
  HIGHEST GUST SPEED    13   HIGHEST GUST DIRECTION    NW (300)
  AVERAGE WIND SPEED     4.4


SKY COVER
  POSSIBLE SUNSHINE  MM
  AVERAGE SKY COVER 0.8


WEATHER CONDITIONS
 THE FOLLOWING WEATHER WAS RECORDED YESTERDAY.
  LIGHT RAIN


RELATIVE HUMIDITY (PERCENT)
 HIGHEST    79          1100 PM
 LOWEST     48          1100 AM
 AVERAGE    64

..........................................................


THE EPHRATA WA AIRPORT CLIMATE NORMALS FOR TODAY
                         NORMAL    RECORD    YEAR
 MAXIMUM TEMPERATURE (F)   47        64      1972
 MINIMUM TEMPERATURE (F)   28         4      1993


SUNRISE AND SUNSET
FEBRUARY 27 2015......SUNRISE   642 AM PST   SUNSET   540 PM PST
FEBRUARY 28 2015......SUNRISE   640 AM PST   SUNSET   541 PM PST


-  INDICATES NEGATIVE NUMBERS.
R  INDICATES RECORD WAS SET OR TIED.
MM INDICATES DATA IS MISSING.
T  INDICATES TRACE AMOUNT.




$$
