000
CDUS46 KOTX 250824
CLIEPH


CLIMATE REPORT
NATIONAL WEATHER SERVICE SPOKANE, WA
124 AM PDT SUN JUN 25 2017


...................................

...THE EPHRATA WA AIRPORT CLIMATE SUMMARY FOR JUNE 24 2017...

CLIMATE NORMAL PERIOD 1981 TO 2010
CLIMATE RECORD PERIOD 9999 TO 9999


WEATHER ITEM   OBSERVED TIME   RECORD YEAR NORMAL DEPARTURE LAST
                VALUE   (LST)  VALUE       VALUE  FROM      YEAR
                                                  NORMAL
..................................................................
TEMPERATURE (F)
 YESTERDAY
  MAXIMUM         94    421 PM 104    1992  82     12       75
  MINIMUM         58    453 AM  38    1983  55      3       54
  AVERAGE         76                        69      7       65

PRECIPITATION (IN)
  YESTERDAY        0.00          0.95 1991   0.02  -0.02      T
  MONTH TO DATE    0.24                      0.52  -0.28     1.27
  SINCE OCT 1      9.35                      6.81   2.54     8.69
  SINCE JAN 1      5.75                      3.98   1.77     5.97

SNOWFALL (IN)
  YESTERDAY       MM

DEGREE DAYS
 HEATING
  YESTERDAY        0                         1     -1        0
  MONTH TO DATE   43                        53    -10       67
  SINCE JUN 1     43                        53    -10       67
  SINCE JUL 1   6141                      5962    179     4929

 COOLING
  YESTERDAY       11                         5      6        0
  MONTH TO DATE   86                        76     10      105
  SINCE JUN 1     86                        76     10      105
  SINCE JAN 1    144                       113     31      137
..................................................................


WIND (MPH)
  HIGHEST WIND SPEED    14   HIGHEST WIND DIRECTION    NE (60)
  HIGHEST GUST SPEED    17   HIGHEST GUST DIRECTION    NE (30)
  AVERAGE WIND SPEED     6.1


SKY COVER
  POSSIBLE SUNSHINE  MM
  AVERAGE SKY COVER 0.0


WEATHER CONDITIONS
 THE FOLLOWING WEATHER WAS RECORDED YESTERDAY.
  NO SIGNIFICANT WEATHER WAS OBSERVED.


RELATIVE HUMIDITY (PERCENT)
 HIGHEST    51           500 AM
 LOWEST     10           200 PM
 AVERAGE    31

..........................................................


THE EPHRATA WA AIRPORT CLIMATE NORMALS FOR TODAY
                         NORMAL    RECORD    YEAR
 MAXIMUM TEMPERATURE (F)   82       100      1992
 MINIMUM TEMPERATURE (F)   56        42      2001
                                             1966


SUNRISE AND SUNSET
JUNE 25 2017..........SUNRISE   503 AM PDT   SUNSET   859 PM PDT
JUNE 26 2017..........SUNRISE   503 AM PDT   SUNSET   859 PM PDT


-  INDICATES NEGATIVE NUMBERS.
R  INDICATES RECORD WAS SET OR TIED.
MM INDICATES DATA IS MISSING.
T  INDICATES TRACE AMOUNT.




$$
