000
CDUS41 KCLE 070526
CLIERI


CLIMATE REPORT
NATIONAL WEATHER SERVICE CLEVELAND OH
1226 AM EST SUN FEB 7 2016


...................................

...THE ERIE PA CLIMATE SUMMARY FOR FEBRUARY 6 2016...

CLIMATE NORMAL PERIOD 1981 TO 2010
CLIMATE RECORD PERIOD 1873 TO 2016


WEATHER ITEM   OBSERVED TIME   RECORD YEAR NORMAL DEPARTURE LAST
                VALUE   (LST)  VALUE       VALUE  FROM      YEAR
                                                  NORMAL
..................................................................
TEMPERATURE (F)
 YESTERDAY
  MAXIMUM         35    507 PM  58    1938  34      1       26
  MINIMUM         27   1000 PM  -9    1895  20      7        6
  AVERAGE         31                        27      4       16

PRECIPITATION (IN)
  YESTERDAY        0.00                      0.08  -0.08      T
  MONTH TO DATE    0.85                      0.49   0.36     0.98
  SINCE DEC 1      7.12                      7.18  -0.06     7.17
  SINCE JAN 1      3.23                      3.44  -0.21     4.72

SNOWFALL (IN)
  YESTERDAY        0.0                       0.7   -0.7       T
  MONTH TO DATE    1.4                       4.5   -3.1     16.3
  SINCE DEC 1     44.7                      61.6  -16.9     59.2
  SINCE JUL 1     45.2                      70.3  -25.1     84.2
  SNOW DEPTH       0

DEGREE DAYS
 HEATING
  YESTERDAY       34                        38     -4       49
  MONTH TO DATE  161                       228    -67      278
  SINCE DEC 1   1924                      2410   -486     2494
  SINCE JUL 1   2815                      3566   -751     3708

 COOLING
  YESTERDAY        0                         0      0        0
  MONTH TO DATE    0                         0      0        0
  SINCE DEC 1      0                         0      0        0
  SINCE JAN 1      0                         0      0        0
..................................................................


WIND (MPH)
  HIGHEST WIND SPEED    17   HIGHEST WIND DIRECTION     W (270)
  HIGHEST GUST SPEED    24   HIGHEST GUST DIRECTION     W (280)
  AVERAGE WIND SPEED     9.3


SKY COVER
  POSSIBLE SUNSHINE  MM
  AVERAGE SKY COVER 0.5


WEATHER CONDITIONS
 THE FOLLOWING WEATHER WAS RECORDED YESTERDAY.
  NO SIGNIFICANT WEATHER WAS OBSERVED.


RELATIVE HUMIDITY (PERCENT)
 HIGHEST    69           800 AM
 LOWEST     47           400 PM
 AVERAGE    58

..........................................................


THE ERIE PA CLIMATE NORMALS FOR TODAY
                         NORMAL    RECORD    YEAR
 MAXIMUM TEMPERATURE (F)   34        60      1925
 MINIMUM TEMPERATURE (F)   20        -7      1895


SUNRISE AND SUNSET
FEBRUARY  7 2016......SUNRISE   728 AM EST   SUNSET   543 PM EST
FEBRUARY  8 2016......SUNRISE   726 AM EST   SUNSET   544 PM EST


-  INDICATES NEGATIVE NUMBERS.
R  INDICATES RECORD WAS SET OR TIED.
MM INDICATES DATA IS MISSING.
T  INDICATES TRACE AMOUNT.




$$
