000
CDUS41 KCLE 100532
CLIERI


CLIMATE REPORT
NATIONAL WEATHER SERVICE CLEVELAND OH
131 AM EDT THU JUL 10 2014


...................................

...THE ERIE PA CLIMATE SUMMARY FOR JULY 9 2014...

CLIMATE NORMAL PERIOD 1981 TO 2010
CLIMATE RECORD PERIOD 1873 TO 2014


WEATHER ITEM   OBSERVED TIME   RECORD YEAR NORMAL DEPARTURE LAST
                VALUE   (LST)  VALUE       VALUE  FROM      YEAR
                                                  NORMAL
..................................................................
TEMPERATURE (F)
 YESTERDAY
  MAXIMUM         73    127 PM  98    1936  80     -7       81
  MINIMUM         59   1142 PM  44    1963  63     -4       70
  AVERAGE         66                        72     -6       76

PRECIPITATION (IN)
  YESTERDAY        0.00                      0.11  -0.11     0.28
  MONTH TO DATE    1.97                      0.97   1.00     1.97
  SINCE JUN 1      6.96                      4.73   2.23     9.25
  SINCE JAN 1     23.11                     19.79   3.32    26.48

SNOWFALL (IN)
  YESTERDAY        0.0                       0.0    0.0      0.0
  MONTH TO DATE    0.0                       0.0    0.0      0.0
  SINCE JUN 1      0.0                       0.0    0.0      0.0
  SINCE JUL 1      0.0                       0.0    0.0      0.0
  SNOW DEPTH       0

DEGREE DAYS
 HEATING
  YESTERDAY        0                         0      0        0
  MONTH TO DATE    1                         2     -1        0
  SINCE JUN 1     31                        63    -32       68
  SINCE JUL 1      1                         2     -1        0

 COOLING
  YESTERDAY        1                         7     -6       11
  MONTH TO DATE   54                        61     -7       80
  SINCE JUN 1    219                       184     35      198
  SINCE JAN 1    258                       223     35      283
..................................................................


WIND (MPH)
  HIGHEST WIND SPEED    13   HIGHEST WIND DIRECTION    NW (300)
  HIGHEST GUST SPEED    16   HIGHEST GUST DIRECTION    NW (300)
  AVERAGE WIND SPEED     6.0


SKY COVER
  POSSIBLE SUNSHINE  MM
  AVERAGE SKY COVER 0.5


WEATHER CONDITIONS
 THE FOLLOWING WEATHER WAS RECORDED YESTERDAY.
  NO SIGNIFICANT WEATHER WAS OBSERVED.


RELATIVE HUMIDITY (PERCENT)
 HIGHEST    87           100 AM
 LOWEST     53           600 PM
 AVERAGE    70

..........................................................


THE ERIE PA CLIMATE NORMALS FOR TODAY
                         NORMAL    RECORD    YEAR
 MAXIMUM TEMPERATURE (F)   80        98      1936
 MINIMUM TEMPERATURE (F)   63        50      1997
                                             1962
                                             1895


SUNRISE AND SUNSET
JULY 10 2014..........SUNRISE   554 AM EDT   SUNSET   858 PM EDT
JULY 11 2014..........SUNRISE   555 AM EDT   SUNSET   857 PM EDT


-  INDICATES NEGATIVE NUMBERS.
R  INDICATES RECORD WAS SET OR TIED.
MM INDICATES DATA IS MISSING.
T  INDICATES TRACE AMOUNT.




$$
