000
CDUS46 KPQR 221149
CLIEUG


CLIMATE REPORT
NATIONAL WEATHER SERVICE PORTLAND OREGON
348 AM PST WED FEB 22 2017


...................................

...THE EUGENE OR CLIMATE SUMMARY FOR FEBRUARY 21 2017...

CLIMATE NORMAL PERIOD 1981 TO 2010
CLIMATE RECORD PERIOD 1892 TO 2017


WEATHER ITEM   OBSERVED TIME   RECORD YEAR NORMAL DEPARTURE LAST
                VALUE   (LST)  VALUE       VALUE  FROM      YEAR
                                                  NORMAL
..................................................................
TEMPERATURE (F)
 YESTERDAY
  MAXIMUM         46    235 PM  68    2002  52     -6       55
  MINIMUM         35   1145 PM  24    1975  35      0       32
                                      1955
  AVERAGE         41                        44     -3       44

PRECIPITATION (IN)
  YESTERDAY        1.01          2.19 1927   0.19   0.82     0.08
  MONTH TO DATE    8.70                      4.11   4.59     2.02
  SINCE OCT 1     32.34                     29.78   2.56    28.18
  SINCE JAN 1     12.75                     10.98   1.77     9.34

SNOWFALL (IN)
  YESTERDAY        0.0
  MONTH TO DATE    0.0
  SINCE DEC 1      5.1
  SINCE JUL 1      5.1

DEGREE DAYS
 HEATING
  YESTERDAY       24                        21      3       21
  MONTH TO DATE  425                       471    -46      365
  SINCE DEC 1   2186                      2008    178     1686
  SINCE JUL 1   3019                      3181   -162     2667

 COOLING
  YESTERDAY        0                         0      0        0
  MONTH TO DATE    0                         0      0        0
  SINCE DEC 1      0                         0      0        0
  SINCE JAN 1      0                         0      0        0
..................................................................


WIND (MPH)
  HIGHEST WIND SPEED    16   HIGHEST WIND DIRECTION     S (200)
  HIGHEST GUST SPEED    20   HIGHEST GUST DIRECTION     S (180)
  AVERAGE WIND SPEED     6.6


SKY COVER
  POSSIBLE SUNSHINE  MM
  AVERAGE SKY COVER 0.9


WEATHER CONDITIONS
 THE FOLLOWING WEATHER WAS RECORDED YESTERDAY.
  RAIN
  LIGHT RAIN
  FOG


RELATIVE HUMIDITY (PERCENT)
 HIGHEST   100          1200 AM
 LOWEST     86           100 AM
 AVERAGE    93

..........................................................


THE EUGENE OR CLIMATE NORMALS FOR TODAY
                         NORMAL    RECORD    YEAR
 MAXIMUM TEMPERATURE (F)   52        67      2002
 MINIMUM TEMPERATURE (F)   35        24      1913


SUNRISE AND SUNSET
FEBRUARY 22 2017......SUNRISE   701 AM PST   SUNSET   552 PM PST
FEBRUARY 23 2017......SUNRISE   659 AM PST   SUNSET   554 PM PST


-  INDICATES NEGATIVE NUMBERS.
R  INDICATES RECORD WAS SET OR TIED.
MM INDICATES DATA IS MISSING.
T  INDICATES TRACE AMOUNT.




$$
