000
CDUS46 KPQR 251142
CLIEUG


CLIMATE REPORT
NATIONAL WEATHER SERVICE PORTLAND OREGON
442 AM PDT SAT OCT 25 2014


...................................

...THE EUGENE OR CLIMATE SUMMARY FOR OCTOBER 24 2014...

CLIMATE NORMAL PERIOD 1981 TO 2010
CLIMATE RECORD PERIOD 1892 TO 2014


WEATHER ITEM   OBSERVED TIME   RECORD YEAR NORMAL DEPARTURE LAST
                VALUE   (LST)  VALUE       VALUE  FROM      YEAR
                                                  NORMAL
..................................................................
TEMPERATURE (F)
 YESTERDAY
  MAXIMUM         53    455 PM  75    1924  60     -7       59
  MINIMUM         49    642 AM  27    1935  40      9       42
  AVERAGE         51                        50      1       51

PRECIPITATION (IN)
  YESTERDAY        0.29          1.47 1940   0.14   0.15     0.00
  MONTH TO DATE    3.08                      2.14   0.94     0.50
  SINCE OCT 1      3.08                      2.14   0.94     0.50
  SINCE JAN 1     27.33                     29.44  -2.11    17.50

SNOWFALL (IN)
  YESTERDAY       MM
  MONTH TO DATE    0.0
  SINCE SEP 1      0.0
  SINCE JUL 1      0.0

DEGREE DAYS
 HEATING
  YESTERDAY       14                        15     -1       14
  MONTH TO DATE  114                       273   -159      330
  SINCE SEP 1    148                       394   -246      428
  SINCE JUL 1    155                       461   -306      446

 COOLING
  YESTERDAY        0                         0      0        0
  MONTH TO DATE    8                         0      8        0
  SINCE SEP 1     67                        30     37       63
  SINCE JAN 1    475                       238    237      411
..................................................................


WIND (MPH)
  HIGHEST WIND SPEED    13   HIGHEST WIND DIRECTION     N (10)
  HIGHEST GUST SPEED    15   HIGHEST GUST DIRECTION     N (360)
  AVERAGE WIND SPEED     6.0


SKY COVER
  POSSIBLE SUNSHINE  MM
  AVERAGE SKY COVER 0.9


WEATHER CONDITIONS
 THE FOLLOWING WEATHER WAS RECORDED YESTERDAY.
  LIGHT RAIN
  FOG
  FOG W/VISIBILITY <= 1/4 MILE


RELATIVE HUMIDITY (PERCENT)
 HIGHEST    96           900 AM
 LOWEST     86           300 AM
 AVERAGE    91

..........................................................


THE EUGENE OR CLIMATE NORMALS FOR TODAY
                         NORMAL    RECORD    YEAR
 MAXIMUM TEMPERATURE (F)   60        78      1944
 MINIMUM TEMPERATURE (F)   40        28      1978
                                             1935


SUNRISE AND SUNSET
OCTOBER 25 2014.......SUNRISE   740 AM PDT   SUNSET   613 PM PDT
OCTOBER 26 2014.......SUNRISE   742 AM PDT   SUNSET   611 PM PDT


-  INDICATES NEGATIVE NUMBERS.
R  INDICATES RECORD WAS SET OR TIED.
MM INDICATES DATA IS MISSING.
T  INDICATES TRACE AMOUNT.




$$
