000
CDUS46 KPQR 031142
CLIEUG


CLIMATE REPORT
NATIONAL WEATHER SERVICE PORTLAND OREGON
441 AM PDT WED JUN 3 2015


...................................

...THE EUGENE OR CLIMATE SUMMARY FOR JUNE 2 2015...

CLIMATE NORMAL PERIOD 1981 TO 2010
CLIMATE RECORD PERIOD 1892 TO 2015


WEATHER ITEM   OBSERVED TIME   RECORD YEAR NORMAL DEPARTURE LAST
                VALUE   (LST)  VALUE       VALUE  FROM      YEAR
                                                  NORMAL
..................................................................
TEMPERATURE (F)
 YESTERDAY
  MAXIMUM         67    247 PM  95    1970  70     -3       79
  MINIMUM         50   1159 PM  34    1977  46      4       42
  AVERAGE         59                        58      1       61

PRECIPITATION (IN)
  YESTERDAY        0.02          0.78 2010   0.08  -0.06     0.00
  MONTH TO DATE    0.23                      0.16   0.07     0.00
  SINCE OCT 1     29.41                     42.32 -12.91    25.34
  SINCE JAN 1     12.36                     23.52 -11.16    21.15

SNOWFALL (IN)
  YESTERDAY        0.0
  MONTH TO DATE    0.0
  SINCE JUN 1      0.0
  SINCE JUL 1      0.0

DEGREE DAYS
 HEATING
  YESTERDAY        6                         7     -1        4
  MONTH TO DATE   14                        15     -1       11
  SINCE JUN 1     14                        15     -1       11
  SINCE JUL 1   3669                      4664   -995     4646

 COOLING
  YESTERDAY        0                         0      0        0
  MONTH TO DATE    0                         0      0        0
  SINCE JUN 1      0                         0      0        0
  SINCE JAN 1      5                         5      0        3
..................................................................


WIND (MPH)
  HIGHEST WIND SPEED    17   HIGHEST WIND DIRECTION    SW (220)
  HIGHEST GUST SPEED    21   HIGHEST GUST DIRECTION    SW (220)
  AVERAGE WIND SPEED     7.9


SKY COVER
  POSSIBLE SUNSHINE  MM
  AVERAGE SKY COVER 0.9


WEATHER CONDITIONS
 THE FOLLOWING WEATHER WAS RECORDED YESTERDAY.
  LIGHT RAIN
  FOG


RELATIVE HUMIDITY (PERCENT)
 HIGHEST    93          1200 AM
 LOWEST     56           600 PM
 AVERAGE    75

..........................................................


THE EUGENE OR CLIMATE NORMALS FOR TODAY
                         NORMAL    RECORD    YEAR
 MAXIMUM TEMPERATURE (F)   70        93      1950
 MINIMUM TEMPERATURE (F)   46        35      1976


SUNRISE AND SUNSET
JUNE  3 2015..........SUNRISE   532 AM PDT   SUNSET   851 PM PDT
JUNE  4 2015..........SUNRISE   531 AM PDT   SUNSET   851 PM PDT


-  INDICATES NEGATIVE NUMBERS.
R  INDICATES RECORD WAS SET OR TIED.
MM INDICATES DATA IS MISSING.
T  INDICATES TRACE AMOUNT.




$$
