000
CDUS46 KPQR 021155
CLIEUG


CLIMATE REPORT
NATIONAL WEATHER SERVICE PORTLAND OREGON
454 AM PDT TUE SEP 2 2014


...................................

...THE EUGENE OR CLIMATE SUMMARY FOR SEPTEMBER 1 2014...

CLIMATE NORMAL PERIOD 1981 TO 2010
CLIMATE RECORD PERIOD 1892 TO 2014


WEATHER ITEM   OBSERVED TIME   RECORD YEAR NORMAL DEPARTURE LAST
                VALUE   (LST)  VALUE       VALUE  FROM      YEAR
                                                  NORMAL
..................................................................
TEMPERATURE (F)
 YESTERDAY
  MAXIMUM         85    423 PM  98    1988  81      4       86
  MINIMUM         47    503 AM  39    1973  50     -3       54
                                      1913
  AVERAGE         66                        65      1       70

PRECIPITATION (IN)
  YESTERDAY        0.00          1.32 1979   0.03  -0.03     0.00
  MONTH TO DATE    0.00                      0.03  -0.03     0.00
  SINCE OCT 1     27.19                     44.84 -17.65    29.26
  SINCE JAN 1     23.00                     26.04  -3.04     9.92

SNOWFALL (IN)
  YESTERDAY        0.0
  MONTH TO DATE    0.0
  SINCE SEP 1      0.0
  SINCE JUL 1      0.0

DEGREE DAYS
 HEATING
  YESTERDAY        0                         2     -2        0
  MONTH TO DATE    0                         2     -2        0
  SINCE SEP 1      0                         2     -2        0
  SINCE JUL 1      7                        69    -62       18

 COOLING
  YESTERDAY        1                         2     -1        5
  MONTH TO DATE    1                         2     -1        5
  SINCE SEP 1      1                         2     -1        5
  SINCE JAN 1    409                       210    199      353
..................................................................


WIND (MPH)
  HIGHEST WIND SPEED    14   HIGHEST WIND DIRECTION    NE (30)
  HIGHEST GUST SPEED    20   HIGHEST GUST DIRECTION     N (10)
  AVERAGE WIND SPEED     5.7


SKY COVER
  POSSIBLE SUNSHINE  MM
  AVERAGE SKY COVER 0.1


WEATHER CONDITIONS
 THE FOLLOWING WEATHER WAS RECORDED YESTERDAY.
  NO SIGNIFICANT WEATHER WAS OBSERVED.


RELATIVE HUMIDITY (PERCENT)
 HIGHEST    86           400 AM
 LOWEST     30           100 PM
 AVERAGE    58

..........................................................


THE EUGENE OR CLIMATE NORMALS FOR TODAY
                         NORMAL    RECORD    YEAR
 MAXIMUM TEMPERATURE (F)   80       103      1988
 MINIMUM TEMPERATURE (F)   50        38      1999


SUNRISE AND SUNSET
SEPTEMBER  2 2014.....SUNRISE   637 AM PDT   SUNSET   747 PM PDT
SEPTEMBER  3 2014.....SUNRISE   638 AM PDT   SUNSET   745 PM PDT


-  INDICATES NEGATIVE NUMBERS.
R  INDICATES RECORD WAS SET OR TIED.
MM INDICATES DATA IS MISSING.
T  INDICATES TRACE AMOUNT.




$$
