065
CDUS46 KPQR 271155
CLIEUG


CLIMATE REPORT
NATIONAL WEATHER SERVICE PORTLAND OREGON
455 AM PDT MON MAR 27 2017


...................................

...THE EUGENE OR CLIMATE SUMMARY FOR MARCH 26 2017...

CLIMATE NORMAL PERIOD 1981 TO 2010
CLIMATE RECORD PERIOD 1892 TO 2017


WEATHER ITEM   OBSERVED TIME   RECORD YEAR NORMAL DEPARTURE LAST
                VALUE   (LST)  VALUE       VALUE  FROM      YEAR
                                                  NORMAL
..................................................................
TEMPERATURE (F)
 YESTERDAY
  MAXIMUM         53    552 PM  72    1969  58     -5       55
  MINIMUM         43    711 AM  24    1913  38      5       42
  AVERAGE         48                        48      0       49

PRECIPITATION (IN)
  YESTERDAY        0.50          1.42 1962   0.15   0.35     0.21
  MONTH TO DATE    5.18                      4.24   0.94     5.66
  SINCE OCT 1     38.15                     35.34   2.81    34.34
  SINCE JAN 1     18.56                     16.54   2.02    15.50

SNOWFALL (IN)
  YESTERDAY       MM
  MONTH TO DATE    T
  SINCE MAR 1      T
  SINCE JUL 1      5.1

DEGREE DAYS
 HEATING
  YESTERDAY       17                        17      0       16
  MONTH TO DATE  444                       483    -39      417
  SINCE MAR 1    444                       483    -39      417
  SINCE JUL 1   3645                      3810   -165     3222

 COOLING
  YESTERDAY        0                         0      0        0
  MONTH TO DATE    0                         0      0        0
  SINCE MAR 1      0                         0      0        0
  SINCE JAN 1      0                         0      0        0
..................................................................


WIND (MPH)
  HIGHEST WIND SPEED    20   HIGHEST WIND DIRECTION     S (180)
  HIGHEST GUST SPEED    23   HIGHEST GUST DIRECTION     S (180)
  AVERAGE WIND SPEED     9.2


SKY COVER
  POSSIBLE SUNSHINE  MM
  AVERAGE SKY COVER 1.0


WEATHER CONDITIONS
 THE FOLLOWING WEATHER WAS RECORDED YESTERDAY.
  HEAVY RAIN
  RAIN
  LIGHT RAIN
  FOG


RELATIVE HUMIDITY (PERCENT)
 HIGHEST   100           200 AM
 LOWEST     83           100 PM
 AVERAGE    92

..........................................................


THE EUGENE OR CLIMATE NORMALS FOR TODAY
                         NORMAL    RECORD    YEAR
 MAXIMUM TEMPERATURE (F)   58        75      1969
 MINIMUM TEMPERATURE (F)   38        26      1935


SUNRISE AND SUNSET
MARCH 27 2017.........SUNRISE   703 AM PDT   SUNSET   734 PM PDT
MARCH 28 2017.........SUNRISE   701 AM PDT   SUNSET   736 PM PDT


-  INDICATES NEGATIVE NUMBERS.
R  INDICATES RECORD WAS SET OR TIED.
MM INDICATES DATA IS MISSING.
T  INDICATES TRACE AMOUNT.




$$
