000
CDUS46 KPQR 181143
CLIEUG


CLIMATE REPORT
NATIONAL WEATHER SERVICE PORTLAND OREGON
342 AM PST SUN FEB 18 2018


...................................

...THE EUGENE OR CLIMATE SUMMARY FOR FEBRUARY 17 2018...

CLIMATE NORMAL PERIOD 1981 TO 2010
CLIMATE RECORD PERIOD 1892 TO 2018


WEATHER ITEM   OBSERVED TIME   RECORD YEAR NORMAL DEPARTURE LAST
                VALUE   (LST)  VALUE       VALUE  FROM      YEAR
                                                  NORMAL
..................................................................
TEMPERATURE (F)
 YESTERDAY
  MAXIMUM         54   1237 PM  70    1930  51      3       53
  MINIMUM         40   1159 PM  19    1936  35      5       41
  AVERAGE         47                        43      4       47

PRECIPITATION (IN)
  YESTERDAY        0.17          2.30 1983   0.19  -0.02     0.03
  MONTH TO DATE    0.50                      3.32  -2.82     6.64
  SINCE OCT 1     19.36                     28.99  -9.63    30.28
  SINCE JAN 1      5.35                     10.19  -4.84    10.69

SNOWFALL (IN)
  YESTERDAY       MM
  MONTH TO DATE    0.0
  SINCE DEC 1      T
  SINCE JUL 1      T

DEGREE DAYS
 HEATING
  YESTERDAY       18                        22     -4       18
  MONTH TO DATE  345                       384    -39      349
  SINCE DEC 1   1877                      1921    -44     2110
  SINCE JUL 1   3006                      3094    -88     2943

 COOLING
  YESTERDAY        0                         0      0        0
  MONTH TO DATE    0                         0      0        0
  SINCE DEC 1      0                         0      0        0
  SINCE JAN 1      0                         0      0        0
..................................................................


WIND (MPH)
  HIGHEST WIND SPEED    28   HIGHEST WIND DIRECTION    SW (210)
  HIGHEST GUST SPEED    35   HIGHEST GUST DIRECTION     S (200)
  AVERAGE WIND SPEED    13.8


SKY COVER
  POSSIBLE SUNSHINE  MM
  AVERAGE SKY COVER 0.9


WEATHER CONDITIONS
 THE FOLLOWING WEATHER WAS RECORDED YESTERDAY.
  LIGHT RAIN
  FOG


RELATIVE HUMIDITY (PERCENT)
 HIGHEST   100           200 PM
 LOWEST     77          1200 PM
 AVERAGE    89

..........................................................


THE EUGENE OR CLIMATE NORMALS FOR TODAY
                         NORMAL    RECORD    YEAR
 MAXIMUM TEMPERATURE (F)   52        68      1995
 MINIMUM TEMPERATURE (F)   35        20      1936


SUNRISE AND SUNSET
FEBRUARY 18 2018......SUNRISE   707 AM PST   SUNSET   547 PM PST
FEBRUARY 19 2018......SUNRISE   706 AM PST   SUNSET   548 PM PST


-  INDICATES NEGATIVE NUMBERS.
R  INDICATES RECORD WAS SET OR TIED.
MM INDICATES DATA IS MISSING.
T  INDICATES TRACE AMOUNT.




$$
