000
CDUS43 KPAH 010630
CLIEVV


CLIMATE REPORT
NATIONAL WEATHER SERVICE PADUCAH KY
1229 AM CST SUN MAR 1 2015


...................................

...THE EVANSVILLE IN CLIMATE SUMMARY FOR FEBRUARY 28 2015...

CLIMATE NORMAL PERIOD 1981 TO 2010
CLIMATE RECORD PERIOD 1896 TO 2015


WEATHER ITEM   OBSERVED TIME   RECORD YEAR NORMAL DEPARTURE LAST
                VALUE   (LST)  VALUE       VALUE  FROM      YEAR
                                                  NORMAL
..................................................................
TEMPERATURE (F)
 YESTERDAY
  MAXIMUM         35    549 PM  75    1918  51    -16       44
  MINIMUM         18    313 AM   4    1993  31    -13       15
  AVERAGE         27                        41    -14       30

PRECIPITATION (IN)
  YESTERDAY        T             1.29 1987   0.11  -0.11     0.00
  MONTH TO DATE    2.56                      3.17  -0.61     2.26
  SINCE DEC 1      8.96                     10.03  -1.07    11.28
  SINCE JAN 1      5.53                      6.27  -0.74     3.95

SNOWFALL (IN)
  YESTERDAY        T             3.0  1969   0.1   -0.1      0.0
  MONTH TO DATE    7.4                       3.8    3.6      2.2
  SINCE DEC 1      7.6                      10.4   -2.8     10.0
  SINCE JUL 1     10.0                      10.7   -0.7     10.0
  SNOW DEPTH       1

DEGREE DAYS
 HEATING
  YESTERDAY       38                        24     14       35
  MONTH TO DATE 1069                       795    274      986
  SINCE DEC 1   2833                      2713    120     3048
  SINCE JUL 1   3836                      3574    262     3962

 COOLING
  YESTERDAY        0                         0      0        0
  MONTH TO DATE    0                         0      0        0
  SINCE DEC 1      0                         0      0        0
  SINCE JAN 1      0                         0      0        0
..................................................................


WIND (MPH)
  HIGHEST WIND SPEED    13   HIGHEST WIND DIRECTION    NE (40)
  HIGHEST GUST SPEED    16   HIGHEST GUST DIRECTION    NE (40)
  AVERAGE WIND SPEED     7.2


SKY COVER
  AVERAGE SKY COVER 0.9


WEATHER CONDITIONS
 THE FOLLOWING WEATHER WAS RECORDED YESTERDAY.
  LIGHT SNOW


RELATIVE HUMIDITY (PERCENT)
 HIGHEST    62
 LOWEST     44
 AVERAGE    53

..........................................................


THE EVANSVILLE IN CLIMATE NORMALS FOR TODAY
                         NORMAL    RECORD    YEAR
 MAXIMUM TEMPERATURE (F)   51        74      2006
 MINIMUM TEMPERATURE (F)   31         5      1960


SUNRISE AND SUNSET
MARCH  1 2015.........SUNRISE   622 AM CST   SUNSET   543 PM CST
MARCH  2 2015.........SUNRISE   621 AM CST   SUNSET   544 PM CST


-  INDICATES NEGATIVE NUMBERS.
R  INDICATES RECORD WAS SET OR TIED.
MM INDICATES DATA IS MISSING.
T  INDICATES TRACE AMOUNT.




$$
