000
CDUS43 KPAH 250630
CLIEVV


CLIMATE REPORT
NATIONAL WEATHER SERVICE PADUCAH KY
128 AM CDT SUN JUN 25 2017


...................................

...THE EVANSVILLE IN CLIMATE SUMMARY FOR JUNE 24 2017...

CLIMATE NORMAL PERIOD 1981 TO 2010
CLIMATE RECORD PERIOD 1896 TO 2017


WEATHER ITEM   OBSERVED TIME   RECORD YEAR NORMAL DEPARTURE LAST
                VALUE   (LST)  VALUE       VALUE  FROM      YEAR
                                                  NORMAL
..................................................................
TEMPERATURE (F)
 YESTERDAY
  MAXIMUM         80    159 PM 100    1914  88     -8       92
  MINIMUM         60   1058 PM  49    1972  66     -6       72
  AVERAGE         70                        77     -7       82

PRECIPITATION (IN)
  YESTERDAY        0.00          4.10 2013   0.11  -0.11     0.00
  MONTH TO DATE    3.55                      3.12   0.43     1.39
  SINCE JUN 1      3.55                      3.12   0.43     1.39
  SINCE JAN 1     24.55                     23.36   1.19    23.14

SNOWFALL (IN)
  YESTERDAY        0.0          MM      MM   0.0    0.0      0.0
  MONTH TO DATE    0.0                       0.0    0.0      0.0
  SINCE JUN 1      0.0                       0.0    0.0      0.0
  SINCE JUL 1      1.4                      11.8  -10.4     14.2
  SNOW DEPTH       0

DEGREE DAYS
 HEATING
  YESTERDAY        0                         0      0        0
  MONTH TO DATE    0                         4     -4        0
  SINCE JUN 1      0                         4     -4        0
  SINCE JUL 1   3392                      4545  -1153     3578

 COOLING
  YESTERDAY        5                        12     -7       17
  MONTH TO DATE  264                       224     40      309
  SINCE JUN 1    264                       224     40      309
  SINCE JAN 1    489                       359    130      414
..................................................................


WIND (MPH)
  HIGHEST WIND SPEED    16   HIGHEST WIND DIRECTION    NW (300)
  HIGHEST GUST SPEED    23   HIGHEST GUST DIRECTION    NW (320)
  AVERAGE WIND SPEED     7.0


SKY COVER
  AVERAGE SKY COVER 0.1


WEATHER CONDITIONS
 THE FOLLOWING WEATHER WAS RECORDED YESTERDAY.
  FOG


RELATIVE HUMIDITY (PERCENT)
 HIGHEST    93
 LOWEST     40
 AVERAGE    67

..........................................................


THE EVANSVILLE IN CLIMATE NORMALS FOR TODAY
                         NORMAL    RECORD    YEAR
 MAXIMUM TEMPERATURE (F)   88       101      1988
 MINIMUM TEMPERATURE (F)   66        53      1979


SUNRISE AND SUNSET
JUNE 25 2017..........SUNRISE   529 AM CDT   SUNSET   817 PM CDT
JUNE 26 2017..........SUNRISE   529 AM CDT   SUNSET   817 PM CDT


-  INDICATES NEGATIVE NUMBERS.
R  INDICATES RECORD WAS SET OR TIED.
MM INDICATES DATA IS MISSING.
T  INDICATES TRACE AMOUNT.




$$
