000
CDUS43 KPAH 260631
CLIEVV


CLIMATE REPORT
NATIONAL WEATHER SERVICE PADUCAH KY
129 AM CDT TUE SEP 26 2017


...................................

...THE EVANSVILLE IN CLIMATE SUMMARY FOR SEPTEMBER 25 2017...

CLIMATE NORMAL PERIOD 1981 TO 2010
CLIMATE RECORD PERIOD 1896 TO 2017


WEATHER ITEM   OBSERVED TIME   RECORD YEAR NORMAL DEPARTURE LAST
                VALUE   (LST)  VALUE       VALUE  FROM      YEAR
                                                  NORMAL
..................................................................
TEMPERATURE (F)
 YESTERDAY
  MAXIMUM         91    157 PM  93    2016  78     13       93
  MINIMUM         66    512 AM  37    1950  53     13       66
  AVERAGE         79                        65     14       80

PRECIPITATION (IN)
  YESTERDAY        0.00          3.25 1945   0.11  -0.11     0.00
  MONTH TO DATE    3.24                      2.52   0.72     2.43
  SINCE SEP 1      3.24                      2.52   0.72     2.43
  SINCE JAN 1     35.65                     33.44   2.21    40.89

SNOWFALL (IN)
  YESTERDAY        0.0           0.0  2002   0.0    0.0      0.0
                                      2001
  MONTH TO DATE    0.0                       0.0    0.0      0.0
  SINCE SEP 1      0.0                       0.0    0.0      0.0
  SINCE JUL 1      0.0                       0.0    0.0      0.0
  SNOW DEPTH       0

DEGREE DAYS
 HEATING
  YESTERDAY        0                         3     -3        0
  MONTH TO DATE   12                        26    -14        0
  SINCE SEP 1     12                        26    -14        0
  SINCE JUL 1     12                        27    -15        0

 COOLING
  YESTERDAY       14                         3     11       15
  MONTH TO DATE  168                       153     15      281
  SINCE SEP 1    168                       153     15      281
  SINCE JAN 1   1458                      1352    106     1667
..................................................................


WIND (MPH)
  HIGHEST WIND SPEED     8   HIGHEST WIND DIRECTION     E (100)
  HIGHEST GUST SPEED    10   HIGHEST GUST DIRECTION     E (100)
  AVERAGE WIND SPEED     1.8


SKY COVER
  AVERAGE SKY COVER 0.1


WEATHER CONDITIONS
 THE FOLLOWING WEATHER WAS RECORDED YESTERDAY.
  FOG


RELATIVE HUMIDITY (PERCENT)
 HIGHEST    93
 LOWEST     38
 AVERAGE    66

..........................................................


THE EVANSVILLE IN CLIMATE NORMALS FOR TODAY
                         NORMAL    RECORD    YEAR
 MAXIMUM TEMPERATURE (F)   77        94      1897
 MINIMUM TEMPERATURE (F)   52        37      2001


SUNRISE AND SUNSET
SEPTEMBER 26 2017.....SUNRISE   642 AM CDT   SUNSET   640 PM CDT
SEPTEMBER 27 2017.....SUNRISE   642 AM CDT   SUNSET   639 PM CDT


-  INDICATES NEGATIVE NUMBERS.
R  INDICATES RECORD WAS SET OR TIED.
MM INDICATES DATA IS MISSING.
T  INDICATES TRACE AMOUNT.




$$
