009
CDUS43 KPAH 142231
CLIEVV


CLIMATE REPORT
NATIONAL WEATHER SERVICE PADUCAH KY
429 PM CST SUN FEB 14 2016


...................................

...THE EVANSVILLE IN CLIMATE SUMMARY FOR FEBRUARY 14 2016...
VALID TODAY AS OF 0400 PM LOCAL TIME.

CLIMATE NORMAL PERIOD 1981 TO 2010
CLIMATE RECORD PERIOD 1896 TO 2016


WEATHER ITEM   OBSERVED TIME   RECORD YEAR NORMAL DEPARTURE LAST
                VALUE   (LST)  VALUE       VALUE  FROM      YEAR
                                                  NORMAL
..................................................................
TEMPERATURE (F)
 TODAY
  MAXIMUM         25    359 PM  71    1921  46    -21       37
  MINIMUM         23    127 AM   1    1905  27     -4       11
  AVERAGE         24                        36    -12       24

PRECIPITATION (IN)
  TODAY            0.13          2.07 1908   0.11   0.02      T
  MONTH TO DATE    2.09                      1.63   0.46     0.67
  SINCE DEC 1      9.29                      8.49   0.80     7.07
  SINCE JAN 1      4.09                      4.73  -0.64     3.64

SNOWFALL (IN)
  TODAY            T                                          T
  MONTH TO DATE    1.9                                       0.2
  SINCE JUL 1     12.8                                       2.8
  SNOW DEPTH       0

..................................................................


WIND (MPH)
  HIGHEST WIND SPEED    16   HIGHEST WIND DIRECTION    SE (130)
  HIGHEST GUST SPEED    23   HIGHEST GUST DIRECTION    SE (130)




..........................................................


THE EVANSVILLE IN CLIMATE NORMALS FOR TOMORROW
                         NORMAL    RECORD    YEAR
 MAXIMUM TEMPERATURE (F)   46        73      1954
 MINIMUM TEMPERATURE (F)   27        -2      1986


SUNRISE AND SUNSET
FEBRUARY 14 2016......SUNRISE   642 AM CST   SUNSET   527 PM CST
FEBRUARY 15 2016......SUNRISE   641 AM CST   SUNSET   528 PM CST


-  INDICATES NEGATIVE NUMBERS.
R  INDICATES RECORD WAS SET OR TIED.
MM INDICATES DATA IS MISSING.
T  INDICATES TRACE AMOUNT.




$$
