000
CDUS45 KSLC 270027
CLIEVW


CLIMATE REPORT
NATIONAL WEATHER SERVICE SALT LAKE CITY UT
627 PM MDT FRI AUG 26 2016


...................................

...THE EVANSTON WY CLIMATE SUMMARY FOR AUGUST 26 2016...
VALID TODAY AS OF 0500 PM LOCAL TIME.

CLIMATE NORMAL PERIOD 1981 TO 2010
CLIMATE RECORD PERIOD 9999 TO 9999


WEATHER ITEM   OBSERVED TIME   RECORD YEAR NORMAL DEPARTURE LAST
                VALUE   (LST)  VALUE       VALUE  FROM      YEAR
                                                  NORMAL
..................................................................
TEMPERATURE (F)
 TODAY
  MAXIMUM         75        MM  MM      MM  76     -1       67
  MINIMUM         45        MM  MM      MM  48     -3       56
  AVERAGE         60                        62     -2       62

PRECIPITATION (IN)
  TODAY            0.00         MM      MM   0.03  -0.03     0.19
  MONTH TO DATE    0.18                      0.80  -0.62     0.88
  SINCE OCT 1      4.86                     10.66  -5.80     9.79
  SINCE JAN 1      3.87                      7.87  -4.00     8.91

DEGREE DAYS
 HEATING
  TODAY            5                         4      1        3
  MONTH TO DATE   31                        47    -16       33
  SINCE JUN 1    108                       313   -205      166
  SINCE JUL 1     56                        83    -27       92

 COOLING
  TODAY            0                         1     -1        0
  MONTH TO DATE   68                        56     12       70
  SINCE JUN 1    274                       151    123      195
  SINCE JAN 1    274                       152    122      195
..................................................................


WIND (MPH)
  RESULTANT WIND SPEED   4   RESULTANT WIND DIRECTION  SW (230)
  HIGHEST WIND SPEED    25   HIGHEST WIND DIRECTION     W (270)
  HIGHEST GUST SPEED    35   HIGHEST GUST DIRECTION     W (270)
  AVERAGE WIND SPEED    11.8


SKY COVER
  POSSIBLE SUNSHINE  MM
  AVERAGE SKY COVER 0.1


WEATHER CONDITIONS
 THE FOLLOWING WEATHER WAS RECORDED TODAY.
  NO SIGNIFICANT WEATHER WAS OBSERVED.


RELATIVE HUMIDITY (PERCENT)
 HIGHEST    53           400 AM
 LOWEST     19           300 PM
 AVERAGE    36

..........................................................


THE EVANSTON WY CLIMATE NORMALS FOR TOMORROW
                         NORMAL    RECORD    YEAR
 MAXIMUM TEMPERATURE (F)   76        MM        MM
 MINIMUM TEMPERATURE (F)   48        MM        MM


SUNRISE AND SUNSET
AUGUST 26 2016........SUNRISE   645 AM MDT   SUNSET   806 PM MDT
AUGUST 27 2016........SUNRISE   646 AM MDT   SUNSET   804 PM MDT


-  INDICATES NEGATIVE NUMBERS.
R  INDICATES RECORD WAS SET OR TIED.
MM INDICATES DATA IS MISSING.
T  INDICATES TRACE AMOUNT.




$$
