000
CDUS45 KSLC 080033
CLIEVW


CLIMATE REPORT
NATIONAL WEATHER SERVICE SALT LAKE CITY UT
633 PM MDT TUE JUL 7 2015


...................................

...THE EVANSTON WY CLIMATE SUMMARY FOR JULY 7 2015...
VALID TODAY AS OF 0500 PM LOCAL TIME.

CLIMATE NORMAL PERIOD 1981 TO 2010
CLIMATE RECORD PERIOD 9999 TO 9999


WEATHER ITEM   OBSERVED TIME   RECORD YEAR NORMAL DEPARTURE LAST
                VALUE   (LST)  VALUE       VALUE  FROM      YEAR
                                                  NORMAL
..................................................................
TEMPERATURE (F)
 TODAY
  MAXIMUM         73        MM  MM      MM  79     -6       89
  MINIMUM         52        MM  MM      MM  51      1       56
  AVERAGE         63                        65     -2       73

PRECIPITATION (IN)
  TODAY            0.16         MM      MM   0.03   0.13     0.00
  MONTH TO DATE    0.51                      0.28   0.23     0.00
  SINCE OCT 1      8.54                      9.24  -0.70     3.57
  SINCE JAN 1      7.66                      6.45   1.21     2.37

DEGREE DAYS
 HEATING
  TODAY            2                         2      0        0
  MONTH TO DATE    3                        17    -14        4
  SINCE JUN 1     77                       247   -170      227
  SINCE JUL 1      3                        17    -14        4

 COOLING
  TODAY            0                         2     -2        8
  MONTH TO DATE   36                         9     27       40
  SINCE JUN 1    106                        22     84       41
  SINCE JAN 1    106                        23     83       46
..................................................................


WIND (MPH)
  RESULTANT WIND SPEED   3   RESULTANT WIND DIRECTION   E (100)
  HIGHEST WIND SPEED    16   HIGHEST WIND DIRECTION     W (280)
  HIGHEST GUST SPEED    MM   HIGHEST GUST DIRECTION    MM
  AVERAGE WIND SPEED     6.6


SKY COVER
  POSSIBLE SUNSHINE  MM
  AVERAGE SKY COVER 0.4


WEATHER CONDITIONS
 THE FOLLOWING WEATHER WAS RECORDED TODAY.
  THUNDERSTORM
  RAIN
  LIGHT RAIN
  FOG


RELATIVE HUMIDITY (PERCENT)
 HIGHEST    89           400 AM
 LOWEST     47          1200 PM
 AVERAGE    68

..........................................................


THE EVANSTON WY CLIMATE NORMALS FOR TOMORROW
                         NORMAL    RECORD    YEAR
 MAXIMUM TEMPERATURE (F)   79        MM        MM
 MINIMUM TEMPERATURE (F)   51        MM        MM


SUNRISE AND SUNSET
JULY  7 2015..........SUNRISE   558 AM MDT   SUNSET   900 PM MDT
JULY  8 2015..........SUNRISE   559 AM MDT   SUNSET   859 PM MDT


-  INDICATES NEGATIVE NUMBERS.
R  INDICATES RECORD WAS SET OR TIED.
MM INDICATES DATA IS MISSING.
T  INDICATES TRACE AMOUNT.




$$
