000
CDUS45 KSLC 271226
CLIEVW


CLIMATE REPORT
NATIONAL WEATHER SERVICE SALT LAKE CITY UT
626 AM MDT SAT MAY 27 2017


...................................

...THE EVANSTON WY CLIMATE SUMMARY FOR MAY 26 2017...

CLIMATE NORMAL PERIOD 1981 TO 2010
CLIMATE RECORD PERIOD 9999 TO 9999


WEATHER ITEM   OBSERVED TIME   RECORD YEAR NORMAL DEPARTURE LAST
                VALUE   (LST)  VALUE       VALUE  FROM      YEAR
                                                  NORMAL
..................................................................
TEMPERATURE (F)
 YESTERDAY
  MAXIMUM         56    426 PM  MM      MM  64     -8       60
  MINIMUM         34   1155 PM  MM      MM  39     -5       33
  AVERAGE         45                        52     -7       47

PRECIPITATION (IN)
  YESTERDAY        0.02         MM      MM   0.05  -0.03      T
  MONTH TO DATE    1.82                      1.50   0.32     1.92
  SINCE OCT 1      6.74                      7.45  -0.71     4.24
  SINCE JAN 1      5.16                      4.66   0.50     3.25

DEGREE DAYS
 HEATING
  YESTERDAY       20                        13      7       18
  MONTH TO DATE  411                       442    -31      452
  SINCE MAR 1   2038                      2271   -233     2027
  SINCE JUL 1   7615                      8279   -664     7554

 COOLING
  YESTERDAY        0                         0      0        0
  MONTH TO DATE    0                         0      0        0
  SINCE MAR 1      0                         0      0        0
  SINCE JAN 1      0                         0      0        0
..................................................................


WIND (MPH)
  RESULTANT WIND SPEED   5   RESULTANT WIND DIRECTION   W (250)
  HIGHEST WIND SPEED    30   HIGHEST WIND DIRECTION     W (250)
  HIGHEST GUST SPEED    40   HIGHEST GUST DIRECTION    SW (230)
  AVERAGE WIND SPEED    13.8


SKY COVER
  POSSIBLE SUNSHINE  MM
  AVERAGE SKY COVER 0.6


WEATHER CONDITIONS
 THE FOLLOWING WEATHER WAS RECORDED YESTERDAY.
  THUNDERSTORM
  LIGHT RAIN


RELATIVE HUMIDITY (PERCENT)
 HIGHEST    83          1100 AM
 LOWEST     32           300 PM
 AVERAGE    58

..........................................................


THE EVANSTON WY CLIMATE NORMALS FOR TODAY
                         NORMAL    RECORD    YEAR
 MAXIMUM TEMPERATURE (F)   65        MM        MM
 MINIMUM TEMPERATURE (F)   39        MM        MM


SUNRISE AND SUNSET
MAY 27 2017...........SUNRISE   556 AM MDT   SUNSET   847 PM MDT
MAY 28 2017...........SUNRISE   555 AM MDT   SUNSET   848 PM MDT


-  INDICATES NEGATIVE NUMBERS.
R  INDICATES RECORD WAS SET OR TIED.
MM INDICATES DATA IS MISSING.
T  INDICATES TRACE AMOUNT.




$$
