000
CDUS45 KSLC 241226
CLIEVW


CLIMATE REPORT
NATIONAL WEATHER SERVICE SALT LAKE CITY UT
525 AM MST FRI NOV 24 2017


...................................

...THE EVANSTON WY CLIMATE SUMMARY FOR NOVEMBER 23 2017...

CLIMATE NORMAL PERIOD 1981 TO 2010
CLIMATE RECORD PERIOD 9999 TO 9999


WEATHER ITEM   OBSERVED TIME   RECORD YEAR NORMAL DEPARTURE LAST
                VALUE   (LST)  VALUE       VALUE  FROM      YEAR
                                                  NORMAL
..................................................................
TEMPERATURE (F)
 YESTERDAY
  MAXIMUM         60    208 PM  MM      MM  34     26       43
  MINIMUM         39    554 AM  MM      MM  18     21       22
  AVERAGE         50                        26     24       33

PRECIPITATION (IN)
  YESTERDAY        0.00         MM      MM   0.03  -0.03     0.10
  MONTH TO DATE    1.44                      0.89   0.55     0.13
  SINCE OCT 1      1.44                      2.06  -0.62     1.34
  SINCE JAN 1      6.80                     11.40  -4.60     7.06

DEGREE DAYS
 HEATING
  YESTERDAY       15                        39    -24       32
  MONTH TO DATE  638                       775   -137      539
  SINCE SEP 1   1638                      1725    -87     1312
  SINCE JUL 1   1662                      1828   -166     1371

 COOLING
  YESTERDAY        0                         0      0        0
  MONTH TO DATE    0                         0      0        0
  SINCE SEP 1     37                         5     32        7
  SINCE JAN 1    333                       162    171      293
..................................................................


WIND (MPH)
  RESULTANT WIND SPEED  11   RESULTANT WIND DIRECTION  SW (220)
  HIGHEST WIND SPEED    23   HIGHEST WIND DIRECTION     W (260)
  HIGHEST GUST SPEED    28   HIGHEST GUST DIRECTION    SW (240)
  AVERAGE WIND SPEED    11.0


SKY COVER
  POSSIBLE SUNSHINE  MM
  AVERAGE SKY COVER 0.1


WEATHER CONDITIONS
 THE FOLLOWING WEATHER WAS RECORDED YESTERDAY.
  NO SIGNIFICANT WEATHER WAS OBSERVED.


RELATIVE HUMIDITY (PERCENT)
 HIGHEST    92          1200 AM
 LOWEST     37           300 PM
 AVERAGE    65

..........................................................


THE EVANSTON WY CLIMATE NORMALS FOR TODAY
                         NORMAL    RECORD    YEAR
 MAXIMUM TEMPERATURE (F)   34        MM        MM
 MINIMUM TEMPERATURE (F)   18        MM        MM


SUNRISE AND SUNSET
NOVEMBER 24 2017......SUNRISE   723 AM MST   SUNSET   458 PM MST
NOVEMBER 25 2017......SUNRISE   724 AM MST   SUNSET   458 PM MST


-  INDICATES NEGATIVE NUMBERS.
R  INDICATES RECORD WAS SET OR TIED.
MM INDICATES DATA IS MISSING.
T  INDICATES TRACE AMOUNT.




$$
