000
CDUS45 KSLC 011232
CLIEVW


CLIMATE REPORT
NATIONAL WEATHER SERVICE SALT LAKE CITY UT
632 AM MDT SAT OCT 1 2016


...................................

...THE EVANSTON WY CLIMATE SUMMARY FOR SEPTEMBER 30 2016...

CLIMATE NORMAL PERIOD 1981 TO 2010
CLIMATE RECORD PERIOD 9999 TO 9999


WEATHER ITEM   OBSERVED TIME   RECORD YEAR NORMAL DEPARTURE LAST
                VALUE   (LST)  VALUE       VALUE  FROM      YEAR
                                                  NORMAL
..................................................................
TEMPERATURE (F)
 YESTERDAY
  MAXIMUM         68   1200 PM  MM      MM  63      5       75
  MINIMUM         47    640 AM  MM      MM  37     10       57
  AVERAGE         58                        50      8       66

PRECIPITATION (IN)
  YESTERDAY        T            MM      MM   0.04  -0.04      T
  MONTH TO DATE    1.85                      1.31   0.54     0.88
  SINCE OCT 1      6.71                     12.13  -5.42    10.67
  SINCE JAN 1      5.72                      9.34  -3.62     9.79

DEGREE DAYS
 HEATING
  YESTERDAY        7                        15     -8        0
  MONTH TO DATE  251                       295    -44      128
  SINCE SEP 1    251                       294    -43      128
  SINCE JUL 1    310                       397    -87      220

 COOLING
  YESTERDAY        0                         0      0        1
  MONTH TO DATE    7                         5      2       24
  SINCE SEP 1      7                         5      2       24
  SINCE JAN 1    293                       162    131      233
..................................................................


WIND (MPH)
  RESULTANT WIND SPEED   3   RESULTANT WIND DIRECTION   S (180)
  HIGHEST WIND SPEED    21   HIGHEST WIND DIRECTION    SW (230)
  HIGHEST GUST SPEED    26   HIGHEST GUST DIRECTION    SW (240)
  AVERAGE WIND SPEED     6.3


SKY COVER
  POSSIBLE SUNSHINE  MM
  AVERAGE SKY COVER 0.5


WEATHER CONDITIONS
 THE FOLLOWING WEATHER WAS RECORDED YESTERDAY.
  NO SIGNIFICANT WEATHER WAS OBSERVED.


RELATIVE HUMIDITY (PERCENT)
 HIGHEST    77           300 AM
 LOWEST     37           400 PM
 AVERAGE    57

..........................................................


THE EVANSTON WY CLIMATE NORMALS FOR TODAY
                         NORMAL    RECORD    YEAR
 MAXIMUM TEMPERATURE (F)   63        MM        MM
 MINIMUM TEMPERATURE (F)   37        MM        MM


SUNRISE AND SUNSET
OCTOBER  1 2016.......SUNRISE   721 AM MDT   SUNSET   705 PM MDT
OCTOBER  2 2016.......SUNRISE   722 AM MDT   SUNSET   703 PM MDT


-  INDICATES NEGATIVE NUMBERS.
R  INDICATES RECORD WAS SET OR TIED.
MM INDICATES DATA IS MISSING.
T  INDICATES TRACE AMOUNT.




$$
