000
CDUS45 KSLC 021217
CLIEVW


CLIMATE REPORT
NATIONAL WEATHER SERVICE SALT LAKE CITY UT
517 AM MST MON MAR 2 2015


...................................

...THE EVANSTON WY CLIMATE SUMMARY FOR MARCH 1 2015...

CLIMATE NORMAL PERIOD 1981 TO 2010
CLIMATE RECORD PERIOD 9999 TO 9999


WEATHER ITEM   OBSERVED TIME   RECORD YEAR NORMAL DEPARTURE LAST
                VALUE   (LST)  VALUE       VALUE  FROM      YEAR
                                                  NORMAL
..................................................................
TEMPERATURE (F)
 YESTERDAY
  MAXIMUM         31    324 PM  MM      MM  35     -4       38
  MINIMUM         17    849 AM  MM      MM  18     -1       30
  AVERAGE         24                        26     -2       34

PRECIPITATION (IN)
  YESTERDAY        T            MM      MM   0.02  -0.02     0.04
  MONTH TO DATE    T                         0.02  -0.02     0.04
  SINCE OCT 1      1.89                      3.96  -2.07     1.27
  SINCE JAN 1      1.01                      1.17  -0.16     0.07

DEGREE DAYS
 HEATING
  YESTERDAY       41                        39      2       31
  MONTH TO DATE   41                        39      2       31
  SINCE MAR 1     41                        39      2       31
  SINCE JUL 1   5013                      6047  -1034     5681

 COOLING
  YESTERDAY        0                         0      0        0
  MONTH TO DATE    0                         0      0        0
  SINCE MAR 1      0                         0      0        0
  SINCE JAN 1      0                         0      0        0
..................................................................


WIND (MPH)
  RESULTANT WIND SPEED  10   RESULTANT WIND DIRECTION   E (80)
  HIGHEST WIND SPEED    17   HIGHEST WIND DIRECTION     E (80)
  HIGHEST GUST SPEED    21   HIGHEST GUST DIRECTION     E (80)
  AVERAGE WIND SPEED    10.0


SKY COVER
  POSSIBLE SUNSHINE  MM
  AVERAGE SKY COVER 0.7


WEATHER CONDITIONS
 THE FOLLOWING WEATHER WAS RECORDED YESTERDAY.
  LIGHT SNOW


RELATIVE HUMIDITY (PERCENT)
 HIGHEST    92           200 AM
 LOWEST     58           300 PM
 AVERAGE    75

..........................................................


THE EVANSTON WY CLIMATE NORMALS FOR TODAY
                         NORMAL    RECORD    YEAR
 MAXIMUM TEMPERATURE (F)   35        MM        MM
 MINIMUM TEMPERATURE (F)   18        MM        MM


SUNRISE AND SUNSET
MARCH  2 2015.........SUNRISE   657 AM MST   SUNSET   616 PM MST
MARCH  3 2015.........SUNRISE   656 AM MST   SUNSET   617 PM MST


-  INDICATES NEGATIVE NUMBERS.
R  INDICATES RECORD WAS SET OR TIED.
MM INDICATES DATA IS MISSING.
T  INDICATES TRACE AMOUNT.




$$
