000
CDUS45 KSLC 171227
CLIEVW


CLIMATE REPORT
NATIONAL WEATHER SERVICE SALT LAKE CITY UT
627 AM MDT WED SEP 17 2014


...................................

...THE EVANSTON WY CLIMATE SUMMARY FOR SEPTEMBER 16 2014...

CLIMATE NORMAL PERIOD 1981 TO 2010
CLIMATE RECORD PERIOD 9999 TO 9999


WEATHER ITEM   OBSERVED TIME   RECORD YEAR NORMAL DEPARTURE LAST
                VALUE   (LST)  VALUE       VALUE  FROM      YEAR
                                                  NORMAL
..................................................................
TEMPERATURE (F)
 YESTERDAY
  MAXIMUM         82    256 PM  MM      MM  69     13       76
  MINIMUM         51    516 AM  MM      MM  42      9       47
  AVERAGE         67                        55     12       62

PRECIPITATION (IN)
  YESTERDAY        T            MM      MM   0.04  -0.04     0.00
  MONTH TO DATE    0.84                      0.64   0.20     1.33
  SINCE OCT 1      7.65                     11.46  -3.81     6.14
  SINCE JAN 1      6.45                      8.67  -2.22     3.91

DEGREE DAYS
 HEATING
  YESTERDAY        0                        10    -10        3
  MONTH TO DATE   92                       119    -27       58
  SINCE SEP 1     92                       119    -27       58
  SINCE JUL 1    212                       222    -10       72

 COOLING
  YESTERDAY        2                         0      2        0
  MONTH TO DATE    3                         0      3       26
  SINCE SEP 1      3                         0      3       26
  SINCE JAN 1    209                       157     52      348
..................................................................


WIND (MPH)
  RESULTANT WIND SPEED   5   RESULTANT WIND DIRECTION  SW (220)
  HIGHEST WIND SPEED    23   HIGHEST WIND DIRECTION    SW (230)
  HIGHEST GUST SPEED    28   HIGHEST GUST DIRECTION    SW (220)
  AVERAGE WIND SPEED     8.9


SKY COVER
  POSSIBLE SUNSHINE  MM
  AVERAGE SKY COVER 0.2


WEATHER CONDITIONS
 THE FOLLOWING WEATHER WAS RECORDED YESTERDAY.
  NO SIGNIFICANT WEATHER WAS OBSERVED.


RELATIVE HUMIDITY (PERCENT)
 HIGHEST    45           700 AM
 LOWEST     21          1200 PM
 AVERAGE    33

..........................................................


THE EVANSTON WY CLIMATE NORMALS FOR TODAY
                         NORMAL    RECORD    YEAR
 MAXIMUM TEMPERATURE (F)   68        MM        MM
 MINIMUM TEMPERATURE (F)   42        MM        MM


SUNRISE AND SUNSET
SEPTEMBER 17 2014.....SUNRISE   707 AM MDT   SUNSET   730 PM MDT
SEPTEMBER 18 2014.....SUNRISE   708 AM MDT   SUNSET   728 PM MDT


-  INDICATES NEGATIVE NUMBERS.
R  INDICATES RECORD WAS SET OR TIED.
MM INDICATES DATA IS MISSING.
T  INDICATES TRACE AMOUNT.




$$
