000
CDUS45 KSLC 261227
CLIEVW


CLIMATE REPORT
NATIONAL WEATHER SERVICE SALT LAKE CITY UT
526 AM MST FRI DEC 26 2014


...................................

...THE EVANSTON WY CLIMATE SUMMARY FOR DECEMBER 25 2014...

CLIMATE NORMAL PERIOD 1981 TO 2010
CLIMATE RECORD PERIOD 9999 TO 9999


WEATHER ITEM   OBSERVED TIME   RECORD YEAR NORMAL DEPARTURE LAST
                VALUE   (LST)  VALUE       VALUE  FROM      YEAR
                                                  NORMAL
..................................................................
TEMPERATURE (F)
 YESTERDAY
  MAXIMUM         34   1204 AM  MM      MM  28      6       23
  MINIMUM         15   1159 PM  MM      MM  13      2       10
  AVERAGE         25                        20      5       17

PRECIPITATION (IN)
  YESTERDAY        0.04         MM      MM   0.01   0.03     0.00
  MONTH TO DATE    0.17                      0.47  -0.30     0.06
  SINCE OCT 1      0.87                      2.68  -1.81     1.20
  SINCE JAN 1     10.00                     12.02  -2.02     5.26

DEGREE DAYS
 HEATING
  YESTERDAY       40                        45     -5       48
  MONTH TO DATE  808                      1105   -297     1175
  SINCE DEC 1    808                      1105   -297     1175
  SINCE JUL 1   2604                      3214   -610     3070

 COOLING
  YESTERDAY        0                         0      0        0
  MONTH TO DATE    0                         0      0        0
  SINCE DEC 1      0                         0      0        0
  SINCE JAN 1    219                       162     57      348
..................................................................


WIND (MPH)
  RESULTANT WIND SPEED   8   RESULTANT WIND DIRECTION  SW (220)
  HIGHEST WIND SPEED    29   HIGHEST WIND DIRECTION    SW (220)
  HIGHEST GUST SPEED    37   HIGHEST GUST DIRECTION    SW (230)
  AVERAGE WIND SPEED    14.7


SKY COVER
  POSSIBLE SUNSHINE  MM
  AVERAGE SKY COVER 1.0


WEATHER CONDITIONS
 THE FOLLOWING WEATHER WAS RECORDED YESTERDAY.
  SNOW
  LIGHT SNOW
  FOG


RELATIVE HUMIDITY (PERCENT)
 HIGHEST   100           400 AM
 LOWEST     69          1200 AM
 AVERAGE    85

..........................................................


THE EVANSTON WY CLIMATE NORMALS FOR TODAY
                         NORMAL    RECORD    YEAR
 MAXIMUM TEMPERATURE (F)   28        MM        MM
 MINIMUM TEMPERATURE (F)   13        MM        MM


SUNRISE AND SUNSET
DECEMBER 26 2014......SUNRISE   749 AM MST   SUNSET   501 PM MST
DECEMBER 27 2014......SUNRISE   749 AM MST   SUNSET   502 PM MST


-  INDICATES NEGATIVE NUMBERS.
R  INDICATES RECORD WAS SET OR TIED.
MM INDICATES DATA IS MISSING.
T  INDICATES TRACE AMOUNT.




$$
