000
CDUS45 KSLC 251237
CLIEVW


CLIMATE REPORT
NATIONAL WEATHER SERVICE SALT LAKE CITY UT
636 AM MDT TUE JUL 25 2017


...................................

...THE EVANSTON WY CLIMATE SUMMARY FOR JULY 24 2017...

CLIMATE NORMAL PERIOD 1981 TO 2010
CLIMATE RECORD PERIOD 9999 TO 9999


WEATHER ITEM   OBSERVED TIME   RECORD YEAR NORMAL DEPARTURE LAST
                VALUE   (LST)  VALUE       VALUE  FROM      YEAR
                                                  NORMAL
..................................................................
TEMPERATURE (F)
 YESTERDAY
  MAXIMUM         87    417 PM  MM      MM  82      5       87
  MINIMUM         58    439 AM  MM      MM  54      4       49
  AVERAGE         73                        68      5       68

PRECIPITATION (IN)
  YESTERDAY        T            MM      MM   0.02  -0.02     0.00
  MONTH TO DATE    0.10                      0.69  -0.59      T
  SINCE OCT 1      6.93                      9.65  -2.72     4.68
  SINCE JAN 1      5.35                      6.86  -1.51     3.69

DEGREE DAYS
 HEATING
  YESTERDAY        0                         1     -1        0
  MONTH TO DATE    2                        36    -34       25
  SINCE JUN 1    129                       266   -137       77
  SINCE JUL 1      2                        36    -34       25

 COOLING
  YESTERDAY        8                         4      4        3
  MONTH TO DATE  167                        55    112       89
  SINCE JUN 1    189                        68    121      147
  SINCE JAN 1    189                        69    120      147
..................................................................


WIND (MPH)
  RESULTANT WIND SPEED   3   RESULTANT WIND DIRECTION  SW (220)
  HIGHEST WIND SPEED    26   HIGHEST WIND DIRECTION    SW (230)
  HIGHEST GUST SPEED    33   HIGHEST GUST DIRECTION    SW (240)
  AVERAGE WIND SPEED     7.6


SKY COVER
  POSSIBLE SUNSHINE  MM
  AVERAGE SKY COVER 0.4


WEATHER CONDITIONS
 THE FOLLOWING WEATHER WAS RECORDED YESTERDAY.
  LIGHT RAIN


RELATIVE HUMIDITY (PERCENT)
 HIGHEST    49           200 AM
 LOWEST     17           300 PM
 AVERAGE    33

..........................................................


THE EVANSTON WY CLIMATE NORMALS FOR TODAY
                         NORMAL    RECORD    YEAR
 MAXIMUM TEMPERATURE (F)   82        MM        MM
 MINIMUM TEMPERATURE (F)   54        MM        MM


SUNRISE AND SUNSET
JULY 25 2017..........SUNRISE   613 AM MDT   SUNSET   848 PM MDT
JULY 26 2017..........SUNRISE   614 AM MDT   SUNSET   847 PM MDT


-  INDICATES NEGATIVE NUMBERS.
R  INDICATES RECORD WAS SET OR TIED.
MM INDICATES DATA IS MISSING.
T  INDICATES TRACE AMOUNT.




$$
