000
CDUS45 KSLC 211231
CLIEVW


CLIMATE REPORT
NATIONAL WEATHER SERVICE SALT LAKE CITY UT
631 AM MDT THU SEP 21 2017


...................................

...THE EVANSTON WY CLIMATE SUMMARY FOR SEPTEMBER 20 2017...

CLIMATE NORMAL PERIOD 1981 TO 2010
CLIMATE RECORD PERIOD 9999 TO 9999


WEATHER ITEM   OBSERVED TIME   RECORD YEAR NORMAL DEPARTURE LAST
                VALUE   (LST)  VALUE       VALUE  FROM      YEAR
                                                  NORMAL
..................................................................
TEMPERATURE (F)
 YESTERDAY
  MAXIMUM         64    457 PM  MM      MM  67     -3       80
  MINIMUM         31    349 AM  MM      MM  41    -10       51
  AVERAGE         48                        54     -6       66

PRECIPITATION (IN)
  YESTERDAY        T            MM      MM   0.05  -0.05     0.00
  MONTH TO DATE    T                         0.83  -0.83     0.61
  SINCE OCT 1      6.94                     11.65  -4.71     5.47
  SINCE JAN 1      5.36                      8.86  -3.50     4.48

DEGREE DAYS
 HEATING
  YESTERDAY       17                        11      6        0
  MONTH TO DATE  112                       162    -50      134
  SINCE SEP 1    112                       162    -50      134
  SINCE JUL 1    136                       265   -129      193

 COOLING
  YESTERDAY        0                         0      0        1
  MONTH TO DATE   37                         0     37        7
  SINCE SEP 1     37                         0     37        7
  SINCE JAN 1    333                       157    176      293
..................................................................


WIND (MPH)
  RESULTANT WIND SPEED   9   RESULTANT WIND DIRECTION  SW (230)
  HIGHEST WIND SPEED    28   HIGHEST WIND DIRECTION    SW (210)
  HIGHEST GUST SPEED    36   HIGHEST GUST DIRECTION     W (250)
  AVERAGE WIND SPEED    12.3


SKY COVER
  POSSIBLE SUNSHINE  MM
  AVERAGE SKY COVER 0.3


WEATHER CONDITIONS
 THE FOLLOWING WEATHER WAS RECORDED YESTERDAY.
  LIGHT RAIN


RELATIVE HUMIDITY (PERCENT)
 HIGHEST    92           400 AM
 LOWEST     28           400 PM
 AVERAGE    60

..........................................................


THE EVANSTON WY CLIMATE NORMALS FOR TODAY
                         NORMAL    RECORD    YEAR
 MAXIMUM TEMPERATURE (F)   67        MM        MM
 MINIMUM TEMPERATURE (F)   40        MM        MM


SUNRISE AND SUNSET
SEPTEMBER 21 2017.....SUNRISE   711 AM MDT   SUNSET   722 PM MDT
SEPTEMBER 22 2017.....SUNRISE   712 AM MDT   SUNSET   721 PM MDT


-  INDICATES NEGATIVE NUMBERS.
R  INDICATES RECORD WAS SET OR TIED.
MM INDICATES DATA IS MISSING.
T  INDICATES TRACE AMOUNT.




$$
