000
CDUS42 KMHX 310535
CLIEWN


CLIMATE REPORT
NATIONAL WEATHER SERVICE NEWPORT/MOREHEAD CITY NC
134 AM EDT TUE MAY 31 2016


...................................

...THE NEW BERN NC CLIMATE SUMMARY FOR MAY 30 2016...

CLIMATE NORMAL PERIOD 1981 TO 2010
CLIMATE RECORD PERIOD 1948 TO 2016


WEATHER ITEM   OBSERVED TIME   RECORD YEAR NORMAL DEPARTURE LAST
                VALUE   (LST)  VALUE       VALUE  FROM      YEAR
                                                  NORMAL
..................................................................
TEMPERATURE (F)
 YESTERDAY
  MAXIMUM         82   1047 AM  96    1991  84     -2       86
  MINIMUM         70   1147 PM  53    2008  63      7       64
                                      1951
  AVERAGE         76                        73      3       75

PRECIPITATION (IN)
  YESTERDAY        0.40          3.89 1984   0.15   0.25     0.00
  MONTH TO DATE    5.35                      4.00   1.35     2.83
  SINCE MAR 1     10.36                     11.56  -1.20     8.45
  SINCE JAN 1     21.38                     19.24   2.14    16.82

SNOWFALL (IN)
  YESTERDAY        0.0
  MONTH TO DATE    0.0
  SINCE NOV 1      T
  SINCE JUL 1      T
  SNOW DEPTH       0

DEGREE DAYS
 HEATING
  YESTERDAY        0                         0      0        0
  MONTH TO DATE   34                        32      2       19
  SINCE MAR 1    424                       553   -129      476
  SINCE JUL 1   2112                      2699   -587     2719

 COOLING
  YESTERDAY       11                         8      3       10
  MONTH TO DATE  159                       164     -5      191
  SINCE MAR 1    260                       231     29      279
  SINCE JAN 1    260                       234     26      286
..................................................................


WIND (MPH)
  HIGHEST WIND SPEED    20   HIGHEST WIND DIRECTION    NW (300)
  HIGHEST GUST SPEED    26   HIGHEST GUST DIRECTION    NW (300)
  AVERAGE WIND SPEED     5.2


SKY COVER
  POSSIBLE SUNSHINE  MM
  AVERAGE SKY COVER 0.5


WEATHER CONDITIONS
 THE FOLLOWING WEATHER WAS RECORDED YESTERDAY.
  HEAVY RAIN
  LIGHT RAIN
  FOG


RELATIVE HUMIDITY (PERCENT)
 HIGHEST    93          1200 AM
 LOWEST     74          1000 AM
 AVERAGE    84

..........................................................


THE NEW BERN NC CLIMATE NORMALS FOR TODAY
                         NORMAL    RECORD    YEAR
 MAXIMUM TEMPERATURE (F)   84        98      2011
 MINIMUM TEMPERATURE (F)   63        50      1967


SUNRISE AND SUNSET
MAY 31 2016...........SUNRISE   555 AM EDT   SUNSET   817 PM EDT
JUNE  1 2016..........SUNRISE   555 AM EDT   SUNSET   817 PM EDT


-  INDICATES NEGATIVE NUMBERS.
R  INDICATES RECORD WAS SET OR TIED.
MM INDICATES DATA IS MISSING.
T  INDICATES TRACE AMOUNT.




$$
