000
CDUS42 KMHX 180632
CLIEWN


CLIMATE REPORT
NATIONAL WEATHER SERVICE NEWPORT/MOREHEAD CITY NC
132 AM EST WED JAN 18 2017


...................................

...THE NEW BERN NC CLIMATE SUMMARY FOR JANUARY 17 2017...

CLIMATE NORMAL PERIOD 1981 TO 2010
CLIMATE RECORD PERIOD 1948 TO 2017


WEATHER ITEM   OBSERVED TIME   RECORD YEAR NORMAL DEPARTURE LAST
                VALUE   (LST)  VALUE       VALUE  FROM      YEAR
                                                  NORMAL
..................................................................
TEMPERATURE (F)
 YESTERDAY
  MAXIMUM         72    330 PM  78    1949  54     18       48
  MINIMUM         42    626 AM  10    1977  34      8       31
  AVERAGE         57                        44     13       40

PRECIPITATION (IN)
  YESTERDAY        0.00          1.21 2011   0.14  -0.14     0.30
  MONTH TO DATE    2.86                      2.26   0.60     1.62
  SINCE DEC 1      6.36                      5.66   0.70     8.04
  SINCE JAN 1      2.86                      2.26   0.60     1.62

SNOWFALL (IN)
  YESTERDAY        0.0
  MONTH TO DATE    T
  SINCE NOV 1      T
  SINCE JUL 1      T
  SNOW DEPTH       0

DEGREE DAYS
 HEATING
  YESTERDAY        8                        21    -13       25
  MONTH TO DATE  295                       357    -62      345
  SINCE DEC 1    833                       924    -91      549
  SINCE JUL 1   1228                      1351   -123      832

 COOLING
  YESTERDAY        0                         0      0        0
  MONTH TO DATE    0                         0      0        0
  SINCE DEC 1      0                         3     -3       49
  SINCE JAN 1      0                         0      0        0
..................................................................


WIND (MPH)
  HIGHEST WIND SPEED    16   HIGHEST WIND DIRECTION     S (200)
  HIGHEST GUST SPEED    22   HIGHEST GUST DIRECTION    SW (210)
  AVERAGE WIND SPEED     4.2


SKY COVER
  POSSIBLE SUNSHINE  MM
  AVERAGE SKY COVER 0.5


WEATHER CONDITIONS
 THE FOLLOWING WEATHER WAS RECORDED YESTERDAY.
  NO SIGNIFICANT WEATHER WAS OBSERVED.


RELATIVE HUMIDITY (PERCENT)
 HIGHEST    96           700 AM
 LOWEST     61           300 PM
 AVERAGE    79

..........................................................


THE NEW BERN NC CLIMATE NORMALS FOR TODAY
                         NORMAL    RECORD    YEAR
 MAXIMUM TEMPERATURE (F)   54        74      1990
 MINIMUM TEMPERATURE (F)   34        14      1959


SUNRISE AND SUNSET
JANUARY 18 2017.......SUNRISE   715 AM EST   SUNSET   523 PM EST
JANUARY 19 2017.......SUNRISE   714 AM EST   SUNSET   524 PM EST


-  INDICATES NEGATIVE NUMBERS.
R  INDICATES RECORD WAS SET OR TIED.
MM INDICATES DATA IS MISSING.
T  INDICATES TRACE AMOUNT.




$$
