679
CDUS42 KMHX 100526
CLIEWN


CLIMATE REPORT
NATIONAL WEATHER SERVICE NEWPORT/MOREHEAD CITY NC
1226 AM EST WED FEB 10 2016


...................................

...THE NEW BERN NC CLIMATE SUMMARY FOR FEBRUARY 9 2016...

CLIMATE NORMAL PERIOD 1981 TO 2010
CLIMATE RECORD PERIOD 1948 TO 2016


WEATHER ITEM   OBSERVED TIME   RECORD YEAR NORMAL DEPARTURE LAST
                VALUE   (LST)  VALUE       VALUE  FROM      YEAR
                                                  NORMAL
..................................................................
TEMPERATURE (F)
 YESTERDAY
  MAXIMUM         50    206 PM  81    1994  57     -7       76
  MINIMUM         37    750 AM  18    1979  35      2       51
  AVERAGE         44                        46     -2       64

PRECIPITATION (IN)
  YESTERDAY        T             1.37 1967   0.12  -0.12     0.00
  MONTH TO DATE    5.96                      1.12   4.84     1.21
  SINCE DEC 1     16.09                      8.54   7.55     9.85
  SINCE JAN 1      9.67                      5.14   4.53     5.70

SNOWFALL (IN)
  YESTERDAY       MM
  MONTH TO DATE    0.0
  SINCE NOV 1      T
  SINCE JUL 1      T
  SNOW DEPTH       0

DEGREE DAYS
 HEATING
  YESTERDAY       21                        19      2        1
  MONTH TO DATE  135                       175    -40      166
  SINCE DEC 1    957                      1388   -431     1241
  SINCE JUL 1   1240                      1815   -575     1686

 COOLING
  YESTERDAY        0                         0      0        0
  MONTH TO DATE    0                         0      0        0
  SINCE DEC 1     49                         4     45        7
  SINCE JAN 1      0                         1     -1        7
..................................................................


WIND (MPH)
  HIGHEST WIND SPEED    18   HIGHEST WIND DIRECTION     W (260)
  HIGHEST GUST SPEED    24   HIGHEST GUST DIRECTION     W (270)
  AVERAGE WIND SPEED     9.8


SKY COVER
  POSSIBLE SUNSHINE  MM
  AVERAGE SKY COVER 0.7


WEATHER CONDITIONS
 THE FOLLOWING WEATHER WAS RECORDED YESTERDAY.
  LIGHT RAIN
  FOG


RELATIVE HUMIDITY (PERCENT)
 HIGHEST    92           500 AM
 LOWEST     45           300 PM
 AVERAGE    69

..........................................................


THE NEW BERN NC CLIMATE NORMALS FOR TODAY
                         NORMAL    RECORD    YEAR
 MAXIMUM TEMPERATURE (F)   57        80      1959
 MINIMUM TEMPERATURE (F)   36        12      1979


SUNRISE AND SUNSET
FEBRUARY 10 2016......SUNRISE   700 AM EST   SUNSET   545 PM EST
FEBRUARY 11 2016......SUNRISE   659 AM EST   SUNSET   546 PM EST


-  INDICATES NEGATIVE NUMBERS.
R  INDICATES RECORD WAS SET OR TIED.
MM INDICATES DATA IS MISSING.
T  INDICATES TRACE AMOUNT.




$$
