000
CDUS42 KMHX 180526
CLIEWN


CLIMATE REPORT
NATIONAL WEATHER SERVICE NEWPORT/MOREHEAD CITY NC
1226 AM EST SUN FEB 18 2018


...................................

...THE NEW BERN NC CLIMATE SUMMARY FOR FEBRUARY 17 2018...

CLIMATE NORMAL PERIOD 1981 TO 2010
CLIMATE RECORD PERIOD 1948 TO 2018


WEATHER ITEM   OBSERVED TIME   RECORD YEAR NORMAL DEPARTURE LAST
                VALUE   (LST)  VALUE       VALUE  FROM      YEAR
                                                  NORMAL
..................................................................
TEMPERATURE (F)
 YESTERDAY
  MAXIMUM         61   1218 AM  82    1976  58      3       64
  MINIMUM         47    956 AM  14    1958  36     11       27
  AVERAGE         54                        47      7       46

PRECIPITATION (IN)
  YESTERDAY        0.01          1.34 1983   0.14  -0.13     0.00
  MONTH TO DATE    0.90                      2.14  -1.24     1.97
  SINCE DEC 1     10.19                      9.56   0.63     9.72
  SINCE JAN 1      5.96                      6.16  -0.20     6.22

SNOWFALL (IN)
  YESTERDAY        0.0
  MONTH TO DATE    0.0
  SINCE NOV 1      6.0
  SINCE JUL 1      6.0
  SNOW DEPTH       0

DEGREE DAYS
 HEATING
  YESTERDAY       11                        18     -7       19
  MONTH TO DATE  237                       322    -85      243
  SINCE DEC 1   1672                      1535    137     1271
  SINCE JUL 1   2111                      1962    149     1666

 COOLING
  YESTERDAY        0                         0      0        0
  MONTH TO DATE   12                         0     12        6
  SINCE DEC 1     15                         4     11        6
  SINCE JAN 1     15                         1     14        6
..................................................................


WIND (MPH)
  HIGHEST WIND SPEED    25   HIGHEST WIND DIRECTION    NE (50)
  HIGHEST GUST SPEED    29   HIGHEST GUST DIRECTION    NE (50)
  AVERAGE WIND SPEED     8.0


SKY COVER
  POSSIBLE SUNSHINE  MM
  AVERAGE SKY COVER 1.0


WEATHER CONDITIONS
 THE FOLLOWING WEATHER WAS RECORDED YESTERDAY.
  LIGHT RAIN
  FOG


RELATIVE HUMIDITY (PERCENT)
 HIGHEST   100          1100 PM
 LOWEST     74           100 PM
 AVERAGE    87

..........................................................


THE NEW BERN NC CLIMATE NORMALS FOR TODAY
                         NORMAL    RECORD    YEAR
 MAXIMUM TEMPERATURE (F)   58        80      1976
 MINIMUM TEMPERATURE (F)   36        11      1958


SUNRISE AND SUNSET
FEBRUARY 18 2018......SUNRISE   651 AM EST   SUNSET   554 PM EST
FEBRUARY 19 2018......SUNRISE   650 AM EST   SUNSET   555 PM EST


-  INDICATES NEGATIVE NUMBERS.
R  INDICATES RECORD WAS SET OR TIED.
MM INDICATES DATA IS MISSING.
T  INDICATES TRACE AMOUNT.




$$
