000
CDUS42 KMHX 302136
CLIEWN


CLIMATE REPORT
NATIONAL WEATHER SERVICE NEWPORT/MOREHEAD CITY NC
536 PM EDT SUN APR 30 2017


...................................

...THE NEW BERN NC CLIMATE SUMMARY FOR APRIL 30 2017...
VALID TODAY AS OF 0500 PM LOCAL TIME.

CLIMATE NORMAL PERIOD 1981 TO 2010
CLIMATE RECORD PERIOD 1948 TO 2017


WEATHER ITEM   OBSERVED TIME   RECORD YEAR NORMAL DEPARTURE LAST
                VALUE   (LST)  VALUE       VALUE  FROM      YEAR
                                                  NORMAL
..................................................................
TEMPERATURE (F)
 TODAY
  MAXIMUM         85    346 PM  91    1974  77      8       66
  MINIMUM         69    343 AM  39    1967  54     15       57
  AVERAGE         77                        65     12       62

PRECIPITATION (IN)
  TODAY            0.00          1.60 1956   0.10  -0.10     0.00
  MONTH TO DATE    4.37                      3.17   1.20     1.68
  SINCE MAR 1      8.40                      7.56   0.84     5.01
  SINCE JAN 1     14.62                     15.24  -0.62    16.03

SNOWFALL (IN)
  TODAY            0.0
  MONTH TO DATE    0.0
  SINCE NOV 1      T
  SINCE JUL 1      T
  SNOW DEPTH       0

DEGREE DAYS
 HEATING
  TODAY            0                         3     -3        3
  MONTH TO DATE   55                       153    -98      173
  SINCE MAR 1    466                       521    -55      390
  SINCE JUL 1   2206                      2667   -461     2078

 COOLING
  TODAY           12                         3      9        0
  MONTH TO DATE  131                        56     75       53
  SINCE MAR 1    142                        67     75      101
  SINCE JAN 1    148                        70     78      101
..................................................................


WIND (MPH)
  HIGHEST WIND SPEED    18   HIGHEST WIND DIRECTION     S (190)
  HIGHEST GUST SPEED    26   HIGHEST GUST DIRECTION    SW (210)
  AVERAGE WIND SPEED     8.8


SKY COVER
  POSSIBLE SUNSHINE  MM
  AVERAGE SKY COVER 0.4


WEATHER CONDITIONS
 THE FOLLOWING WEATHER WAS RECORDED TODAY.
  NO SIGNIFICANT WEATHER WAS OBSERVED.


RELATIVE HUMIDITY (PERCENT)
 HIGHEST   100          1200 AM
 LOWEST     55           300 PM
 AVERAGE    78

..........................................................


THE NEW BERN NC CLIMATE NORMALS FOR TOMORROW
                         NORMAL    RECORD    YEAR
 MAXIMUM TEMPERATURE (F)   77        94      1986
 MINIMUM TEMPERATURE (F)   54        35      1963


SUNRISE AND SUNSET
APRIL 30 2017.........SUNRISE   618 AM EDT   SUNSET   753 PM EDT
MAY  1 2017...........SUNRISE   617 AM EDT   SUNSET   754 PM EDT


-  INDICATES NEGATIVE NUMBERS.
R  INDICATES RECORD WAS SET OR TIED.
MM INDICATES DATA IS MISSING.
T  INDICATES TRACE AMOUNT.




$$
