000
CDUS41 KOKX 282032
CLIEWR


CLIMATE REPORT
NATIONAL WEATHER SERVICE NEW YORK NY
432 PM EDT THU JUL 28 2016


...................................

...THE NEWARK NJ CLIMATE SUMMARY FOR JULY 28 2016...
VALID TODAY AS OF 0400 PM LOCAL TIME.

CLIMATE NORMAL PERIOD 1981 TO 2010
CLIMATE RECORD PERIOD 1929 TO 2016


WEATHER ITEM   OBSERVED TIME   RECORD YEAR NORMAL DEPARTURE LAST
                VALUE   (LST)  VALUE       VALUE  FROM      YEAR
                                                  NORMAL
..................................................................
TEMPERATURE (F)
 TODAY
  MAXIMUM         93   1145 AM 101    1949  86      7       94
  MINIMUM         75    455 AM  58    1962  69      6       72
  AVERAGE         84                        77      7       83

PRECIPITATION (IN)
  TODAY            0.00          2.89 1951   0.17  -0.17     0.00
  MONTH TO DATE    4.14                      4.24  -0.10     1.85
  SINCE JUN 1      6.54                      8.26  -1.72     7.75
  SINCE JAN 1     20.94                     27.15  -6.21    25.36

SNOWFALL (IN)
  TODAY            0.0           0.0  2002   0.0    0.0      0.0
                                      2001
  MONTH TO DATE    0.0                       0.0    0.0      0.0
  SINCE OCT 1     32.8                      28.5    4.3     46.4
  SINCE JUL 1      0.0                       0.0    0.0      0.0
  SNOW DEPTH       0

DEGREE DAYS
 HEATING
  TODAY            0                         0      0        0
  MONTH TO DATE    0                         0      0        0
  SINCE JUN 1      4                        17    -13       29
  SINCE JUL 1      0                         0      0        0

 COOLING
  TODAY           19                        12      7       18
  MONTH TO DATE  431                       350     81      384
  SINCE JUN 1    681                       589     92      633
  SINCE JAN 1    799                       665    134      793
..................................................................


WIND (MPH)
  HIGHEST WIND SPEED    17   HIGHEST WIND DIRECTION     S (170)
  HIGHEST GUST SPEED    21   HIGHEST GUST DIRECTION     S (170)
  AVERAGE WIND SPEED     5.1


SKY COVER
  AVERAGE SKY COVER 0.5


WEATHER CONDITIONS
 THE FOLLOWING WEATHER WAS RECORDED TODAY.
  NO SIGNIFICANT WEATHER WAS OBSERVED.


RELATIVE HUMIDITY (PERCENT)
 HIGHEST    82           400 AM
 LOWEST     36          1000 AM
 AVERAGE    59

..........................................................


THE NEWARK NJ CLIMATE NORMALS FOR TOMORROW
                         NORMAL    RECORD    YEAR
 MAXIMUM TEMPERATURE (F)   86       100      1949
 MINIMUM TEMPERATURE (F)   69        59      1937


SUNRISE AND SUNSET
JULY 28 2016..........SUNRISE   550 AM EDT   SUNSET   816 PM EDT
JULY 29 2016..........SUNRISE   551 AM EDT   SUNSET   815 PM EDT


-  INDICATES NEGATIVE NUMBERS.
R  INDICATES RECORD WAS SET OR TIED.
MM INDICATES DATA IS MISSING.
T  INDICATES TRACE AMOUNT.




$$
