000
CDUS41 KOKX 250616
CLIEWR


CLIMATE REPORT
NATIONAL WEATHER SERVICE NEW YORK NY
216 AM EDT MON MAY 25 2015


...................................

...THE NEWARK NJ CLIMATE SUMMARY FOR MAY 24 2015...

CLIMATE NORMAL PERIOD 1981 TO 2010
CLIMATE RECORD PERIOD 1929 TO 2015


WEATHER ITEM   OBSERVED TIME   RECORD YEAR NORMAL DEPARTURE LAST
                VALUE   (LST)  VALUE       VALUE  FROM      YEAR
                                                  NORMAL
..................................................................
TEMPERATURE (F)
 YESTERDAY
  MAXIMUM         82    457 PM  93    1964  75      7       71
  MINIMUM         49    324 AM  40    1963  56     -7       56
  AVERAGE         66                        65      1       64

PRECIPITATION (IN)
  YESTERDAY        0.00          2.58 1978   0.14  -0.14     0.27
  MONTH TO DATE    0.90                      3.10  -2.20     4.03
  SINCE MAR 1      7.20                     11.48  -4.28    15.63
  SINCE JAN 1     13.68                     17.90  -4.22    23.35

SNOWFALL (IN)
  YESTERDAY        0.0           0.0  2002   0.0    0.0      0.0
                                      2001
  MONTH TO DATE    0.0                       0.0    0.0      0.0
  SINCE OCT 1     46.4                      28.5   17.9     61.1
  SINCE JUL 1     46.4                      28.5   17.9     61.1
  SNOW DEPTH       0

DEGREE DAYS
 HEATING
  YESTERDAY        0                         3     -3        1
  MONTH TO DATE   48                       120    -72       66
  SINCE MAR 1   1211                      1205      6     1283
  SINCE JUL 1   5114                      4840    274     5158

 COOLING
  YESTERDAY        1                         3     -2        0
  MONTH TO DATE   75                        38     37       28
  SINCE MAR 1     78                        50     28       36
  SINCE JAN 1     78                        50     28       36
..................................................................


WIND (MPH)
  HIGHEST WIND SPEED    18   HIGHEST WIND DIRECTION    SW (240)
  HIGHEST GUST SPEED    22   HIGHEST GUST DIRECTION    SW (230)
  AVERAGE WIND SPEED     9.4


SKY COVER
  AVERAGE SKY COVER 0.6


WEATHER CONDITIONS
 THE FOLLOWING WEATHER WAS RECORDED YESTERDAY.
  NO SIGNIFICANT WEATHER WAS OBSERVED.


RELATIVE HUMIDITY (PERCENT)
 HIGHEST    74           500 AM
 LOWEST     18           500 PM
 AVERAGE    46

..........................................................


THE NEWARK NJ CLIMATE NORMALS FOR TODAY
                         NORMAL    RECORD    YEAR
 MAXIMUM TEMPERATURE (F)   75        93      1991
 MINIMUM TEMPERATURE (F)   56        42      1956


SUNRISE AND SUNSET
MAY 25 2015...........SUNRISE   532 AM EDT   SUNSET   816 PM EDT
MAY 26 2015...........SUNRISE   531 AM EDT   SUNSET   817 PM EDT


-  INDICATES NEGATIVE NUMBERS.
R  INDICATES RECORD WAS SET OR TIED.
MM INDICATES DATA IS MISSING.
T  INDICATES TRACE AMOUNT.




$$
