000
CDUS41 KOKX 270617
CLIEWR


CLIMATE REPORT
NATIONAL WEATHER SERVICE NEW YORK NY
116 AM EST MON FEB 27 2017


...................................

...THE NEWARK NJ CLIMATE SUMMARY FOR FEBRUARY 26 2017...

CLIMATE NORMAL PERIOD 1981 TO 2010
CLIMATE RECORD PERIOD 1929 TO 2017


WEATHER ITEM   OBSERVED TIME   RECORD YEAR NORMAL DEPARTURE LAST
                VALUE   (LST)  VALUE       VALUE  FROM      YEAR
                                                  NORMAL
..................................................................
TEMPERATURE (F)
 YESTERDAY
  MAXIMUM         46   1206 AM  68    2002  45      1       39
  MINIMUM         32   1159 PM   8    1990  29      3       28
  AVERAGE         39                        37      2       34

PRECIPITATION (IN)
  YESTERDAY        T             1.57 1939   0.10  -0.10      T
  MONTH TO DATE    2.09                      2.65  -0.56     4.01
  SINCE DEC 1      9.65                     10.00  -0.35    12.42
  SINCE JAN 1      6.74                      6.19   0.55     8.02

SNOWFALL (IN)
  YESTERDAY        0.0           8.2  2010   0.3   -0.3       T
  MONTH TO DATE    7.9                       8.8   -0.9      5.2
  SINCE OCT 1     20.6                      22.5   -1.9     31.2
  SINCE JUL 1     20.6                      22.5   -1.9     31.2
  SNOW DEPTH       0

DEGREE DAYS
 HEATING
  YESTERDAY       26                        28     -2       31
  MONTH TO DATE  618                       796   -178      740
  SINCE DEC 1   2291                      2712   -421     2181
  SINCE JUL 1   2974                      3580   -606     2813

 COOLING
  YESTERDAY        0                         0      0        0
  MONTH TO DATE    0                         0      0        0
  SINCE DEC 1      0                         0      0        0
  SINCE JAN 1      0                         0      0        0
..................................................................


WIND (MPH)
  HIGHEST WIND SPEED    28   HIGHEST WIND DIRECTION     W (280)
  HIGHEST GUST SPEED    35   HIGHEST GUST DIRECTION     W (280)
  AVERAGE WIND SPEED    15.8


SKY COVER
  AVERAGE SKY COVER 0.5


WEATHER CONDITIONS
 THE FOLLOWING WEATHER WAS RECORDED YESTERDAY.
  LIGHT RAIN


RELATIVE HUMIDITY (PERCENT)
 HIGHEST    62           100 AM
 LOWEST     30          1200 PM
 AVERAGE    46

..........................................................


THE NEWARK NJ CLIMATE NORMALS FOR TODAY
                         NORMAL    RECORD    YEAR
 MAXIMUM TEMPERATURE (F)   45        74      1997
 MINIMUM TEMPERATURE (F)   29         7      1934


SUNRISE AND SUNSET
FEBRUARY 27 2017......SUNRISE   633 AM EST   SUNSET   546 PM EST
FEBRUARY 28 2017......SUNRISE   632 AM EST   SUNSET   547 PM EST


-  INDICATES NEGATIVE NUMBERS.
R  INDICATES RECORD WAS SET OR TIED.
MM INDICATES DATA IS MISSING.
T  INDICATES TRACE AMOUNT.




$$
