000
CDUS41 KOKX 242033
CLIEWR


CLIMATE REPORT
NATIONAL WEATHER SERVICE NEW YORK NY
432 PM EDT SAT JUN 24 2017


...................................

...THE NEWARK NJ CLIMATE SUMMARY FOR JUNE 24 2017...
VALID TODAY AS OF 0400 PM LOCAL TIME.

CLIMATE NORMAL PERIOD 1981 TO 2010
CLIMATE RECORD PERIOD 1929 TO 2017


WEATHER ITEM   OBSERVED TIME   RECORD YEAR NORMAL DEPARTURE LAST
                VALUE   (LST)  VALUE       VALUE  FROM      YEAR
                                                  NORMAL
..................................................................
TEMPERATURE (F)
 TODAY
  MAXIMUM         88    220 PM  97    1966  84      4       83
  MINIMUM         69    715 AM  49    1932  66      3       68
  AVERAGE         79                        75      4       76

PRECIPITATION (IN)
  TODAY            1.56R         1.32 1984   0.12   1.44     0.00
  MONTH TO DATE    5.14                      3.27   1.87     1.63
  SINCE JUN 1      5.14                      3.27   1.87     1.63
  SINCE JAN 1     27.68                     22.16   5.52    16.03

SNOWFALL (IN)
  TODAY            0.0           0.0  2002   0.0    0.0      0.0
                                      2001
  MONTH TO DATE    0.0                       0.0    0.0      0.0
  SINCE OCT 1     30.0                      28.5    1.5     32.8
  SINCE JUL 1     30.0                      28.5    1.5     32.8
  SNOW DEPTH       0

DEGREE DAYS
 HEATING
  TODAY            0                         0      0        0
  MONTH TO DATE   18                        15      3        4
  SINCE JUN 1     18                        15      3        4
  SINCE JUL 1   4233                      4870   -637     3899

 COOLING
  TODAY           14                        10      4       11
  MONTH TO DATE  199                       174     25      185
  SINCE JUN 1    199                       174     25      185
  SINCE JAN 1    294                       250     44      303
..................................................................


WIND (MPH)
  HIGHEST WIND SPEED    26   HIGHEST WIND DIRECTION     W (280)
  HIGHEST GUST SPEED    36   HIGHEST GUST DIRECTION     W (280)
  AVERAGE WIND SPEED    13.1


SKY COVER
  AVERAGE SKY COVER 0.6


WEATHER CONDITIONS
 THE FOLLOWING WEATHER WAS RECORDED TODAY.
  HEAVY RAIN
  RAIN
  LIGHT RAIN
  FOG


RELATIVE HUMIDITY (PERCENT)
 HIGHEST   100           500 AM
 LOWEST     31           300 PM
 AVERAGE    66

..........................................................


THE NEWARK NJ CLIMATE NORMALS FOR TOMORROW
                         NORMAL    RECORD    YEAR
 MAXIMUM TEMPERATURE (F)   84       100      1943
 MINIMUM TEMPERATURE (F)   66        53      1932


SUNRISE AND SUNSET
JUNE 24 2017..........SUNRISE   527 AM EDT   SUNSET   832 PM EDT
JUNE 25 2017..........SUNRISE   527 AM EDT   SUNSET   832 PM EDT


-  INDICATES NEGATIVE NUMBERS.
R  INDICATES RECORD WAS SET OR TIED.
MM INDICATES DATA IS MISSING.
T  INDICATES TRACE AMOUNT.




$$
