951
CDUS43 KIND 220531
CLIEYE


CLIMATE REPORT
NATIONAL WEATHER SERVICE INDIANAPOLIS IN
131 AM EDT FRI MAY 22 2015


...................................

...THE INDIANAPOLIS EAGLE CREEK IN CLIMATE SUMMARY FOR MAY 21 2015...

CLIMATE NORMAL PERIOD 1981 TO 2010
CLIMATE RECORD PERIOD 9999 TO 9999


WEATHER ITEM   OBSERVED TIME   NORMAL DEPARTURE LAST
                VALUE   (LST)  VALUE  FROM      YEAR
                                      NORMAL
......................................................
TEMPERATURE (F)
 YESTERDAY
  MAXIMUM         63    553 PM  74    -11       84
  MINIMUM         47    823 AM  55     -8       65
  AVERAGE         55            64     -9       75

PRECIPITATION (IN)
  YESTERDAY        0.00          0.17  -0.17     1.34
  MONTH TO DATE    1.10          3.95  -2.85     3.87
  SINCE MAR 1      9.23         11.15  -1.92    11.53
  SINCE JAN 1     11.71         15.49  -3.78    15.91

DEGREE DAYS
 HEATING
  YESTERDAY       10             3      7        0
  MONTH TO DATE   75           114    -39      143
  SINCE MAR 1   1227          1184     43     1395
  SINCE JUL 1   5913          5309    604     6221

 COOLING
  YESTERDAY        0             3     -3       10
  MONTH TO DATE   69            34     35       46
  SINCE MAR 1     73            49     24       51
  SINCE JAN 1     73            49     24       51
......................................................


WIND (MPH)
  HIGHEST WIND SPEED    16   HIGHEST WIND DIRECTION     W (290)
  HIGHEST GUST SPEED    21   HIGHEST GUST DIRECTION     W (290)
  AVERAGE WIND SPEED     8.5


SKY COVER
  AVERAGE SKY COVER 0.7


WEATHER CONDITIONS
 THE FOLLOWING WEATHER WAS RECORDED YESTERDAY.
  NO SIGNIFICANT WEATHER WAS OBSERVED.


RELATIVE HUMIDITY (PERCENT)
 HIGHEST    93           100 AM
 LOWEST     36           600 PM
 AVERAGE    65

..........................................................


THE INDIANAPOLIS EAGLE CREEK IN CLIMATE NORMALS FOR TODAY
                         NORMAL
 MAXIMUM TEMPERATURE (F)   74
 MINIMUM TEMPERATURE (F)   55


SUNRISE AND SUNSET
MAY 22 2015...........SUNRISE   625 AM EDT   SUNSET   859 PM EDT
MAY 23 2015...........SUNRISE   624 AM EDT   SUNSET   900 PM EDT


-  INDICATES NEGATIVE NUMBERS.
R  INDICATES RECORD WAS SET OR TIED.
MM INDICATES DATA IS MISSING.
T  INDICATES TRACE AMOUNT.




$$
