000
CDUS43 KIND 230536
CLIEYE


CLIMATE REPORT
NATIONAL WEATHER SERVICE INDIANAPOLIS IN
136 AM EDT WED APR 23 2014


...................................

...THE INDIANAPOLIS EAGLE CREEK IN CLIMATE SUMMARY FOR APRIL 22 2014...

CLIMATE NORMAL PERIOD 1981 TO 2010
CLIMATE RECORD PERIOD 9999 TO 9999


WEATHER ITEM   OBSERVED TIME   NORMAL DEPARTURE LAST
                VALUE   (LST)  VALUE  FROM      YEAR
                                      NORMAL
......................................................
TEMPERATURE (F)
 YESTERDAY
  MAXIMUM         60    214 AM  65     -5       66
  MINIMUM         43   1156 PM  46     -3       34
  AVERAGE         52            55     -3       50

PRECIPITATION (IN)
  YESTERDAY        T             0.12  -0.12     0.00
  MONTH TO DATE    4.53          2.58   1.95     4.51
  SINCE MAR 1      5.51          5.88  -0.37     5.97
  SINCE JAN 1      9.89         10.22  -0.33    12.91

DEGREE DAYS
 HEATING
  YESTERDAY       13            10      3       15
  MONTH TO DATE  299           298      1      312
  SINCE MAR 1   1196           998    198     1238
  SINCE JUL 1   6022          5123    899     5352

 COOLING
  YESTERDAY        0             1     -1        0
  MONTH TO DATE    5            12     -7        3
  SINCE MAR 1      5            13     -8        3
  SINCE JAN 1      5            13     -8        3
......................................................


WIND (MPH)
  HIGHEST WIND SPEED    23   HIGHEST WIND DIRECTION     N (340)
  HIGHEST GUST SPEED    30   HIGHEST GUST DIRECTION    NW (330)
  AVERAGE WIND SPEED    11.3


SKY COVER
  AVERAGE SKY COVER 0.3


WEATHER CONDITIONS
 THE FOLLOWING WEATHER WAS RECORDED YESTERDAY.
  LIGHT RAIN
  FOG
  HAZE


RELATIVE HUMIDITY (PERCENT)
 HIGHEST    93           400 AM
 LOWEST     40           300 PM
 AVERAGE    67

..........................................................


THE INDIANAPOLIS EAGLE CREEK IN CLIMATE NORMALS FOR TODAY
                         NORMAL
 MAXIMUM TEMPERATURE (F)   65
 MINIMUM TEMPERATURE (F)   46


SUNRISE AND SUNSET
APRIL 23 2014.........SUNRISE   656 AM EDT   SUNSET   832 PM EDT
APRIL 24 2014.........SUNRISE   655 AM EDT   SUNSET   833 PM EDT


-  INDICATES NEGATIVE NUMBERS.
R  INDICATES RECORD WAS SET OR TIED.
MM INDICATES DATA IS MISSING.
T  INDICATES TRACE AMOUNT.




$$
