000
CDUS43 KIND 180531
CLIEYE


CLIMATE REPORT
NATIONAL WEATHER SERVICE INDIANAPOLIS IN
130 AM EDT WED OCT 18 2017


...................................

...THE INDIANAPOLIS EAGLE CREEK IN CLIMATE SUMMARY FOR OCTOBER 17 2017...

CLIMATE NORMAL PERIOD 1981 TO 2010
CLIMATE RECORD PERIOD 9999 TO 9999


WEATHER ITEM   OBSERVED TIME   NORMAL DEPARTURE LAST
                VALUE   (LST)  VALUE  FROM      YEAR
                                      NORMAL
......................................................
TEMPERATURE (F)
 YESTERDAY
  MAXIMUM         67    357 PM  64      3       82
  MINIMUM         40    729 AM  45     -5       65
  AVERAGE         54            54      0       74

PRECIPITATION (IN)
  YESTERDAY        0.00          0.10  -0.10     0.00
  MONTH TO DATE    2.52          1.73   0.79     0.57
  SINCE SEP 1      3.01          3.98  -0.97     4.61
  SINCE JAN 1     35.15         32.63   2.52    36.64

DEGREE DAYS
 HEATING
  YESTERDAY       11            11      0        0
  MONTH TO DATE   38           146   -108       50
  SINCE SEP 1     65           204   -139       62
  SINCE JUL 1     65           207   -142       65

 COOLING
  YESTERDAY        0             0      0        9
  MONTH TO DATE   46            12     34       35
  SINCE SEP 1    215           135     80      247
  SINCE JAN 1   1143          1055     88     1436
......................................................


WIND (MPH)
  HIGHEST WIND SPEED    15   HIGHEST WIND DIRECTION     S (200)
  HIGHEST GUST SPEED    21   HIGHEST GUST DIRECTION     S (200)
  AVERAGE WIND SPEED     4.3


SKY COVER
  AVERAGE SKY COVER 0.0


WEATHER CONDITIONS
 THE FOLLOWING WEATHER WAS RECORDED YESTERDAY.
  NO SIGNIFICANT WEATHER WAS OBSERVED.


RELATIVE HUMIDITY (PERCENT)
 HIGHEST    86           700 AM
 LOWEST     34           300 PM
 AVERAGE    60

..........................................................


THE INDIANAPOLIS EAGLE CREEK IN CLIMATE NORMALS FOR TODAY
                         NORMAL
 MAXIMUM TEMPERATURE (F)   64
 MINIMUM TEMPERATURE (F)   44


SUNRISE AND SUNSET
OCTOBER 18 2017.......SUNRISE   759 AM EDT   SUNSET   701 PM EDT
OCTOBER 19 2017.......SUNRISE   800 AM EDT   SUNSET   700 PM EDT


-  INDICATES NEGATIVE NUMBERS.
R  INDICATES RECORD WAS SET OR TIED.
MM INDICATES DATA IS MISSING.
T  INDICATES TRACE AMOUNT.




$$
