000
CDAK49 PAFG 020118 CCB
CLIFAI

CLIMATE REPORT...CORRECTED.
NATIONAL WEATHER SERVICE FAIRBANKS AK
418 PM AKST SUN MAR 1 2015

...................................

...THE FAIRBANKS AK CLIMATE SUMMARY FOR MARCH 1 2015...
VALID TODAY AS OF 0300 PM LOCAL TIME.

CLIMATE NORMAL PERIOD 1981 TO 2010
CLIMATE RECORD PERIOD 1904 TO 2015


WEATHER ITEM   OBSERVED TIME   RECORD YEAR NORMAL DEPARTURE LAST
                VALUE   (LST)  VALUE       VALUE  FROM      YEAR
                                                  NORMAL
..................................................................
TEMPERATURE (F)
 TODAY
  MAXIMUM         24    106 PM  53    1938  18     14       28
  MINIMUM          2    841 AM -49    1956  -9     11       -4
  AVERAGE         13                         4     13       12

PRECIPITATION (IN)
  TODAY            0.00          0.20 1971   0.01  -0.01     0.00
  MONTH TO DATE    0.00                      0.01  -0.01     0.00
  SINCE MAR 1      0.00                      0.01  -0.01     0.00
  SINCE JAN 1      0.63                      1.01  -0.38     0.62

SNOWFALL (IN)
  TODAY            0.0           4.7  1971   0.2   -0.2      0.0
  MONTH TO DATE    0.0                       0.2   -0.2      0.0
  SINCE MAR 1      0.0                       0.2   -0.2      0.0
  SINCE JUL 1     33.6                      56.5  -22.9     42.9
  SNOW DEPTH      15

DEGREE DAYS
 HEATING
  TODAY           48                        61    -13       53
  MONTH TO DATE   48                        61    -13       53
  SINCE MAR 1     48                        61    -13       53
  SINCE JUL 1   9515                     10451   -936     9445

 COOLING
  TODAY            0                         0      0        0
  MONTH TO DATE    0                         0      0        0
  SINCE MAR 1      0                         0      0        0
  SINCE JAN 1      0                         0      0        0
..................................................................


WIND (MPH)
  HIGHEST GUST SPEED    28   HIGHEST GUST DIRECTION     W (250)


SKY COVER
  AVERAGE SKY COVER 0.4


WEATHER CONDITIONS
 THE FOLLOWING WEATHER WAS RECORDED TODAY.
  NO SIGNIFICANT WEATHER WAS OBSERVED.


RELATIVE HUMIDITY (PERCENT)
 HIGHEST    79
 LOWEST     35
 AVERAGE    57

..........................................................


THE FAIRBANKS AK CLIMATE NORMALS FOR TOMORROW
                         NORMAL    RECORD    YEAR
 MAXIMUM TEMPERATURE (F)   18        50      1938
 MINIMUM TEMPERATURE (F)   -9       -46      1956


SUNRISE AND SUNSET
MARCH 01 2015..........SUNRISE  801 AM AKST   SUNSET  609 PM AKST
MARCH 02 2015..........SUNRISE  758 AM AKST   SUNSET  612 PM AKST


-  INDICATES NEGATIVE NUMBERS.
R  INDICATES RECORD WAS SET OR TIED.
MM INDICATES DATA IS MISSING.
T  INDICATES TRACE AMOUNT.

&&

SNOW DEPTH IS MEASURED AT 3AM AKST/4AM AKDT

----------------------------
AVAILABLE DAYLIGHT

AMOUNT OF DAYLIGHT TODAY  (HOUR:MIN)........10:08
GAIN SINCE YESTERDAY........................6 MINUTES
----------------------------

$$
SDB MAR 15
