000
CDAK49 PAFG 210931
CLIFAI

CLIMATE REPORT
NATIONAL WEATHER SERVICE FAIRBANKS AK
1231 AM AKST SUN DEC 21 2014

...................................

...THE FAIRBANKS AK CLIMATE SUMMARY FOR DECEMBER 20 2014...

CLIMATE NORMAL PERIOD 1981 TO 2010
CLIMATE RECORD PERIOD 1904 TO 2014


WEATHER ITEM   OBSERVED TIME   RECORD YEAR NORMAL DEPARTURE LAST
                VALUE   (LST)  VALUE       VALUE  FROM      YEAR
                                                  NORMAL
..................................................................
TEMPERATURE (F)
 YESTERDAY
  MAXIMUM         11   1045 PM  40    1909   5      6        7
  MINIMUM         -9    719 PM -48    1933 -13      4       -6
  AVERAGE          1                        -4      5        1

PRECIPITATION (IN)
  YESTERDAY        0.00          0.66 1970   0.02  -0.02     0.00
  MONTH TO DATE    0.57                      0.39   0.18     0.34
  SINCE DEC 1      0.57                      0.39   0.18     0.34
  SINCE JAN 1     16.80                     10.56   6.24    10.21

SNOWFALL (IN)
  YESTERDAY        0.0           7.6  1970   0.4   -0.4      0.0
  MONTH TO DATE    8.4                       7.6    0.8      5.5
  SINCE DEC 1      8.4                       7.6    0.8      5.5
  SINCE JUL 1     18.2                      33.4  -15.2     24.5
  SNOW DEPTH       8

DEGREE DAYS
 HEATING
  YESTERDAY       64                        69     -5       64
  MONTH TO DATE 1133                      1364   -231     1277
  SINCE DEC 1   1133                      1364   -231     1277
  SINCE JUL 1   4851                      5495   -644     4814

 COOLING
  YESTERDAY        0                         0      0        0
  MONTH TO DATE    0                         0      0        0
  SINCE DEC 1      0                         0      0        0
  SINCE JAN 1     27                        61    -34      226
..................................................................


WIND (MPH)
  HIGHEST GUST SPEED    13   HIGHEST GUST DIRECTION    NE (40)


SKY COVER
  AVERAGE SKY COVER 0.2


WEATHER CONDITIONS
 THE FOLLOWING WEATHER WAS RECORDED YESTERDAY.
  NO SIGNIFICANT WEATHER WAS OBSERVED.


RELATIVE HUMIDITY (PERCENT)
 HIGHEST    80
 LOWEST     64
 AVERAGE    72

..........................................................


THE FAIRBANKS AK CLIMATE NORMALS FOR TODAY
                         NORMAL    RECORD    YEAR
 MAXIMUM TEMPERATURE (F)    4        41      1985
 MINIMUM TEMPERATURE (F)  -14       -49      1961


SUNRISE AND SUNSET
DECEMBER 21 2014..........SUNRISE  1059 AM AKST   SUNSET  241 PM AKST
DECEMBER 22 2014..........SUNRISE  1100 AM AKST   SUNSET  242 PM AKST


-  INDICATES NEGATIVE NUMBERS.
R  INDICATES RECORD WAS SET OR TIED.
MM INDICATES DATA IS MISSING.
T  INDICATES TRACE AMOUNT.

&&

SNOW DEPTH IS MEASURED AT 3AM AKST/4AM AKDT

----------------------------
AVAILABLE DAYLIGHT

AMOUNT OF DAYLIGHT TODAY  (HOUR:MIN)........3:42
GAIN SINCE YESTERDAY........................0 MINUTES
----------------------------

$$
RF DEC 14
