000
CDAK49 PAFG 230949
CLIFAI

CLIMATE REPORT
NATIONAL WEATHER SERVICE FAIRBANKS AK
149 AM AKDT TUE MAY 23 2017

...................................

...THE FAIRBANKS AK CLIMATE SUMMARY FOR MAY 22 2017...

CLIMATE NORMAL PERIOD 1981 TO 2010
CLIMATE RECORD PERIOD 1904 TO 2017


WEATHER ITEM   OBSERVED TIME   RECORD YEAR NORMAL DEPARTURE LAST
                VALUE   (LST)  VALUE       VALUE  FROM      YEAR
                                                  NORMAL
..................................................................
TEMPERATURE (F)
 YESTERDAY
  MAXIMUM         55    732 PM  84    1963  64     -9       63
  MINIMUM         47   1037 AM  26    1933  40      7       48
  AVERAGE         51                        52     -1       56

PRECIPITATION (IN)
  YESTERDAY        0.27          0.30 1922   0.02   0.25     0.04
  MONTH TO DATE    0.48                      0.39   0.09     0.63
  SINCE MAR 1      0.74                      0.95  -0.21     1.68
  SINCE JAN 1      2.94                      1.95   0.99     1.74

SNOWFALL (IN)
  YESTERDAY        0.0           T    1968   0.0    0.0      0.0
  MONTH TO DATE    0.0                       0.8   -0.8      0.0
  SINCE MAR 1      4.7                       8.6   -3.9      7.4
  SINCE JUL 1     83.1                      64.9   18.2     60.0
  SNOW DEPTH       0

DEGREE DAYS
 HEATING
  YESTERDAY       14                        13      1        9
  MONTH TO DATE  321                       384    -63      264
  SINCE MAR 1   3280                      3018    262     2331
  SINCE JUL 1  13410                     13408      2    11737

 COOLING
  YESTERDAY        0                         0      0        0
  MONTH TO DATE    0                         0      0        6
  SINCE MAR 1      0                         0      0        6
  SINCE JAN 1      0                         0      0        6
..................................................................


WIND (MPH)
  HIGHEST GUST SPEED    23   HIGHEST GUST DIRECTION    SW (240)


SKY COVER
  AVERAGE SKY COVER 0.9


WEATHER CONDITIONS
 THE FOLLOWING WEATHER WAS RECORDED YESTERDAY.
  LIGHT RAIN
  FOG


RELATIVE HUMIDITY (PERCENT)
 HIGHEST   100
 LOWEST     77
 AVERAGE    89

..........................................................


THE FAIRBANKS AK CLIMATE NORMALS FOR TODAY
                         NORMAL    RECORD    YEAR
 MAXIMUM TEMPERATURE (F)   64        86      2015
 MINIMUM TEMPERATURE (F)   41        25      1918


SUNRISE AND SUNSET
MAY 23 2017..........SUNRISE  400 AM AKDT   SUNSET  1139 PM AKDT
MAY 24 2017..........SUNRISE  357 AM AKDT   SUNSET  1142 PM AKDT


-  INDICATES NEGATIVE NUMBERS.
R  INDICATES RECORD WAS SET OR TIED.
MM INDICATES DATA IS MISSING.
T  INDICATES TRACE AMOUNT.

&&

SNOW DEPTH IS MEASURED AT 3AM AKST/4AM AKDT

----------------------------
AVAILABLE DAYLIGHT

AMOUNT OF DAYLIGHT TODAY  (HOUR:MIN)........19:39
GAIN SINCE YESTERDAY........................8 MINUTES
----------------------------

$$
MAY 17
