000
CDAK49 PAFG 210941
CLIFAI

CLIMATE REPORT
NATIONAL WEATHER SERVICE FAIRBANKS AK
141 AM AKDT MON AUG 21 2017

...................................

...THE FAIRBANKS AK CLIMATE SUMMARY FOR AUGUST 20 2017...

CLIMATE NORMAL PERIOD 1981 TO 2010
CLIMATE RECORD PERIOD 1904 TO 2017


WEATHER ITEM   OBSERVED TIME   RECORD YEAR NORMAL DEPARTURE LAST
                VALUE   (LST)  VALUE       VALUE  FROM      YEAR
                                                  NORMAL
..................................................................
TEMPERATURE (F)
 YESTERDAY
  MAXIMUM         64    416 PM  90    1923  65     -1       58
  MINIMUM         47    804 AM  28    1931  45      2       53
  AVERAGE         56                        55      1       56

PRECIPITATION (IN)
  YESTERDAY        0.11          0.92 1983   0.06   0.05     0.45
  MONTH TO DATE    1.83                      1.28   0.55     1.34
  SINCE JUN 1      5.50                      4.81   0.69     9.60
  SINCE JAN 1      8.55                      6.97   1.58    11.49

SNOWFALL (IN)
  YESTERDAY        0.0           0.0  2002   0.0    0.0      0.0
                                      2001
                                      2000
  MONTH TO DATE    0.0                       0.0    0.0      0.0
  SINCE JUN 1      0.0                       0.0    0.0      0.0
  SINCE JUL 1      0.0                       0.0    0.0      0.0
  SNOW DEPTH       0

DEGREE DAYS
 HEATING
  YESTERDAY        9                        10     -1        9
  MONTH TO DATE   98                       151    -53       60
  SINCE JUN 1    216                       419   -203      305
  SINCE JUL 1    122                       259   -137      144

 COOLING
  YESTERDAY        0                         0      0        0
  MONTH TO DATE   14                         0     14        8
  SINCE JUN 1    104                        54     50       70
  SINCE JAN 1    104                        55     49       76
..................................................................


WIND (MPH)
  HIGHEST GUST SPEED    15   HIGHEST GUST DIRECTION     N (350)


SKY COVER
  AVERAGE SKY COVER 0.8


WEATHER CONDITIONS
 THE FOLLOWING WEATHER WAS RECORDED YESTERDAY.
  LIGHT RAIN


RELATIVE HUMIDITY (PERCENT)
 HIGHEST   100
 LOWEST     56
 AVERAGE    78

..........................................................


THE FAIRBANKS AK CLIMATE NORMALS FOR TODAY
                         NORMAL    RECORD    YEAR
 MAXIMUM TEMPERATURE (F)   65        87      1977
 MINIMUM TEMPERATURE (F)   45        30      1931
                                             1910


SUNRISE AND SUNSET
AUGUST 21 2017........SUNRISE   559 AM AKDT  SUNSET   948 PM AKDT
AUGUST 22 2017........SUNRISE   602 AM AKDT  SUNSET   944 PM AKDT


-  INDICATES NEGATIVE NUMBERS.
R  INDICATES RECORD WAS SET OR TIED.
MM INDICATES DATA IS MISSING.
T  INDICATES TRACE AMOUNT.

&&

SNOW DEPTH IS MEASURED AT 3AM AKST/4AM AKDT

----------------------------
AVAILABLE DAYLIGHT

AMOUNT OF DAYLIGHT TODAY  (HOUR:MIN)........15:49
LOSS SINCE YESTERDAY........................7 MINUTES
----------------------------

$$
SDB AUG 17
