000
CDUS43 KFGF 230636
CLIFAR


CLIMATE REPORT
NATIONAL WEATHER SERVICE EASTERN NORTH DAKOTA/GRAND FORKS
135 AM CDT SAT AUG 23 2014


...................................

...THE FARGO HECTOR INTL AP ND CLIMATE SUMMARY FOR AUGUST 22 2014...

CLIMATE NORMAL PERIOD 1981 TO 2010
CLIMATE RECORD PERIOD 1881 TO 2014


WEATHER ITEM   OBSERVED TIME   RECORD YEAR NORMAL DEPARTURE LAST
                VALUE   (LST)  VALUE       VALUE  FROM      YEAR
                                                  NORMAL
..................................................................
TEMPERATURE (F)
 YESTERDAY
  MAXIMUM         75    437 PM 101    1947  80     -5       82
  MINIMUM         63    133 AM  36    1890  56      7       58
  AVERAGE         69                        68      1       70

PRECIPITATION (IN)
  YESTERDAY        0.00          1.94 1978   0.10  -0.10     0.00
  MONTH TO DATE    1.21                      1.71  -0.50     0.25
  SINCE JUN 1      8.54                      8.40   0.14     8.88
  SINCE JAN 1     15.56                     15.21   0.35    21.78

SNOWFALL (IN)
  YESTERDAY        0.0           0.0    MM   0.0    0.0      0.0
  MONTH TO DATE    0.0                       0.0    0.0      0.0
  SINCE JUN 1      0.0                       0.0    0.0      0.0
  SINCE JUL 1      0.0                       0.0    0.0      0.0
  SNOW DEPTH       0

DEGREE DAYS
 HEATING
  YESTERDAY        0                         1     -1        0
  MONTH TO DATE    0                        18    -18       17
  SINCE JUN 1     50                       107    -57       96
  SINCE JUL 1     20                        34    -14       34

 COOLING
  YESTERDAY        4                         5     -1        5
  MONTH TO DATE  135                       132      3       84
  SINCE JUN 1    400                       441    -41      463
  SINCE JAN 1    479                       472      7      492
..................................................................


WIND (MPH)
  HIGHEST WIND SPEED    17   HIGHEST WIND DIRECTION     N (350)
  HIGHEST GUST SPEED    20   HIGHEST GUST DIRECTION     N (360)
  AVERAGE WIND SPEED     7.1


SKY COVER
  POSSIBLE SUNSHINE  MM
  AVERAGE SKY COVER 1.0


WEATHER CONDITIONS
 THE FOLLOWING WEATHER WAS RECORDED YESTERDAY.
  FOG
  FOG W/VISIBILITY <= 1/4 MILE


RELATIVE HUMIDITY (PERCENT)
 HIGHEST   100          1200 AM
 LOWEST     79           200 PM
 AVERAGE    90

..........................................................


THE FARGO HECTOR INTL AP ND CLIMATE NORMALS FOR TODAY
                         NORMAL    RECORD    YEAR
 MAXIMUM TEMPERATURE (F)   80        99      1948
                                             1925
 MINIMUM TEMPERATURE (F)   56        34      1891


SUNRISE AND SUNSET
AUGUST 23 2014........SUNRISE   635 AM CDT   SUNSET   824 PM CDT
AUGUST 24 2014........SUNRISE   636 AM CDT   SUNSET   822 PM CDT


-  INDICATES NEGATIVE NUMBERS.
R  INDICATES RECORD WAS SET OR TIED.
MM INDICATES DATA IS MISSING.
T  INDICATES TRACE AMOUNT.




$$
