000
CDUS43 KFGF 282252
CLIFAR


CLIMATE REPORT
NATIONAL WEATHER SERVICE EASTERN NORTH DAKOTA/GRAND FORKS
452 PM CST FRI NOV 28 2014


...................................

...THE FARGO HECTOR INTL AP ND CLIMATE SUMMARY FOR NOVEMBER 28 2014...
VALID TODAY AS OF 0400 PM LOCAL TIME.

CLIMATE NORMAL PERIOD 1981 TO 2010
CLIMATE RECORD PERIOD 1881 TO 2014


WEATHER ITEM   OBSERVED TIME   RECORD YEAR NORMAL DEPARTURE LAST
                VALUE   (LST)  VALUE       VALUE  FROM      YEAR
                                                  NORMAL
..................................................................
TEMPERATURE (F)
 TODAY
  MAXIMUM         19    339 PM  55    1901  29    -10       23
  MINIMUM         11   1232 AM -24    1985  13     -2        8
                                      1891
  AVERAGE         15                        21     -6       16

PRECIPITATION (IN)
  TODAY            0.02          1.62 1960   0.02   0.00     0.00
  MONTH TO DATE    0.72                      0.94  -0.22     0.40
  SINCE SEP 1      3.50                      5.66  -2.16     8.97
  SINCE JAN 1     19.96                     21.72  -1.76    30.89

SNOWFALL (IN)
  TODAY           MM            10.9  1960   0.4   MM        0.0
  MONTH TO DATE    3.5                       7.2   -3.7      0.3
  SINCE SEP 1      3.5                       7.9   -4.4      0.3
  SINCE JUL 1      3.5                       7.9   -4.4      0.3
  SNOW DEPTH       2

DEGREE DAYS
 HEATING
  TODAY           50                        44      6       49
  MONTH TO DATE 1151                       997    154     1015
  SINCE SEP 1   1818                      1823     -5     1725
  SINCE JUL 1   1850                      1873    -23     1759

 COOLING
  TODAY            0                         0      0        0
  MONTH TO DATE    0                         0      0        0
  SINCE SEP 1     43                        46     -3       81
  SINCE JAN 1    544                       551     -7      699
..................................................................


WIND (MPH)
  HIGHEST WIND SPEED    16   HIGHEST WIND DIRECTION    SE (140)
  HIGHEST GUST SPEED    20   HIGHEST GUST DIRECTION    SE (140)
  AVERAGE WIND SPEED     8.5


SKY COVER
  POSSIBLE SUNSHINE  MM
  AVERAGE SKY COVER 0.8


WEATHER CONDITIONS
 THE FOLLOWING WEATHER WAS RECORDED TODAY.
  LIGHT SNOW
  HAZE


RELATIVE HUMIDITY (PERCENT)
 HIGHEST    76           300 AM
 LOWEST     67          1000 AM
 AVERAGE    72

..........................................................


THE FARGO HECTOR INTL AP ND CLIMATE NORMALS FOR TOMORROW
                         NORMAL    RECORD    YEAR
 MAXIMUM TEMPERATURE (F)   29        51      1914
 MINIMUM TEMPERATURE (F)   13       -26      1896


SUNRISE AND SUNSET
NOVEMBER 28 2014......SUNRISE   748 AM CST   SUNSET   442 PM CST
NOVEMBER 29 2014......SUNRISE   749 AM CST   SUNSET   441 PM CST


-  INDICATES NEGATIVE NUMBERS.
R  INDICATES RECORD WAS SET OR TIED.
MM INDICATES DATA IS MISSING.
T  INDICATES TRACE AMOUNT.




$$
