387
CDUS43 KFGF 090635
CLIFAR


CLIMATE REPORT
NATIONAL WEATHER SERVICE EASTERN NORTH DAKOTA/GRAND FORKS
1234 AM CST FRI DEC 9 2016


...................................

...THE FARGO HECTOR INTL AP ND CLIMATE SUMMARY FOR DECEMBER 8 2016...

CLIMATE NORMAL PERIOD 1981 TO 2010
CLIMATE RECORD PERIOD 1881 TO 2016


WEATHER ITEM   OBSERVED TIME   RECORD YEAR NORMAL DEPARTURE LAST
                VALUE   (LST)  VALUE       VALUE  FROM      YEAR
                                                  NORMAL
..................................................................
TEMPERATURE (F)
 YESTERDAY
  MAXIMUM         18    411 AM  53    1990  25     -7       39
  MINIMUM          6    939 PM -21    1972   8     -2       26
  AVERAGE         12                        16     -4       33

PRECIPITATION (IN)
  YESTERDAY        0.02          0.70 1889   0.03  -0.01     0.00
  MONTH TO DATE    0.23                      0.22   0.01     0.19
  SINCE DEC 1      0.23                      0.22   0.01     0.19
  SINCE JAN 1     22.49                     22.00   0.49    20.86

SNOWFALL (IN)
  YESTERDAY        0.4           4.1  1995   0.4    0.0      0.0
  MONTH TO DATE    3.0                       2.8    0.2      2.1
  SINCE DEC 1      3.0                       2.8    0.2      2.1
  SINCE JUL 1      6.7                      11.4   -4.7      5.0
  SNOW DEPTH       2

DEGREE DAYS
 HEATING
  YESTERDAY       53                        48      5       32
  MONTH TO DATE  321                       375    -54      287
  SINCE DEC 1    321                       375    -54      287
  SINCE JUL 1   1626                      2337   -711     1728

 COOLING
  YESTERDAY        0                         0      0        0
  MONTH TO DATE    0                         0      0        0
  SINCE DEC 1      0                         0      0        0
  SINCE JAN 1    661                       551    110      677
..................................................................


WIND (MPH)
  HIGHEST WIND SPEED    29   HIGHEST WIND DIRECTION    NW (310)
  HIGHEST GUST SPEED    37   HIGHEST GUST DIRECTION    NW (310)
  AVERAGE WIND SPEED    18.0


SKY COVER
  POSSIBLE SUNSHINE  MM
  AVERAGE SKY COVER 1.0


WEATHER CONDITIONS
 THE FOLLOWING WEATHER WAS RECORDED YESTERDAY.
  LIGHT SNOW
  HAZE


RELATIVE HUMIDITY (PERCENT)
 HIGHEST    80          1200 AM
 LOWEST     67          1200 PM
 AVERAGE    74

..........................................................


THE FARGO HECTOR INTL AP ND CLIMATE NORMALS FOR TODAY
                         NORMAL    RECORD    YEAR
 MAXIMUM TEMPERATURE (F)   24        56      1990
 MINIMUM TEMPERATURE (F)    8       -26      1977


SUNRISE AND SUNSET
DECEMBER  9 2016......SUNRISE   801 AM CST   SUNSET   438 PM CST
DECEMBER 10 2016......SUNRISE   802 AM CST   SUNSET   438 PM CST


-  INDICATES NEGATIVE NUMBERS.
R  INDICATES RECORD WAS SET OR TIED.
MM INDICATES DATA IS MISSING.
T  INDICATES TRACE AMOUNT.




$$
