000
CDUS43 KFGF 230639
CLIFAR


CLIMATE REPORT
NATIONAL WEATHER SERVICE EASTERN NORTH DAKOTA/GRAND FORKS
138 AM CDT TUE SEP 23 2014


...................................

...THE FARGO HECTOR INTL AP ND CLIMATE SUMMARY FOR SEPTEMBER 22 2014...

CLIMATE NORMAL PERIOD 1981 TO 2010
CLIMATE RECORD PERIOD 1881 TO 2014


WEATHER ITEM   OBSERVED TIME   RECORD YEAR NORMAL DEPARTURE LAST
                VALUE   (LST)  VALUE       VALUE  FROM      YEAR
                                                  NORMAL
..................................................................
TEMPERATURE (F)
 YESTERDAY
  MAXIMUM         77    437 PM 101    1936  68      9       80
  MINIMUM         47    619 AM  23    1995  45      2       51
                                      1974
  AVERAGE         62                        56      6       66

PRECIPITATION (IN)
  YESTERDAY        0.00          1.39 2000   0.07  -0.07     0.00
  MONTH TO DATE    2.24                      1.97   0.27     3.09
  SINCE SEP 1      2.24                      1.97   0.27     3.09
  SINCE JAN 1     18.70                     18.03   0.67    25.01

SNOWFALL (IN)
  YESTERDAY        0.0          MM      MM   0.0    0.0      0.0
  MONTH TO DATE    0.0                       0.0    0.0      0.0
  SINCE SEP 1      0.0                       0.0    0.0      0.0
  SINCE JUL 1      0.0                       0.0    0.0      0.0
  SNOW DEPTH       0

DEGREE DAYS
 HEATING
  YESTERDAY        3                         9     -6        0
  MONTH TO DATE  134                       130      4       69
  SINCE SEP 1    134                       130      4       69
  SINCE JUL 1    166                       180    -14      103

 COOLING
  YESTERDAY        0                         1     -1        1
  MONTH TO DATE   15                        40    -25       63
  SINCE SEP 1     15                        40    -25       63
  SINCE JAN 1    516                       545    -29      681
..................................................................


WIND (MPH)
  HIGHEST WIND SPEED    16   HIGHEST WIND DIRECTION     S (180)
  HIGHEST GUST SPEED    22   HIGHEST GUST DIRECTION     S (170)
  AVERAGE WIND SPEED     9.3


SKY COVER
  POSSIBLE SUNSHINE  MM
  AVERAGE SKY COVER 0.0


WEATHER CONDITIONS
 THE FOLLOWING WEATHER WAS RECORDED YESTERDAY.
  NO SIGNIFICANT WEATHER WAS OBSERVED.


RELATIVE HUMIDITY (PERCENT)
 HIGHEST    89          1200 AM
 LOWEST     33           300 PM
 AVERAGE    61

..........................................................


THE FARGO HECTOR INTL AP ND CLIMATE NORMALS FOR TODAY
                         NORMAL    RECORD    YEAR
 MAXIMUM TEMPERATURE (F)   67        93      2007
 MINIMUM TEMPERATURE (F)   44        23      1887


SUNRISE AND SUNSET
SEPTEMBER 23 2014.....SUNRISE   715 AM CDT   SUNSET   723 PM CDT
SEPTEMBER 24 2014.....SUNRISE   717 AM CDT   SUNSET   721 PM CDT


-  INDICATES NEGATIVE NUMBERS.
R  INDICATES RECORD WAS SET OR TIED.
MM INDICATES DATA IS MISSING.
T  INDICATES TRACE AMOUNT.




$$
