000
CDUS43 KFGF 180650
CLIFAR


CLIMATE REPORT
NATIONAL WEATHER SERVICE EASTERN NORTH DAKOTA/GRAND FORKS
146 AM CDT FRI AUG 18 2017


...................................

...THE FARGO HECTOR INTL AP ND CLIMATE SUMMARY FOR AUGUST 17 2017...

CLIMATE NORMAL PERIOD 1981 TO 2010
CLIMATE RECORD PERIOD 1881 TO 2017


WEATHER ITEM   OBSERVED TIME   RECORD YEAR NORMAL DEPARTURE LAST
                VALUE   (LST)  VALUE       VALUE  FROM      YEAR
                                                  NORMAL
..................................................................
TEMPERATURE (F)
 YESTERDAY
  MAXIMUM         79    458 PM  98    1945  82     -3       89
  MINIMUM         61    627 AM  33    1888  58      3       58
  AVERAGE         70                        70      0       74

PRECIPITATION (IN)
  YESTERDAY        0.00          3.11 2005   0.08  -0.08     0.00
  MONTH TO DATE    2.24                      1.25   0.99     0.98
  SINCE JUN 1      5.80                      7.94  -2.14     9.41
  SINCE JAN 1     10.44                     14.75  -4.31    14.89

SNOWFALL (IN)
  YESTERDAY        0.0           0.0    MM   0.0    0.0      0.0
  MONTH TO DATE    0.0                       0.0    0.0      0.0
  SINCE JUN 1      0.0                       0.0    0.0      0.0
  SINCE JUL 1      0.0                       0.0    0.0      0.0
  SNOW DEPTH       0

DEGREE DAYS
 HEATING
  YESTERDAY        0                         1     -1        0
  MONTH TO DATE    2                        13    -11        0
  SINCE JUN 1     44                       102    -58       35
  SINCE JUL 1      9                        29    -20        8

 COOLING
  YESTERDAY        5                         5      0        9
  MONTH TO DATE   39                       107    -68      127
  SINCE JUN 1    402                       416    -14      502
  SINCE JAN 1    413                       447    -34      550
..................................................................


WIND (MPH)
  HIGHEST WIND SPEED    22   HIGHEST WIND DIRECTION    NW (330)
  HIGHEST GUST SPEED    27   HIGHEST GUST DIRECTION     N (350)
  AVERAGE WIND SPEED    10.4


SKY COVER
  POSSIBLE SUNSHINE  MM
  AVERAGE SKY COVER 0.5


WEATHER CONDITIONS
 THE FOLLOWING WEATHER WAS RECORDED YESTERDAY.
  FOG


RELATIVE HUMIDITY (PERCENT)
 HIGHEST   100          1200 AM
 LOWEST     54           200 PM
 AVERAGE    77

..........................................................


THE FARGO HECTOR INTL AP ND CLIMATE NORMALS FOR TODAY
                         NORMAL    RECORD    YEAR
 MAXIMUM TEMPERATURE (F)   81       106      1976
 MINIMUM TEMPERATURE (F)   57        41      2002
                                             1887


SUNRISE AND SUNSET
AUGUST 18 2017........SUNRISE   629 AM CDT   SUNSET   832 PM CDT
AUGUST 19 2017........SUNRISE   630 AM CDT   SUNSET   830 PM CDT


-  INDICATES NEGATIVE NUMBERS.
R  INDICATES RECORD WAS SET OR TIED.
MM INDICATES DATA IS MISSING.
T  INDICATES TRACE AMOUNT.




$$
