000
CDUS43 KFGF 290634
CLIFAR


CLIMATE REPORT
NATIONAL WEATHER SERVICE EASTERN NORTH DAKOTA/GRAND FORKS
134 AM CDT THU SEP 29 2016


...................................

...THE FARGO HECTOR INTL AP ND CLIMATE SUMMARY FOR SEPTEMBER 28 2016...

CLIMATE NORMAL PERIOD 1981 TO 2010
CLIMATE RECORD PERIOD 1881 TO 2016


WEATHER ITEM   OBSERVED TIME   RECORD YEAR NORMAL DEPARTURE LAST
                VALUE   (LST)  VALUE       VALUE  FROM      YEAR
                                                  NORMAL
..................................................................
TEMPERATURE (F)
 YESTERDAY
  MAXIMUM         67    318 PM  90    2011  65      2       71
  MINIMUM         39    509 AM  20    1942  42     -3       42
  AVERAGE         53                        54     -1       57

PRECIPITATION (IN)
  YESTERDAY        0.00          1.15 2013   0.07  -0.07     0.00
  MONTH TO DATE    2.60                      2.41   0.19     1.23
  SINCE SEP 1      2.60                      2.41   0.19     1.23
  SINCE JAN 1     18.07                     18.47  -0.40    18.15

SNOWFALL (IN)
  YESTERDAY        0.0           1.4  1899   0.0    0.0      0.0
  MONTH TO DATE    0.0                       0.0    0.0      0.0
  SINCE SEP 1      0.0                       0.0    0.0      0.0
  SINCE JUL 1      0.0                       0.0    0.0      0.0
  SNOW DEPTH       0

DEGREE DAYS
 HEATING
  YESTERDAY       12                        12      0        8
  MONTH TO DATE   98                       195    -97       80
  SINCE SEP 1     98                       195    -97       80
  SINCE JUL 1    115                       245   -130      124

 COOLING
  YESTERDAY        0                         0      0        0
  MONTH TO DATE   50                        43      7      124
  SINCE SEP 1     50                        43      7      124
  SINCE JAN 1    653                       548    105      666
..................................................................


WIND (MPH)
  HIGHEST WIND SPEED    13   HIGHEST WIND DIRECTION     N (360)
  HIGHEST GUST SPEED    15   HIGHEST GUST DIRECTION     N (10)
  AVERAGE WIND SPEED     6.3


SKY COVER
  POSSIBLE SUNSHINE  MM
  AVERAGE SKY COVER 0.5


WEATHER CONDITIONS
 THE FOLLOWING WEATHER WAS RECORDED YESTERDAY.
  NO SIGNIFICANT WEATHER WAS OBSERVED.


RELATIVE HUMIDITY (PERCENT)
 HIGHEST    92           300 AM
 LOWEST     48           400 PM
 AVERAGE    70

..........................................................


THE FARGO HECTOR INTL AP ND CLIMATE NORMALS FOR TODAY
                         NORMAL    RECORD    YEAR
 MAXIMUM TEMPERATURE (F)   65        96      1897
 MINIMUM TEMPERATURE (F)   42        22      1899


SUNRISE AND SUNSET
SEPTEMBER 29 2016.....SUNRISE   724 AM CDT   SUNSET   710 PM CDT
SEPTEMBER 30 2016.....SUNRISE   725 AM CDT   SUNSET   708 PM CDT


-  INDICATES NEGATIVE NUMBERS.
R  INDICATES RECORD WAS SET OR TIED.
MM INDICATES DATA IS MISSING.
T  INDICATES TRACE AMOUNT.




$$
