000
CDUS43 KFGF 220639
CLIFAR


CLIMATE REPORT
NATIONAL WEATHER SERVICE EASTERN NORTH DAKOTA/GRAND FORKS
132 AM CDT FRI MAY 22 2015


...................................

...THE FARGO HECTOR INTL AP ND CLIMATE SUMMARY FOR MAY 21 2015...

CLIMATE NORMAL PERIOD 1981 TO 2010
CLIMATE RECORD PERIOD 1881 TO 2015


WEATHER ITEM   OBSERVED TIME   RECORD YEAR NORMAL DEPARTURE LAST
                VALUE   (LST)  VALUE       VALUE  FROM      YEAR
                                                  NORMAL
..................................................................
TEMPERATURE (F)
 YESTERDAY
  MAXIMUM         70    509 PM  98    1964  71     -1       67
  MINIMUM         44    520 AM  25    1963  47     -3       45
  AVERAGE         57                        59     -2       56

PRECIPITATION (IN)
  YESTERDAY        0.00          1.06 1905   0.10  -0.10     0.00
  MONTH TO DATE    5.82                      1.81   4.01     1.43
  SINCE MAR 1      7.10                      4.50   2.60     5.58
  SINCE JAN 1      8.07                      5.81   2.26     6.46

SNOWFALL (IN)
  YESTERDAY        0.0           0.1  1963   0.0    0.0      0.0
  MONTH TO DATE    T                         0.0    0.0      0.0
  SINCE MAR 1      0.4                      12.4  -12.0      7.3
  SINCE JUL 1     16.0                      50.4  -34.4     34.9
  SNOW DEPTH       0

DEGREE DAYS
 HEATING
  YESTERDAY        8                         7      1        9
  MONTH TO DATE  253                       213     40      314
  SINCE MAR 1   1750                      1991   -241     2363
  SINCE JUL 1   8166                      8669   -503     9640

 COOLING
  YESTERDAY        0                         1     -1        0
  MONTH TO DATE    4                        17    -13        0
  SINCE MAR 1      4                        20    -16        0
  SINCE JAN 1      4                        20    -16        0
..................................................................


WIND (MPH)
  HIGHEST WIND SPEED    17   HIGHEST WIND DIRECTION    NW (320)
  HIGHEST GUST SPEED    20   HIGHEST GUST DIRECTION    NW (320)
  AVERAGE WIND SPEED     8.7


SKY COVER
  POSSIBLE SUNSHINE  MM
  AVERAGE SKY COVER 0.0


WEATHER CONDITIONS
 THE FOLLOWING WEATHER WAS RECORDED YESTERDAY.
  NO SIGNIFICANT WEATHER WAS OBSERVED.


RELATIVE HUMIDITY (PERCENT)
 HIGHEST    76           300 AM
 LOWEST     28           500 PM
 AVERAGE    52

..........................................................


THE FARGO HECTOR INTL AP ND CLIMATE NORMALS FOR TODAY
                         NORMAL    RECORD    YEAR
 MAXIMUM TEMPERATURE (F)   71        93      2012
                                             1980
 MINIMUM TEMPERATURE (F)   47        21      1963


SUNRISE AND SUNSET
MAY 22 2015...........SUNRISE   545 AM CDT   SUNSET   904 PM CDT
MAY 23 2015...........SUNRISE   544 AM CDT   SUNSET   905 PM CDT


-  INDICATES NEGATIVE NUMBERS.
R  INDICATES RECORD WAS SET OR TIED.
MM INDICATES DATA IS MISSING.
T  INDICATES TRACE AMOUNT.




$$
