000
CDUS46 KHNX 260823
CLIFAT


CLIMATE REPORT
NATIONAL WEATHER SERVICE SAN JOAQUIN VALLEY, CA
1222 AM PST FRI DEC 26 2014


...................................

...THE FRESNO CA CLIMATE SUMMARY FOR DECEMBER 25 2014...

CLIMATE NORMAL PERIOD 1981 TO 2010
CLIMATE RECORD PERIOD 1887 TO 2014


WEATHER ITEM   OBSERVED TIME   RECORD YEAR NORMAL DEPARTURE
                VALUE   (LST)  VALUE       VALUE  FROM
                                                  NORMAL
...............................................................
TEMPERATURE (F)
 YESTERDAY
  MAXIMUM         53    415 PM  72    1902  53      0
  MINIMUM         39   1159 PM  20    1987  38      1
  AVERAGE         46                        45      1

PRECIPITATION (IN)
  YESTERDAY        0.00          0.99 2003   0.07  -0.07
  MONTH TO DATE    2.29                      1.36   0.93
  SINCE JUL 1      3.38                      3.25   0.13
  SINCE JAN 1      7.46                     11.09  -3.63

SNOWFALL (IN)
  YESTERDAY        0.0
  MONTH TO DATE    0.0
  SINCE DEC 1      0.0
  SINCE JUL 1      0.0
  SNOW DEPTH       0

DEGREE DAYS
 HEATING
  YESTERDAY       19                               -1
  MONTH TO DATE  263                             -194
  SINCE DEC 1    263                             -194
  SINCE JUL 1    484                             -361

 COOLING
  YESTERDAY        0                                0
  MONTH TO DATE    0                                0
  SINCE DEC 1      0                                0
  SINCE JAN 1   2932                              808
...............................................................


WIND (MPH)
  HIGHEST WIND SPEED    20   HIGHEST WIND DIRECTION    NW (300)
  HIGHEST GUST SPEED    26   HIGHEST GUST DIRECTION     W (290)
  AVERAGE WIND SPEED     5.2




RELATIVE HUMIDITY (PERCENT)
 HIGHEST    85
 LOWEST     54
 AVERAGE    70

..........................................................


THE FRESNO CA CLIMATE NORMALS FOR TODAY
                         NORMAL    RECORD    YEAR
 MAXIMUM TEMPERATURE (F)   53        70      1892
 MINIMUM TEMPERATURE (F)   38        21      1987


SUNRISE AND SUNSET
DECEMBER 26 2014......SUNRISE   710 AM PST   SUNSET   449 PM PST
DECEMBER 27 2014......SUNRISE   710 AM PST   SUNSET   450 PM PST


-  INDICATES NEGATIVE NUMBERS.
R  INDICATES RECORD WAS SET OR TIED.
MM INDICATES DATA IS MISSING.
T  INDICATES TRACE AMOUNT.




$$
