000
CDUS46 KHNX 230024
CLIFAT


CLIMATE REPORT
NATIONAL WEATHER SERVICE SAN JOAQUIN VALLEY, CA
523 PM PDT SAT JUL 22 2017


...................................

...THE FRESNO CA CLIMATE SUMMARY FOR JULY 22 2017...
VALID AS OF 0400 PM LOCAL TIME.

CLIMATE NORMAL PERIOD 1981 TO 2010
CLIMATE RECORD PERIOD 1887 TO 2017


WEATHER ITEM   OBSERVED TIME   RECORD YEAR NORMAL DEPARTURE LAST
                VALUE   (LST)  VALUE       VALUE  FROM      YEAR
                                                  NORMAL
..................................................................
TEMPERATURE (F)
 TODAY
  MAXIMUM         99        MM 112    2006  99      0       98
  MINIMUM         71        MM  56    1903  68      3       64
  AVERAGE         85                        84      1       81

PRECIPITATION (IN)
  TODAY            0.00          0.33 1913   0.00   0.00     0.00
  MONTH TO DATE    0.00                      0.01  -0.01     0.00
  SINCE OCT 1     17.20                     11.32   5.88    14.29
  SINCE JAN 1     12.64                      7.85   4.79     9.09

SNOWFALL (IN)
  TODAY            0.0
  MONTH TO DATE    0.0
  SINCE JUN 1      0.0
  SINCE JUL 1      0.0
  SNOW DEPTH       0

DEGREE DAYS
 HEATING
  TODAY            0                         0      0        0
  MONTH TO DATE    0                         0      0        0
  SINCE JUN 1      4                         3      1        0
  SINCE JUL 1      0                         0      0        0

 COOLING
  TODAY           20                        19      1       16
  MONTH TO DATE  472                       391     81      377
  SINCE JUN 1    949                       760    189      864
  SINCE JAN 1   1200                      1001    199     1142
..................................................................


WIND (MPH)
  HIGHEST WIND SPEED    12   HIGHEST WIND DIRECTION    NW (300)
  HIGHEST GUST SPEED    MM   HIGHEST GUST DIRECTION    MM
  AVERAGE WIND SPEED     5.4




RELATIVE HUMIDITY (PERCENT)
 HIGHEST    57
 LOWEST     20
 AVERAGE    39

..........................................................


THE FRESNO CA CLIMATE NORMALS FOR TOMORROW
                         NORMAL    RECORD    YEAR
 MAXIMUM TEMPERATURE (F)   99       113      2006
 MINIMUM TEMPERATURE (F)   68        55      1897


SUNRISE AND SUNSET
JULY 22 2017..........SUNRISE   557 AM PDT   SUNSET   813 PM PDT
JULY 23 2017..........SUNRISE   558 AM PDT   SUNSET   813 PM PDT


-  INDICATES NEGATIVE NUMBERS.
R  INDICATES RECORD WAS SET OR TIED.
MM INDICATES DATA IS MISSING.
T  INDICATES TRACE AMOUNT.




$$
