000
CDUS46 KHNX 230820
CLIFAT


CLIMATE REPORT
NATIONAL WEATHER SERVICE SAN JOAQUIN VALLEY, CA
120 AM PDT THU OCT 23 2014


...................................

...THE FRESNO CA CLIMATE SUMMARY FOR OCTOBER 22 2014...

CLIMATE NORMAL PERIOD 1981 TO 2010
CLIMATE RECORD PERIOD 1887 TO 2014


WEATHER ITEM   OBSERVED TIME   RECORD YEAR NORMAL DEPARTURE
                VALUE   (LST)  VALUE       VALUE  FROM
                                                  NORMAL
...............................................................
TEMPERATURE (F)
 YESTERDAY
  MAXIMUM         78    327 PM  92    1948  77      1
                                      1937
  MINIMUM         52    631 AM  35    1961  51      1
  AVERAGE         65                        64      1

PRECIPITATION (IN)
  YESTERDAY        0.00          0.56 1889   0.02  -0.02
  MONTH TO DATE    0.00                      0.36  -0.36
  SINCE JUL 1      0.19                      0.55  -0.36
  SINCE JAN 1      4.27                      8.39  -4.12

SNOWFALL (IN)
  YESTERDAY        0.0
  MONTH TO DATE    0.0
  SINCE SEP 1      0.0
  SINCE JUL 1      0.0
  SNOW DEPTH       0

DEGREE DAYS
 HEATING
  YESTERDAY        0                               -3
  MONTH TO DATE    0                              -26
  SINCE SEP 1      0                              -28
  SINCE JUL 1      0                              -28

 COOLING
  YESTERDAY        0                               -2
  MONTH TO DATE  212                              119
  SINCE SEP 1    691                              260
  SINCE JAN 1   2912                              797
...............................................................


WIND (MPH)
  HIGHEST WIND SPEED    10   HIGHEST WIND DIRECTION     S (160)
  HIGHEST GUST SPEED    16   HIGHEST GUST DIRECTION    SE (130)
  AVERAGE WIND SPEED     2.7




RELATIVE HUMIDITY (PERCENT)
 HIGHEST    71
 LOWEST     27
 AVERAGE    49

..........................................................


THE FRESNO CA CLIMATE NORMALS FOR TODAY
                         NORMAL    RECORD    YEAR
 MAXIMUM TEMPERATURE (F)   76        90      1965
                                             1929
 MINIMUM TEMPERATURE (F)   51        35      1975
                                             1961


SUNRISE AND SUNSET
OCTOBER 23 2014.......SUNRISE   714 AM PDT   SUNSET   612 PM PDT
OCTOBER 24 2014.......SUNRISE   715 AM PDT   SUNSET   611 PM PDT


-  INDICATES NEGATIVE NUMBERS.
R  INDICATES RECORD WAS SET OR TIED.
MM INDICATES DATA IS MISSING.
T  INDICATES TRACE AMOUNT.




$$
