000
CDUS46 KHNX 300823
CLIFAT


CLIMATE REPORT
NATIONAL WEATHER SERVICE SAN JOAQUIN VALLEY, CA
123 AM PDT TUE MAY 30 2017


...................................

...THE FRESNO CA CLIMATE SUMMARY FOR MAY 29 2017...

CLIMATE NORMAL PERIOD 1981 TO 2010
CLIMATE RECORD PERIOD 1887 TO 2017


WEATHER ITEM   OBSERVED TIME   RECORD YEAR NORMAL DEPARTURE
                VALUE   (LST)  VALUE       VALUE  FROM
                                                  NORMAL
...............................................................
TEMPERATURE (F)
 YESTERDAY
  MAXIMUM         92        MM 107    1984  88      4
  MINIMUM         63        MM  45    1906  59      4
  AVERAGE         78                        73      5

PRECIPITATION (IN)
  YESTERDAY        0.00          0.46 1906   0.01  -0.01
  MONTH TO DATE    0.12                      0.41  -0.29
  SINCE OCT 1     17.20                     11.08   6.12
  SINCE JAN 1     12.64                      7.61   5.03

SNOWFALL (IN)
  YESTERDAY        0.0
  MONTH TO DATE    0.0
  SINCE MAR 1      0.0
  SINCE JUL 1      0.0
  SNOW DEPTH       0

DEGREE DAYS
 HEATING
  YESTERDAY        0                                0
  MONTH TO DATE   26                               -3
  SINCE MAR 1    322                             -108
  SINCE JUL 1   1936                             -406

 COOLING
  YESTERDAY       13                                5
  MONTH TO DATE  206                               35
  SINCE MAR 1    236                               14
  SINCE JAN 1    236                               14
...............................................................


WIND (MPH)
  HIGHEST WIND SPEED    17   HIGHEST WIND DIRECTION    NW (310)
  HIGHEST GUST SPEED    MM   HIGHEST GUST DIRECTION    MM
  AVERAGE WIND SPEED     9.4




RELATIVE HUMIDITY (PERCENT)
 HIGHEST    78
 LOWEST     24
 AVERAGE    51

..........................................................


THE FRESNO CA CLIMATE NORMALS FOR TODAY
                         NORMAL    RECORD    YEAR
 MAXIMUM TEMPERATURE (F)   88       109      1910
 MINIMUM TEMPERATURE (F)   59        45      1988
                                             1906


SUNRISE AND SUNSET
MAY 30 2017...........SUNRISE   542 AM PDT   SUNSET   811 PM PDT
MAY 31 2017...........SUNRISE   542 AM PDT   SUNSET   812 PM PDT


-  INDICATES NEGATIVE NUMBERS.
R  INDICATES RECORD WAS SET OR TIED.
MM INDICATES DATA IS MISSING.
T  INDICATES TRACE AMOUNT.




$$
