000
CDUS46 KHNX 190828
CLIFAT


CLIMATE REPORT
NATIONAL WEATHER SERVICE SAN JOAQUIN VALLEY, CA
128 AM PDT FRI SEP 19 2014


...................................

...THE FRESNO CA CLIMATE SUMMARY FOR SEPTEMBER 18 2014...

CLIMATE NORMAL PERIOD 1981 TO 2010
CLIMATE RECORD PERIOD 1887 TO 2014


WEATHER ITEM   OBSERVED TIME   RECORD YEAR NORMAL DEPARTURE
                VALUE   (LST)  VALUE       VALUE  FROM
                                                  NORMAL
...............................................................
TEMPERATURE (F)
 YESTERDAY
  MAXIMUM         90    400 PM 107    1913  90      0
  MINIMUM         67    553 AM  48    1978  61      6
                                      1895
  AVERAGE         79                        76      3

PRECIPITATION (IN)
  YESTERDAY        0.00          0.61 1989   0.01  -0.01
  MONTH TO DATE    T                         0.07  -0.07
  SINCE JUL 1      0.01                      0.09  -0.08
  SINCE JAN 1      4.09                      7.93  -3.84

SNOWFALL (IN)
  YESTERDAY        0.0
  MONTH TO DATE    0.0
  SINCE SEP 1      0.0
  SINCE JUL 1      0.0
  SNOW DEPTH       0

DEGREE DAYS
 HEATING
  YESTERDAY        0                                0
  MONTH TO DATE    0                                0
  SINCE SEP 1      0                                0
  SINCE JUL 1      0                                0

 COOLING
  YESTERDAY       14                                3
  MONTH TO DATE  350                              121
  SINCE SEP 1    350                              121
  SINCE JAN 1   2571                              658
...............................................................


WIND (MPH)
  HIGHEST WIND SPEED    20   HIGHEST WIND DIRECTION    NW (300)
  HIGHEST GUST SPEED    24   HIGHEST GUST DIRECTION    NW (300)
  AVERAGE WIND SPEED     8.2




RELATIVE HUMIDITY (PERCENT)
 HIGHEST    68
 LOWEST     32
 AVERAGE    50

..........................................................


THE FRESNO CA CLIMATE NORMALS FOR TODAY
                         NORMAL    RECORD    YEAR
 MAXIMUM TEMPERATURE (F)   90       105      1922
 MINIMUM TEMPERATURE (F)   61        44      1978


SUNRISE AND SUNSET
SEPTEMBER 19 2014.....SUNRISE   644 AM PDT   SUNSET   700 PM PDT
SEPTEMBER 20 2014.....SUNRISE   645 AM PDT   SUNSET   659 PM PDT


-  INDICATES NEGATIVE NUMBERS.
R  INDICATES RECORD WAS SET OR TIED.
MM INDICATES DATA IS MISSING.
T  INDICATES TRACE AMOUNT.




$$
