000
CDUS46 KHNX 220025
CLIFAT


CLIMATE REPORT
NATIONAL WEATHER SERVICE SAN JOAQUIN VALLEY, CA
525 PM PDT THU SEP 21 2017


...................................

...THE FRESNO CA CLIMATE SUMMARY FOR SEPTEMBER 21 2017...
VALID AS OF 0400 PM LOCAL TIME.

CLIMATE NORMAL PERIOD 1981 TO 2010
CLIMATE RECORD PERIOD 1887 TO 2017


WEATHER ITEM   OBSERVED TIME   RECORD YEAR NORMAL DEPARTURE LAST
                VALUE   (LST)  VALUE       VALUE  FROM      YEAR
                                                  NORMAL
..................................................................
TEMPERATURE (F)
 TODAY
  MAXIMUM         71        MM 102    2015  90    -19       89
                                      1949
                                      1928
  MINIMUM         56        MM  42    1968  60     -4       61
  AVERAGE         64                        75    -11       75

PRECIPITATION (IN)
  TODAY            0.06          0.14 1916   0.01   0.05     0.00
  MONTH TO DATE    0.16                      0.09   0.07     0.00
  SINCE OCT 1     17.36                     11.42   5.94    14.29
  SINCE JAN 1     12.80                      7.95   4.85     9.09

SNOWFALL (IN)
  TODAY            0.0
  MONTH TO DATE    0.0
  SINCE SEP 1      0.0
  SINCE JUL 1      0.0
  SNOW DEPTH       0

DEGREE DAYS
 HEATING
  TODAY            1                         0      1        0
  MONTH TO DATE    1                         0      1        1
  SINCE SEP 1      1                         0      1        1
  SINCE JUL 1      1                         0      1        1

 COOLING
  TODAY            0                        10    -10       10
  MONTH TO DATE  316                       260     56      251
  SINCE SEP 1    316                       260     56      251
  SINCE JAN 1   2355                      1944    411     2166
..................................................................


WIND (MPH)
  HIGHEST WIND SPEED    21   HIGHEST WIND DIRECTION    NW (320)
  HIGHEST GUST SPEED    32   HIGHEST GUST DIRECTION    NW (320)
  AVERAGE WIND SPEED     9.7




RELATIVE HUMIDITY (PERCENT)
 HIGHEST    93
 LOWEST     36
 AVERAGE    65

..........................................................


THE FRESNO CA CLIMATE NORMALS FOR TOMORROW
                         NORMAL    RECORD    YEAR
 MAXIMUM TEMPERATURE (F)   89       104      1949
                                             1928
 MINIMUM TEMPERATURE (F)   60        41      1968


SUNRISE AND SUNSET
SEPTEMBER 21 2017.....SUNRISE   646 AM PDT   SUNSET   657 PM PDT
SEPTEMBER 22 2017.....SUNRISE   647 AM PDT   SUNSET   655 PM PDT


-  INDICATES NEGATIVE NUMBERS.
R  INDICATES RECORD WAS SET OR TIED.
MM INDICATES DATA IS MISSING.
T  INDICATES TRACE AMOUNT.




$$
