000
CDUS46 KHNX 280826
CLIFAT


CLIMATE REPORT
NATIONAL WEATHER SERVICE SAN JOAQUIN VALLEY, CA
124 AM PDT SAT MAY 28 2016


...................................

...THE FRESNO CA CLIMATE SUMMARY FOR MAY 27 2016...

CLIMATE NORMAL PERIOD 1981 TO 2010
CLIMATE RECORD PERIOD 1887 TO 2016


WEATHER ITEM   OBSERVED TIME   RECORD YEAR NORMAL DEPARTURE
                VALUE   (LST)  VALUE       VALUE  FROM
                                                  NORMAL
...............................................................
TEMPERATURE (F)
 YESTERDAY
  MAXIMUM         89    411 PM 104    1974  87      2
  MINIMUM         61    524 AM  46    1998  58      3
                                      1953
                                      1918
  AVERAGE         75                        73      2

PRECIPITATION (IN)
  YESTERDAY        0.00          0.63 1971   0.01  -0.01
  MONTH TO DATE    0.29                      0.39  -0.10
  SINCE OCT 1     14.23                     11.06   3.17
  SINCE JAN 1      9.03                      7.59   1.44

SNOWFALL (IN)
  YESTERDAY        0.0
  MONTH TO DATE    0.0
  SINCE MAR 1      0.0
  SINCE JUL 1      0.0
  SNOW DEPTH       0

DEGREE DAYS
 HEATING
  YESTERDAY        0                                0
  MONTH TO DATE   10                              -19
  SINCE MAR 1    246                             -184
  SINCE JUL 1   1947                             -395

 COOLING
  YESTERDAY       10                                2
  MONTH TO DATE  154                               -1
  SINCE MAR 1    218                               12
  SINCE JAN 1    218                               12
...............................................................


WIND (MPH)
  HIGHEST WIND SPEED    20   HIGHEST WIND DIRECTION    NW (300)
  HIGHEST GUST SPEED    23   HIGHEST GUST DIRECTION    NW (310)
  AVERAGE WIND SPEED     8.2




RELATIVE HUMIDITY (PERCENT)
 HIGHEST    72
 LOWEST     21
 AVERAGE    47

..........................................................


THE FRESNO CA CLIMATE NORMALS FOR TODAY
                         NORMAL    RECORD    YEAR
 MAXIMUM TEMPERATURE (F)   87       107      1984
 MINIMUM TEMPERATURE (F)   59        45      1927


SUNRISE AND SUNSET
MAY 28 2016...........SUNRISE   543 AM PDT   SUNSET   810 PM PDT
MAY 29 2016...........SUNRISE   542 AM PDT   SUNSET   811 PM PDT


-  INDICATES NEGATIVE NUMBERS.
R  INDICATES RECORD WAS SET OR TIED.
MM INDICATES DATA IS MISSING.
T  INDICATES TRACE AMOUNT.




$$
