000
CDUS42 KRAH 040751
CLIFAY


CLIMATE REPORT
NATIONAL WEATHER SERVICE RALEIGH NC
346 AM EDT FRI SEP 4 2015


...................................

...THE FAYETTEVILLE REGL AIRPORT NC CLIMATE SUMMARY FOR SEPTEMBER 3 2015...

CLIMATE NORMAL PERIOD 1981 TO 2010
CLIMATE RECORD PERIOD 1910 TO 2015


WEATHER ITEM   OBSERVED TIME   RECORD YEAR NORMAL DEPARTURE LAST
                VALUE   (LST)  VALUE       VALUE  FROM      YEAR
                                                  NORMAL
..................................................................
TEMPERATURE (F)
 YESTERDAY
  MAXIMUM         92    408 PM 101    2010  87      5       91
  MINIMUM         71    621 AM  49    1967  67      4       72
  AVERAGE         82                        77      5       82

PRECIPITATION (IN)
  YESTERDAY        0.00          1.46 1955   0.14  -0.14     0.21
  MONTH TO DATE    0.00                      0.43  -0.43     0.68
  SINCE SEP 1      0.00                      0.43  -0.43     0.68
  SINCE JAN 1     30.79                     31.86  -1.07    27.60

DEGREE DAYS
 HEATING
  YESTERDAY        0                         0      0        0
  MONTH TO DATE    0                         0      0        0
  SINCE SEP 1      0                         0      0        0
  SINCE JUL 1      0                         0      0        0

 COOLING
  YESTERDAY       17                        12      5       17
  MONTH TO DATE   50                        37     13       60
  SINCE SEP 1     50                        37     13       60
  SINCE JAN 1   1885                      1677    208     1801
..................................................................


WIND (MPH)
  HIGHEST WIND SPEED    12   HIGHEST WIND DIRECTION    NE (50)
  HIGHEST GUST SPEED    14   HIGHEST GUST DIRECTION    NE (50)
  AVERAGE WIND SPEED     4.2


SKY COVER
  POSSIBLE SUNSHINE  MM
  AVERAGE SKY COVER 0.1


WEATHER CONDITIONS
 THE FOLLOWING WEATHER WAS RECORDED YESTERDAY.
  FOG


RELATIVE HUMIDITY (PERCENT)
 HIGHEST    93           600 AM
 LOWEST     47           200 PM
 AVERAGE    70

..........................................................


THE FAYETTEVILLE REGL AIRPORT NC CLIMATE NORMALS FOR TODAY
                         NORMAL    RECORD    YEAR
 MAXIMUM TEMPERATURE (F)   87       100      1944
 MINIMUM TEMPERATURE (F)   67        50      1967


SUNRISE AND SUNSET
SEPTEMBER  4 2015.....SUNRISE   650 AM EDT   SUNSET   738 PM EDT
SEPTEMBER  5 2015.....SUNRISE   651 AM EDT   SUNSET   737 PM EDT


-  INDICATES NEGATIVE NUMBERS.
R  INDICATES RECORD WAS SET OR TIED.
MM INDICATES DATA IS MISSING.
T  INDICATES TRACE AMOUNT.




$$
