000
CDUS42 KRAH 200739
CLIFAY


CLIMATE REPORT
NATIONAL WEATHER SERVICE RALEIGH NC
238 AM EST MON FEB 20 2017


...................................

...THE FAYETTEVILLE REGL AIRPORT NC CLIMATE SUMMARY FOR FEBRUARY 19 2017...

CLIMATE NORMAL PERIOD 1981 TO 2010
CLIMATE RECORD PERIOD 1910 TO 2017


WEATHER ITEM   OBSERVED TIME   RECORD YEAR NORMAL DEPARTURE LAST
                VALUE   (LST)  VALUE       VALUE  FROM      YEAR
                                                  NORMAL
..................................................................
TEMPERATURE (F)
 YESTERDAY
  MAXIMUM         74    340 PM  84    1956  60     14       55
  MINIMUM         49    434 AM   8    1958  36     13       27
  AVERAGE         62                        48     14       41

PRECIPITATION (IN)
  YESTERDAY        0.00          1.07 1964   0.12  -0.12     0.00
  MONTH TO DATE    0.99                      1.87  -0.88     4.22
  SINCE DEC 1      6.06                      7.82  -1.76    12.43
  SINCE JAN 1      3.42                      5.17  -1.75     5.92

DEGREE DAYS
 HEATING
  YESTERDAY        3                        17    -14       24
  MONTH TO DATE  210                       354   -144      417
  SINCE DEC 1   1224                      1632   -408     1370
  SINCE JUL 1   1575                      2080   -505     1689

 COOLING
  YESTERDAY        0                         0      0        0
  MONTH TO DATE    9                         0      9        0
  SINCE DEC 1     10                         4      6       47
  SINCE JAN 1     10                         2      8        0
..................................................................


WIND (MPH)
  HIGHEST WIND SPEED    15   HIGHEST WIND DIRECTION     W (290)
  HIGHEST GUST SPEED    20   HIGHEST GUST DIRECTION     N (10)
  AVERAGE WIND SPEED     7.4


SKY COVER
  POSSIBLE SUNSHINE  MM
  AVERAGE SKY COVER 0.1


WEATHER CONDITIONS
 THE FOLLOWING WEATHER WAS RECORDED YESTERDAY.
  NO SIGNIFICANT WEATHER WAS OBSERVED.


RELATIVE HUMIDITY (PERCENT)
 HIGHEST    83           800 AM
 LOWEST     35           300 PM
 AVERAGE    59

..........................................................


THE FAYETTEVILLE REGL AIRPORT NC CLIMATE NORMALS FOR TODAY
                         NORMAL    RECORD    YEAR
 MAXIMUM TEMPERATURE (F)   60        82      2014
 MINIMUM TEMPERATURE (F)   36        10      2015


SUNRISE AND SUNSET
FEBRUARY 20 2017......SUNRISE   656 AM EST   SUNSET   603 PM EST
FEBRUARY 21 2017......SUNRISE   654 AM EST   SUNSET   604 PM EST


-  INDICATES NEGATIVE NUMBERS.
R  INDICATES RECORD WAS SET OR TIED.
MM INDICATES DATA IS MISSING.
T  INDICATES TRACE AMOUNT.




$$
