000
CDUS42 KRAH 302043
CLIFAY


CLIMATE REPORT
NATIONAL WEATHER SERVICE RALEIGH NC
441 PM EDT SAT MAY 30 2015


...................................

...THE FAYETTEVILLE REGL AIRPORT NC CLIMATE SUMMARY FOR MAY 30 2015...
VALID TODAY AS OF 0441 PM LOCAL TIME.

CLIMATE NORMAL PERIOD 1981 TO 2010
CLIMATE RECORD PERIOD 1910 TO 2015


WEATHER ITEM   OBSERVED TIME   RECORD YEAR NORMAL DEPARTURE LAST
                VALUE   (LST)  VALUE       VALUE  FROM      YEAR
                                                  NORMAL
..................................................................
TEMPERATURE (F)
 TODAY
  MAXIMUM         89    327 PM  97    1941  86      3       84
  MINIMUM         64    533 AM  48    1932  63      1       67
  AVERAGE         77                        75      2       76

PRECIPITATION (IN)
  TODAY            0.00          1.48 1955   0.15  -0.15     0.05
  MONTH TO DATE    2.26                      3.08  -0.82     4.11
  SINCE MAR 1      7.62                      9.45  -1.83    11.73
  SINCE JAN 1     15.27                     15.51  -0.24    18.45

DEGREE DAYS
 HEATING
  TODAY            0                         0      0        0
  MONTH TO DATE   10                        23    -13       12
  SINCE MAR 1    446                       505    -59      616
  SINCE JUL 1   2942                      2730    212     2941

 COOLING
  TODAY           12                        10      2       11
  MONTH TO DATE  226                       190     36      274
  SINCE MAR 1    318                       269     49      352
  SINCE JAN 1    318                       273     45      355
..................................................................


WIND (MPH)
  HIGHEST WIND SPEED    10   HIGHEST WIND DIRECTION    SE (140)
  HIGHEST GUST SPEED    15   HIGHEST GUST DIRECTION     S (160)
  AVERAGE WIND SPEED     4.0


SKY COVER
  POSSIBLE SUNSHINE  MM
  AVERAGE SKY COVER 0.3


WEATHER CONDITIONS
 THE FOLLOWING WEATHER WAS RECORDED TODAY.
  NO SIGNIFICANT WEATHER WAS OBSERVED.


RELATIVE HUMIDITY (PERCENT)
 HIGHEST   100           500 AM
 LOWEST     43           300 PM
 AVERAGE    72

..........................................................


THE FAYETTEVILLE REGL AIRPORT NC CLIMATE NORMALS FOR TOMORROW
                         NORMAL    RECORD    YEAR
 MAXIMUM TEMPERATURE (F)   86        99      2011
 MINIMUM TEMPERATURE (F)   64        44      1996


SUNRISE AND SUNSET
MAY 30 2015...........SUNRISE   604 AM EDT   SUNSET   823 PM EDT
MAY 31 2015...........SUNRISE   603 AM EDT   SUNSET   823 PM EDT


-  INDICATES NEGATIVE NUMBERS.
R  INDICATES RECORD WAS SET OR TIED.
MM INDICATES DATA IS MISSING.
T  INDICATES TRACE AMOUNT.




$$
