000
CDUS42 KRAH 252135
CLIFAY


CLIMATE REPORT
NATIONAL WEATHER SERVICE RALEIGH NC
432 PM EST SUN FEB 25 2018


...................................

...THE FAYETTEVILLE REGL AIRPORT NC CLIMATE SUMMARY FOR FEBRUARY 25 2018...
VALID TODAY AS OF 0432 PM LOCAL TIME.

CLIMATE NORMAL PERIOD 1981 TO 2010
CLIMATE RECORD PERIOD 1910 TO 2018


WEATHER ITEM   OBSERVED TIME   RECORD YEAR NORMAL DEPARTURE LAST
                VALUE   (LST)  VALUE       VALUE  FROM      YEAR
                                                  NORMAL
..................................................................
TEMPERATURE (F)
 TODAY
  MAXIMUM         83   1229 PM  85    1930  61     22       83
  MINIMUM         64    716 AM  11    1967  37     27       53
  AVERAGE         74                        49     25       68

PRECIPITATION (IN)
  TODAY            0.00          1.97 1961   0.09  -0.09     0.00
  MONTH TO DATE    1.42                      2.47  -1.05     0.99
  SINCE DEC 1      7.47                      8.42  -0.95     6.06
  SINCE JAN 1      4.50                      5.77  -1.27     3.42

DEGREE DAYS
 HEATING
  TODAY            0                        16    -16        0
  MONTH TO DATE  242                       453   -211      225
  SINCE DEC 1   1596                      1731   -135     1239
  SINCE JUL 1   2029                      2179   -150     1590

 COOLING
  TODAY            9                         0      9        3
  MONTH TO DATE   49                         0     49       14
  SINCE DEC 1     49                         4     45       15
  SINCE JAN 1     49                         2     47       15
..................................................................


WIND (MPH)
  HIGHEST WIND SPEED    30   HIGHEST WIND DIRECTION    NW (330)
  HIGHEST GUST SPEED    39   HIGHEST GUST DIRECTION    NW (310)
  AVERAGE WIND SPEED    13.0


SKY COVER
  POSSIBLE SUNSHINE  MM
  AVERAGE SKY COVER 0.4


WEATHER CONDITIONS
 THE FOLLOWING WEATHER WAS RECORDED TODAY.
  NO SIGNIFICANT WEATHER WAS OBSERVED.


RELATIVE HUMIDITY (PERCENT)
 HIGHEST    93           200 AM
 LOWEST     49           100 PM
 AVERAGE    71

..........................................................


THE FAYETTEVILLE REGL AIRPORT NC CLIMATE NORMALS FOR TOMORROW
                         NORMAL    RECORD    YEAR
 MAXIMUM TEMPERATURE (F)   62        81      1930
 MINIMUM TEMPERATURE (F)   37        13      1967


SUNRISE AND SUNSET
FEBRUARY 25 2018......SUNRISE   650 AM EST   SUNSET   608 PM EST
FEBRUARY 26 2018......SUNRISE   649 AM EST   SUNSET   609 PM EST


-  INDICATES NEGATIVE NUMBERS.
R  INDICATES RECORD WAS SET OR TIED.
MM INDICATES DATA IS MISSING.
T  INDICATES TRACE AMOUNT.




$$
