000
CDUS42 KRAH 040601
CLIFAY


CLIMATE REPORT
NATIONAL WEATHER SERVICE RALEIGH NC
200 AM EDT TUE AUG 4 2015


...................................

...THE FAYETTEVILLE REGL AIRPORT NC CLIMATE SUMMARY FOR AUGUST 3 2015...

CLIMATE NORMAL PERIOD 1981 TO 2010
CLIMATE RECORD PERIOD 1910 TO 2015


WEATHER ITEM   OBSERVED TIME   RECORD YEAR NORMAL DEPARTURE LAST
                VALUE   (LST)  VALUE       VALUE  FROM      YEAR
                                                  NORMAL
..................................................................
TEMPERATURE (F)
 YESTERDAY
  MAXIMUM         95    235 PM 103    1935  91      4       78
  MINIMUM         72    351 AM  58    1919  71      1       69
  AVERAGE         84                        81      3       74

PRECIPITATION (IN)
  YESTERDAY        0.00          2.40 1956   0.17  -0.17     0.10
  MONTH TO DATE    0.00                      0.54  -0.54     0.30
  SINCE JUN 1     12.52                     10.81   1.71     4.85
  SINCE JAN 1     27.79                     26.48   1.31    23.30

DEGREE DAYS
 HEATING
  YESTERDAY        0                         0      0        0
  MONTH TO DATE    0                         0      0        0
  SINCE JUN 1      0                         0      0        0
  SINCE JUL 1      0                         0      0        0

 COOLING
  YESTERDAY       19                        16      3        9
  MONTH TO DATE   57                        48      9       22
  SINCE JUN 1   1101                       951    150      963
  SINCE JAN 1   1431                      1235    196     1329
..................................................................


WIND (MPH)
  HIGHEST WIND SPEED    17   HIGHEST WIND DIRECTION     S (200)
  HIGHEST GUST SPEED    23   HIGHEST GUST DIRECTION    SW (210)
  AVERAGE WIND SPEED     6.5


SKY COVER
  POSSIBLE SUNSHINE  MM
  AVERAGE SKY COVER 0.3


WEATHER CONDITIONS
 THE FOLLOWING WEATHER WAS RECORDED YESTERDAY.
  NO SIGNIFICANT WEATHER WAS OBSERVED.


RELATIVE HUMIDITY (PERCENT)
 HIGHEST    93           100 AM
 LOWEST     41           200 PM
 AVERAGE    67

..........................................................


THE FAYETTEVILLE REGL AIRPORT NC CLIMATE NORMALS FOR TODAY
                         NORMAL    RECORD    YEAR
 MAXIMUM TEMPERATURE (F)   91       103      1935
 MINIMUM TEMPERATURE (F)   71        58      1985


SUNRISE AND SUNSET
AUGUST  4 2015........SUNRISE   627 AM EDT   SUNSET   816 PM EDT
AUGUST  5 2015........SUNRISE   628 AM EDT   SUNSET   815 PM EDT


-  INDICATES NEGATIVE NUMBERS.
R  INDICATES RECORD WAS SET OR TIED.
MM INDICATES DATA IS MISSING.
T  INDICATES TRACE AMOUNT.




$$
