000
CDUS42 KFFC 200818
CLIFFC


CLIMATE REPORT
NATIONAL WEATHER SERVICE PEACHTREE CITY GA
418 AM EDT WED SEP 20 2017


...................................

...THE PEACHTREE CITY CLIMATE SUMMARY FOR SEPTEMBER 19 2017...

CLIMATE NORMAL PERIOD 1981 TO 2010
CLIMATE RECORD PERIOD 9999 TO 9999


WEATHER ITEM   OBSERVED TIME   RECORD YEAR NORMAL DEPARTURE LAST
                VALUE   (LST)  VALUE       VALUE  FROM      YEAR
                                                  NORMAL
..................................................................
TEMPERATURE (F)
 YESTERDAY
  MAXIMUM         89    435 PM  MM      MM  83      6       88
  MINIMUM         62    644 AM  MM      MM  60      2       66
  AVERAGE         76                        71      5       77

PRECIPITATION (IN)
  YESTERDAY        0.01         MM      MM   0.12  -0.11     0.00
  MONTH TO DATE    5.04                      2.31   2.73     2.74
  SINCE SEP 1      5.04                      2.31   2.73     2.74
  SINCE JAN 1     42.52                     37.04   5.48    27.61

SNOWFALL (IN)
  YESTERDAY        0.0          MM      MM  MM     MM        0.0
  MONTH TO DATE    0.0                      MM     MM        0.0
  SINCE SEP 1      0.0                      MM     MM        0.0
  SINCE JUL 1      0.0                      MM     MM        0.0
  SNOW DEPTH       0

DEGREE DAYS
 HEATING
  YESTERDAY        0                         0      0        0
  MONTH TO DATE    7                         0      7        0
  SINCE SEP 1      7                         0      7        0
  SINCE JUL 1      7                         0      7        0

 COOLING
  YESTERDAY       11                         7      4       12
  MONTH TO DATE  112                       175    -63      242
  SINCE SEP 1    112                       175    -63      242
  SINCE JAN 1   1611                      1555     56     1888
..................................................................


WIND (MPH)
  RESULTANT WIND SPEED   0   RESULTANT WIND DIRECTION  NE (60)
  HIGHEST WIND SPEED     7   HIGHEST WIND DIRECTION     W (280)
  HIGHEST GUST SPEED    10   HIGHEST GUST DIRECTION    NW (310)
  AVERAGE WIND SPEED     1.5


SKY COVER
  POSSIBLE SUNSHINE  MM
  AVERAGE SKY COVER 0.0


WEATHER CONDITIONS
 THE FOLLOWING WEATHER WAS RECORDED YESTERDAY.
  LIGHT RAIN
  FOG


RELATIVE HUMIDITY (PERCENT)
 HIGHEST   100           100 AM
 LOWEST     40           300 PM
 AVERAGE    70

..........................................................


THE PEACHTREE CITY CLIMATE NORMALS FOR TODAY
                         NORMAL    RECORD    YEAR
 MAXIMUM TEMPERATURE (F)   83        MM        MM
 MINIMUM TEMPERATURE (F)   59        MM        MM


SUNRISE AND SUNSET
SEPTEMBER 20 2017.....SUNRISE   725 AM EDT   SUNSET   737 PM EDT
SEPTEMBER 21 2017.....SUNRISE   726 AM EDT   SUNSET   736 PM EDT


-  INDICATES NEGATIVE NUMBERS.
R  INDICATES RECORD WAS SET OR TIED.
MM INDICATES DATA IS MISSING.
T  INDICATES TRACE AMOUNT.




$$
