000
CDUS43 KLMK 290628
CLIFFT


CLIMATE REPORT
NATIONAL WEATHER SERVICE LOUISVILLE KY
228 AM EDT FRI APR 29 2016


...................................

...THE FRANKFORT KY CLIMATE SUMMARY FOR APRIL 28 2016...

CLIMATE NORMAL PERIOD 1981 TO 2010
CLIMATE RECORD PERIOD 1895 TO 2016


WEATHER ITEM   OBSERVED TIME   RECORD YEAR NORMAL DEPARTURE LAST
                VALUE   (LST)  VALUE       VALUE  FROM      YEAR
                                                  NORMAL
..................................................................
TEMPERATURE (F)
 YESTERDAY
  MAXIMUM         80    404 PM  89    1986  71      9       64
  MINIMUM         56   1159 PM  29    1934  47      9       41
  AVERAGE         68                        59      9       53

PRECIPITATION (IN)
  YESTERDAY        0.02          2.06 2014   0.14  -0.12     0.00
  MONTH TO DATE    2.57                      3.40  -0.83    11.09
  SINCE MAR 1      8.65                      7.78   0.87    18.77
  SINCE JAN 1     14.67                     14.33   0.34    22.33

SNOWFALL (IN)
  YESTERDAY       MM            MM      MM  MM     MM       MM
  MONTH TO DATE   MM                        MM     MM       MM
  SINCE MAR 1     MM                        MM     MM       MM
  SINCE JUL 1     MM                        MM     MM       MM
  SNOW DEPTH      MM

DEGREE DAYS
 HEATING
  YESTERDAY        0                         7     -7       12
  MONTH TO DATE  249                       302    -53      250
  SINCE MAR 1    659                       927   -268      922
  SINCE JUL 1   3731                      4566   -835     5042

 COOLING
  YESTERDAY        3                         1      2        0
  MONTH TO DATE   25                        20      5        8
  SINCE MAR 1     26                        22      4        8
  SINCE JAN 1     26                        22      4        8
..................................................................


WIND (MPH)
  HIGHEST WIND SPEED    20   HIGHEST WIND DIRECTION    SW (220)
  HIGHEST GUST SPEED    28   HIGHEST GUST DIRECTION     W (260)
  AVERAGE WIND SPEED     7.5


SKY COVER
  POSSIBLE SUNSHINE  MM
  AVERAGE SKY COVER 0.5


WEATHER CONDITIONS
 THE FOLLOWING WEATHER WAS RECORDED YESTERDAY.
  LIGHT RAIN


RELATIVE HUMIDITY (PERCENT)
 HIGHEST    97          1200 AM
 LOWEST     35           700 PM
 AVERAGE    66

..........................................................


THE FRANKFORT KY CLIMATE NORMALS FOR TODAY
                         NORMAL    RECORD    YEAR
 MAXIMUM TEMPERATURE (F)   71        89      1914
 MINIMUM TEMPERATURE (F)   48        31      1976


SUNRISE AND SUNSET
APRIL 29 2016.........SUNRISE   645 AM EDT   SUNSET   829 PM EDT
APRIL 30 2016.........SUNRISE   644 AM EDT   SUNSET   830 PM EDT


-  INDICATES NEGATIVE NUMBERS.
R  INDICATES RECORD WAS SET OR TIED.
MM INDICATES DATA IS MISSING.
T  INDICATES TRACE AMOUNT.




$$
