000
CDUS43 KLMK 060627
CLIFFT


CLIMATE REPORT
NATIONAL WEATHER SERVICE LOUISVILLE KY
227 AM EDT MON JUL 6 2015


...................................

...THE FRANKFORT KY CLIMATE SUMMARY FOR JULY 5 2015...

CLIMATE NORMAL PERIOD 1981 TO 2010
CLIMATE RECORD PERIOD 1895 TO 2015


WEATHER ITEM   OBSERVED TIME   RECORD YEAR NORMAL DEPARTURE LAST
                VALUE   (LST)  VALUE       VALUE  FROM      YEAR
                                                  NORMAL
..................................................................
TEMPERATURE (F)
 YESTERDAY
  MAXIMUM         80    445 PM  99    1934  87     -7       83
  MINIMUM         65   1159 PM  50    1940  66     -1       52
  AVERAGE         73                        76     -3       68

PRECIPITATION (IN)
  YESTERDAY        0.00          1.76 1928   0.13  -0.13     0.00
  MONTH TO DATE    2.88                      0.60   2.28     0.66
  SINCE JUN 1      9.09                      4.69   4.40     4.58
  SINCE JAN 1     32.49                     24.16   8.33    25.36

SNOWFALL (IN)
  YESTERDAY       MM            MM      MM  MM     MM       MM
  MONTH TO DATE   MM                        MM     MM       MM
  SINCE JUN 1     MM                        MM     MM       MM
  SINCE JUL 1     MM                        MM     MM       MM
  SNOW DEPTH      MM

DEGREE DAYS
 HEATING
  YESTERDAY        0                         0      0        0
  MONTH TO DATE    0                         0      0        0
  SINCE JUN 1     16                        10      6        3
  SINCE JUL 1      0                         0      0        0

 COOLING
  YESTERDAY        8                        11     -3        3
  MONTH TO DATE   42                        55    -13       32
  SINCE JUN 1    338                       291     47      297
  SINCE JAN 1    493                       390    103      419
..................................................................


WIND (MPH)
  HIGHEST WIND SPEED     9   HIGHEST WIND DIRECTION     E (90)
  HIGHEST GUST SPEED    12   HIGHEST GUST DIRECTION     E (80)
  AVERAGE WIND SPEED     3.5


SKY COVER
  POSSIBLE SUNSHINE  MM
  AVERAGE SKY COVER 0.1


WEATHER CONDITIONS
 THE FOLLOWING WEATHER WAS RECORDED YESTERDAY.
  FOG
  HAZE


RELATIVE HUMIDITY (PERCENT)
 HIGHEST    93          1000 PM
 LOWEST     62           300 PM
 AVERAGE    78

..........................................................


THE FRANKFORT KY CLIMATE NORMALS FOR TODAY
                         NORMAL    RECORD    YEAR
 MAXIMUM TEMPERATURE (F)   87       101      2012
 MINIMUM TEMPERATURE (F)   66        49      1972


SUNRISE AND SUNSET
JULY  6 2015..........SUNRISE   623 AM EDT   SUNSET   906 PM EDT
JULY  7 2015..........SUNRISE   623 AM EDT   SUNSET   906 PM EDT


-  INDICATES NEGATIVE NUMBERS.
R  INDICATES RECORD WAS SET OR TIED.
MM INDICATES DATA IS MISSING.
T  INDICATES TRACE AMOUNT.




$$
