000
CDUS43 KLMK 102034
CLIFFT


CLIMATE REPORT
NATIONAL WEATHER SERVICE LOUISVILLE KY
434 PM EDT THU JUL 10 2014


...................................

...THE FRANKFORT KY CLIMATE SUMMARY FOR JULY 10 2014...
VALID TODAY AS OF 0400 PM LOCAL TIME.

CLIMATE NORMAL PERIOD 1981 TO 2010
CLIMATE RECORD PERIOD 1895 TO 2014


WEATHER ITEM   OBSERVED TIME   RECORD YEAR NORMAL DEPARTURE LAST
                VALUE   (LST)  VALUE       VALUE  FROM      YEAR
                                                  NORMAL
..................................................................
TEMPERATURE (F)
 TODAY
  MAXIMUM         85    248 PM 109    1936  87     -2       89
  MINIMUM         63    634 AM  51    1963  66     -3       69
  AVERAGE         74                        76     -2       79

PRECIPITATION (IN)
  TODAY            0.00          3.06 1986   0.15  -0.15     0.52
  MONTH TO DATE    0.66                      1.29  -0.63     5.61
  SINCE JUN 1      4.58                      5.38  -0.80    12.12
  SINCE JAN 1     25.36                     24.85   0.51    30.79

SNOWFALL (IN)
  TODAY           MM            MM      MM  MM     MM       MM
  MONTH TO DATE   MM                        MM     MM       MM
  SINCE JUN 1     MM                        MM     MM       MM
  SINCE JUL 1     MM                        MM     MM       MM
  SNOW DEPTH      MM

DEGREE DAYS
 HEATING
  TODAY            0                         0      0        0
  MONTH TO DATE    0                         0      0        0
  SINCE JUN 1      3                        10     -7        2
  SINCE JUL 1      0                         0      0        0

 COOLING
  TODAY            9                        11     -2       14
  MONTH TO DATE   83                       110    -27       85
  SINCE JUN 1    348                       346      2      326
  SINCE JAN 1    470                       445     25      445
..................................................................


WIND (MPH)
  HIGHEST WIND SPEED    13   HIGHEST WIND DIRECTION    NW (320)
  HIGHEST GUST SPEED    18   HIGHEST GUST DIRECTION     W (290)
  AVERAGE WIND SPEED     2.6


SKY COVER
  POSSIBLE SUNSHINE  MM
  AVERAGE SKY COVER 0.3


WEATHER CONDITIONS
 THE FOLLOWING WEATHER WAS RECORDED TODAY.
  NO SIGNIFICANT WEATHER WAS OBSERVED.


RELATIVE HUMIDITY (PERCENT)
 HIGHEST    93           300 AM
 LOWEST     40           300 PM
 AVERAGE    67

..........................................................


THE FRANKFORT KY CLIMATE NORMALS FOR TOMORROW
                         NORMAL    RECORD    YEAR
 MAXIMUM TEMPERATURE (F)   87       107      1936
 MINIMUM TEMPERATURE (F)   66        51      1963


SUNRISE AND SUNSET
JULY 10 2014..........SUNRISE   625 AM EDT   SUNSET   904 PM EDT
JULY 11 2014..........SUNRISE   626 AM EDT   SUNSET   904 PM EDT


-  INDICATES NEGATIVE NUMBERS.
R  INDICATES RECORD WAS SET OR TIED.
MM INDICATES DATA IS MISSING.
T  INDICATES TRACE AMOUNT.




$$
