840
CDUS43 KFGF 250637
CLIFGF


CLIMATE REPORT
NATIONAL WEATHER SERVICE EASTERN NORTH DAKOTA/GRAND FORKS
134 AM CDT SAT MAR 25 2017


...................................

...THE GRAND FORKS UNIV. (NWS) ND CLIMATE SUMMARY FOR MARCH 24 2017...

CLIMATE NORMAL PERIOD 1981 TO 2010
CLIMATE RECORD PERIOD 1890 TO 2017


WEATHER ITEM   OBSERVED TIME   RECORD YEAR NORMAL DEPARTURE LAST
                VALUE   (LST)  VALUE       VALUE  FROM      YEAR
                                                  NORMAL
..................................................................
TEMPERATURE (F)
 YESTERDAY
  MAXIMUM         37        MM  78    1910  39     -2       49
  MINIMUM         26        MM -16    1974  21      5       20
  AVERAGE         32                        30      2       35

PRECIPITATION (IN)
  YESTERDAY        0.00          0.65 2009   0.04  -0.04     0.00
  MONTH TO DATE    0.76                      0.78  -0.02     0.65
  SINCE MAR 1      0.76                      0.78  -0.02     0.65
  SINCE JAN 1      1.86                      2.08  -0.22     1.30

SNOWFALL (IN)
  YESTERDAY        0.0           4.8  1949   0.2   -0.2      0.0
  MONTH TO DATE    0.1                       5.6   -5.5      1.7
  SINCE MAR 1      0.1                       5.6   -5.5      1.7
  SINCE JUL 1     43.0                      40.9    2.1     29.0
  SNOW DEPTH       0

DEGREE DAYS
 HEATING
  YESTERDAY       33                        35     -2       30
  MONTH TO DATE 1018                       979     39      706
  SINCE MAR 1   1018                       979     39      706
  SINCE JUL 1   6966                      7939   -973     6638

 COOLING
  YESTERDAY        0                         0      0        0
  MONTH TO DATE    0                         0      0        0
  SINCE MAR 1      0                         0      0        0
  SINCE JAN 1      0                         0      0        0
..................................................................


WIND (MPH)
  RESULTANT WIND SPEED  MM   RESULTANT WIND DIRECTION  MM
  HIGHEST WIND SPEED    MM   HIGHEST WIND DIRECTION    MM
  HIGHEST GUST SPEED    MM   HIGHEST GUST DIRECTION    MM
  AVERAGE WIND SPEED    MM


SKY COVER
  POSSIBLE SUNSHINE  MM
  AVERAGE SKY COVER  MM


WEATHER CONDITIONS
 THE FOLLOWING WEATHER WAS RECORDED YESTERDAY.
  NO SIGNIFICANT WEATHER WAS OBSERVED.


RELATIVE HUMIDITY (PERCENT)
 HIGHEST    MM
 LOWEST     MM
 AVERAGE    MM

..........................................................


THE GRAND FORKS UNIV. (NWS) ND CLIMATE NORMALS FOR TODAY
                         NORMAL    RECORD    YEAR
 MAXIMUM TEMPERATURE (F)   40        65      1911
                                             1910
 MINIMUM TEMPERATURE (F)   22       -12      1940


SUNRISE AND SUNSET
MARCH 25 2017.........SUNRISE   720 AM CDT   SUNSET   749 PM CDT
MARCH 26 2017.........SUNRISE   718 AM CDT   SUNSET   750 PM CDT


-  INDICATES NEGATIVE NUMBERS.
R  INDICATES RECORD WAS SET OR TIED.
MM INDICATES DATA IS MISSING.
T  INDICATES TRACE AMOUNT.




$$
