000
CDUS43 KFGF 272254
CLIFGF


CLIMATE REPORT
NATIONAL WEATHER SERVICE EASTERN NORTH DAKOTA/GRAND FORKS
450 PM CST THU NOV 27 2014


...................................

...THE GRAND FORKS UNIV. (NWS) ND CLIMATE SUMMARY FOR NOVEMBER 27 2014...
VALID TODAY AS OF 0400 PM LOCAL TIME.

CLIMATE NORMAL PERIOD 1981 TO 2010
CLIMATE RECORD PERIOD 1890 TO 2014


WEATHER ITEM   OBSERVED TIME   RECORD YEAR NORMAL DEPARTURE LAST
                VALUE   (LST)  VALUE       VALUE  FROM      YEAR
                                                  NORMAL
..................................................................
TEMPERATURE (F)
 TODAY
  MAXIMUM          4        MM  48    1962  28    -24       21
  MINIMUM        -13        MM -27    1985  13    -26        1
  AVERAGE         -4                        20    -24       11

PRECIPITATION (IN)
  TODAY            0.00          0.50   MM   0.02  -0.02      T
  MONTH TO DATE    0.24                      0.83  -0.59     0.12
  SINCE SEP 1      2.12                      4.80  -2.68     5.01
  SINCE JAN 1     22.54                     20.90   1.64    18.45

SNOWFALL (IN)
  TODAY            0.0           7.0    MM   0.3   -0.3       T
  MONTH TO DATE    3.2                       5.3   -2.1      1.6
  SINCE SEP 1      3.2                       6.3   -3.1      1.6
  SINCE JUL 1      3.2                       6.3   -3.1      1.6
  SNOW DEPTH       1

DEGREE DAYS
 HEATING
  TODAY           69                        45     24       54
  MONTH TO DATE 1146                      1003    143     1043
  SINCE SEP 1   1898                      1893      5     1848
  SINCE JUL 1   1954                      1957     -3     1907

 COOLING
  TODAY            0                         0      0        0
  MONTH TO DATE    0                         0      0        0
  SINCE SEP 1     31                        31      0       46
  SINCE JAN 1    395                       463    -68      528
..................................................................


WIND (MPH)
  HIGHEST WIND SPEED    MM   HIGHEST WIND DIRECTION    MM
  HIGHEST GUST SPEED    MM   HIGHEST GUST DIRECTION    MM
  AVERAGE WIND SPEED    MM


SKY COVER
  POSSIBLE SUNSHINE  MM
  AVERAGE SKY COVER  MM


WEATHER CONDITIONS
 THE FOLLOWING WEATHER WAS RECORDED TODAY.
  NO SIGNIFICANT WEATHER WAS OBSERVED.


RELATIVE HUMIDITY (PERCENT)
 HIGHEST    MM
 LOWEST     MM
 AVERAGE    MM

..........................................................


THE GRAND FORKS UNIV. (NWS) ND CLIMATE NORMALS FOR TOMORROW
                         NORMAL    RECORD    YEAR
 MAXIMUM TEMPERATURE (F)   27        52      1914
 MINIMUM TEMPERATURE (F)   12       -28      1985


SUNRISE AND SUNSET
NOVEMBER 27 2014......SUNRISE   752 AM CST   SUNSET   440 PM CST
NOVEMBER 28 2014......SUNRISE   753 AM CST   SUNSET   439 PM CST


-  INDICATES NEGATIVE NUMBERS.
R  INDICATES RECORD WAS SET OR TIED.
MM INDICATES DATA IS MISSING.
T  INDICATES TRACE AMOUNT.




$$
