994
CDUS43 KFGF 242253
CLIFGF


CLIMATE REPORT
NATIONAL WEATHER SERVICE EASTERN NORTH DAKOTA/GRAND FORKS
451 PM CST TUE JAN 24 2017


...................................

...THE GRAND FORKS UNIV. (NWS) ND CLIMATE SUMMARY FOR JANUARY 24 2017...
VALID TODAY AS OF 0400 PM LOCAL TIME.

CLIMATE NORMAL PERIOD 1981 TO 2010
CLIMATE RECORD PERIOD 1890 TO 2017


WEATHER ITEM   OBSERVED TIME   RECORD YEAR NORMAL DEPARTURE LAST
                VALUE   (LST)  VALUE       VALUE  FROM      YEAR
                                                  NORMAL
..................................................................
TEMPERATURE (F)
 TODAY
  MAXIMUM         28        MM  47    1981  17     11       24
  MINIMUM         24        MM -32    1936  -1     25       18
                                      1920
  AVERAGE         26                         8     18       21

PRECIPITATION (IN)
  TODAY            0.00          0.56 1950   0.02  -0.02      T
  MONTH TO DATE    0.57                      0.57   0.00     0.25
  SINCE DEC 1      2.41                      1.22   1.19     1.37
  SINCE JAN 1      0.57                      0.57   0.00     0.25

SNOWFALL (IN)
  TODAY            0.0           5.3  1950   0.3   -0.3       T
  MONTH TO DATE   11.0                       8.4    2.6      4.1
  SINCE DEC 1     36.6                      19.3   17.3     18.9
  SINCE JUL 1     37.5                      26.4   11.1     22.3
  SNOW DEPTH       7

DEGREE DAYS
 HEATING
  TODAY           39                        57    -18       44
  MONTH TO DATE 1346                      1389    -43     1393
  SINCE DEC 1   2939                      3026    -87     2764
  SINCE JUL 1   4393                      5120   -727     4373

 COOLING
  TODAY            0                         0      0        0
  MONTH TO DATE    0                         0      0        0
  SINCE DEC 1      0                         0      0        0
  SINCE JAN 1      0                         0      0        0
..................................................................


WIND (MPH)
  HIGHEST WIND SPEED    MM   HIGHEST WIND DIRECTION    MM
  HIGHEST GUST SPEED    MM   HIGHEST GUST DIRECTION    MM
  AVERAGE WIND SPEED    MM


SKY COVER
  POSSIBLE SUNSHINE  MM
  AVERAGE SKY COVER  MM


WEATHER CONDITIONS
 THE FOLLOWING WEATHER WAS RECORDED TODAY.
  NO SIGNIFICANT WEATHER WAS OBSERVED.


RELATIVE HUMIDITY (PERCENT)
 HIGHEST    MM
 LOWEST     MM
 AVERAGE    MM

..........................................................


THE GRAND FORKS UNIV. (NWS) ND CLIMATE NORMALS FOR TOMORROW
                         NORMAL    RECORD    YEAR
 MAXIMUM TEMPERATURE (F)   17        44      1973
 MINIMUM TEMPERATURE (F)   -1       -30      1915


SUNRISE AND SUNSET
JANUARY 24 2017.......SUNRISE   805 AM CST   SUNSET   517 PM CST
JANUARY 25 2017.......SUNRISE   804 AM CST   SUNSET   518 PM CST


-  INDICATES NEGATIVE NUMBERS.
R  INDICATES RECORD WAS SET OR TIED.
MM INDICATES DATA IS MISSING.
T  INDICATES TRACE AMOUNT.




$$
