005
CDUS43 KFGF 162302
CLIFGF


CLIMATE REPORT
NATIONAL WEATHER SERVICE EASTERN NORTH DAKOTA/GRAND FORKS
500 PM CST SAT DEC 16 2017


...................................

...THE GRAND FORKS UNIV. (NWS) ND CLIMATE SUMMARY FOR DECEMBER 16 2017...
VALID TODAY AS OF 0400 PM LOCAL TIME.

CLIMATE NORMAL PERIOD 1981 TO 2010
CLIMATE RECORD PERIOD 1893 TO 2017


WEATHER ITEM   OBSERVED TIME   RECORD YEAR NORMAL DEPARTURE LAST
                VALUE   (LST)  VALUE       VALUE  FROM      YEAR
                                                  NORMAL
..................................................................
TEMPERATURE (F)
 TODAY
  MAXIMUM         31        MM  52    1962  20     11        2
                                      1939
  MINIMUM         19        MM -22    1963   4     15       -5
                                      1953
  AVERAGE         25                        12     13       -1

PRECIPITATION (IN)
  TODAY            T             0.50 1984   0.02  -0.02      T
  MONTH TO DATE    0.86                      0.32   0.54     1.12
  SINCE DEC 1      0.86                      0.32   0.54     1.12
  SINCE JAN 1     19.13                     21.29  -2.16    30.55

SNOWFALL (IN)
  TODAY            0.0           5.5  1996   0.4   -0.4       T
  MONTH TO DATE    7.6                       5.0    2.6     19.2
  SINCE DEC 1      7.6                       5.0    2.6     19.2
  SINCE JUL 1     16.0                      12.1    3.9     20.1
  SNOW DEPTH       5

DEGREE DAYS
 HEATING
  TODAY           40                        53    -13       66
  MONTH TO DATE  681                       804   -123      851
  SINCE DEC 1    681                       804   -123      851
  SINCE JUL 1   2641                      2898   -257     2305

 COOLING
  TODAY            0                         0      0        0
  MONTH TO DATE    0                         0      0        0
  SINCE DEC 1      0                         0      0        0
  SINCE JAN 1    440                       463    -23      461
..................................................................


WIND (MPH)
  HIGHEST WIND SPEED    MM   HIGHEST WIND DIRECTION    MM
  HIGHEST GUST SPEED    MM   HIGHEST GUST DIRECTION    MM
  AVERAGE WIND SPEED    MM


SKY COVER
  POSSIBLE SUNSHINE  MM
  AVERAGE SKY COVER  MM


WEATHER CONDITIONS
 THE FOLLOWING WEATHER WAS RECORDED TODAY.
  NO SIGNIFICANT WEATHER WAS OBSERVED.


RELATIVE HUMIDITY (PERCENT)
 HIGHEST    MM
 LOWEST     MM
 AVERAGE    MM

..........................................................


THE GRAND FORKS UNIV. (NWS) ND CLIMATE NORMALS FOR TOMORROW
                         NORMAL    RECORD    YEAR
 MAXIMUM TEMPERATURE (F)   19        57      1900
 MINIMUM TEMPERATURE (F)    4       -27      1906


SUNRISE AND SUNSET
DECEMBER 16 2017......SUNRISE   812 AM CST   SUNSET   436 PM CST
DECEMBER 17 2017......SUNRISE   813 AM CST   SUNSET   437 PM CST


-  INDICATES NEGATIVE NUMBERS.
R  INDICATES RECORD WAS SET OR TIED.
MM INDICATES DATA IS MISSING.
T  INDICATES TRACE AMOUNT.




$$
