234
CDUS43 KFGF 282221
CLIFGF


CLIMATE REPORT
NATIONAL WEATHER SERVICE EASTERN NORTH DAKOTA/GRAND FORKS
518 PM CDT FRI APR 28 2017


...................................

...THE GRAND FORKS UNIV. (NWS) ND CLIMATE SUMMARY FOR APRIL 28 2017...
VALID TODAY AS OF 0400 PM LOCAL TIME.

CLIMATE NORMAL PERIOD 1981 TO 2010
CLIMATE RECORD PERIOD 1890 TO 2017


WEATHER ITEM   OBSERVED TIME   RECORD YEAR NORMAL DEPARTURE LAST
                VALUE   (LST)  VALUE       VALUE  FROM      YEAR
                                                  NORMAL
..................................................................
TEMPERATURE (F)
 TODAY
  MAXIMUM         55        MM  90    1952  62     -7       58
  MINIMUM         29        MM  15    1958  37     -8       40
  AVERAGE         42                        49     -7       49

PRECIPITATION (IN)
  TODAY            0.00          1.56 1918   0.05  -0.05     0.00
  MONTH TO DATE    1.48                      0.88   0.60     2.10
  SINCE MAR 1      2.32                      1.90   0.42     2.79
  SINCE JAN 1      3.42                      3.20   0.22     3.44

SNOWFALL (IN)
  TODAY            0.0           2.0  1990   0.0    0.0      0.0
  MONTH TO DATE    6.7                       1.0    5.7      0.6
  SINCE MAR 1      6.8                       7.4   -0.6      2.3
  SINCE JUL 1     49.7                      42.7    7.0     29.6
  SNOW DEPTH       0

DEGREE DAYS
 HEATING
  TODAY           23                        16      7       16
  MONTH TO DATE  616                       632    -16      690
  SINCE MAR 1   1797                      1838    -41     1578
  SINCE JUL 1   7745                      8798  -1053     7510

 COOLING
  TODAY            0                         0      0        0
  MONTH TO DATE    0                         0      0        0
  SINCE MAR 1      0                         0      0        0
  SINCE JAN 1      0                         0      0        0
..................................................................


WIND (MPH)
  HIGHEST WIND SPEED    MM   HIGHEST WIND DIRECTION    MM
  HIGHEST GUST SPEED    MM   HIGHEST GUST DIRECTION    MM
  AVERAGE WIND SPEED    MM


SKY COVER
  POSSIBLE SUNSHINE  MM
  AVERAGE SKY COVER  MM


WEATHER CONDITIONS
 THE FOLLOWING WEATHER WAS RECORDED TODAY.
  NO SIGNIFICANT WEATHER WAS OBSERVED.


RELATIVE HUMIDITY (PERCENT)
 HIGHEST    MM
 LOWEST     MM
 AVERAGE    MM

..........................................................


THE GRAND FORKS UNIV. (NWS) ND CLIMATE NORMALS FOR TOMORROW
                         NORMAL    RECORD    YEAR
 MAXIMUM TEMPERATURE (F)   62        90      1985
                                             1934
 MINIMUM TEMPERATURE (F)   37        10      1958


SUNRISE AND SUNSET
APRIL 28 2017.........SUNRISE   615 AM CDT   SUNSET   838 PM CDT
APRIL 29 2017.........SUNRISE   613 AM CDT   SUNSET   839 PM CDT


-  INDICATES NEGATIVE NUMBERS.
R  INDICATES RECORD WAS SET OR TIED.
MM INDICATES DATA IS MISSING.
T  INDICATES TRACE AMOUNT.




$$
