000
CDUS45 KFGZ 230822
CLIFLG
CLIMATE REPORT
NATIONAL WEATHER SERVICE FLAGSTAFF, AZ
117 AM MST THU FEB 23 2017


...................................

...THE FLAGSTAFF AZ AIRPORT CLIMATE SUMMARY FOR FEBRUARY 22 2017...

CLIMATE NORMAL PERIOD 1981 TO 2010
CLIMATE RECORD PERIOD 1898 TO 2017


WEATHER ITEM   OBSERVED TIME   RECORD YEAR NORMAL DEPARTURE LAST
                VALUE   (LST)  VALUE       VALUE  FROM      YEAR
                                                  NORMAL
..................................................................
TEMPERATURE (F)
 YESTERDAY
  MAXIMUM         49   1155 AM  64    2002  46      3       53
  MINIMUM         36   1159 PM -10    1955  20     16       21
  AVERAGE         43                        33     10

PRECIPITATION (IN)
  YESTERDAY        0.00          0.68 1907   0.08  -0.08     0.00
  MONTH TO DATE    0.72                      1.68  -0.96     0.37
  SINCE SEP 1     13.89                     11.40   2.49    12.61
  SINCE JAN 1      5.28                      3.73   1.55     3.78

SNOWFALL (IN)
  YESTERDAY        0.0           9.7  2008   0.7             0.0
  MONTH TO DATE    1.9                      16.9             7.8
  SINCE JUL 1     66.0                      69.2            71.7
  SNOW DEPTH       0

DEGREE DAYS
 HEATING
  YESTERDAY       22                        32    -10       28
  MONTH TO DATE  597                       733   -136      662
  SINCE JUL 1   4250                      4649   -399     4521

 COOLING
  YESTERDAY        0                         0      0        0
  MONTH TO DATE    0                         0      0        0
  SINCE JAN 1      0                         0      0        0
..................................................................


WIND (MPH)
  HIGHEST WIND SPEED    30   HIGHEST WIND DIRECTION    SW (220)
  HIGHEST GUST SPEED    41   HIGHEST GUST DIRECTION    SW (230)
  AVERAGE WIND SPEED    15.4


SKY COVER
  POSSIBLE SUNSHINE  MM
  AVERAGE SKY COVER 0.7


WEATHER CONDITIONS
 THE FOLLOWING WEATHER WAS RECORDED YESTERDAY.
  NO SIGNIFICANT WEATHER WAS OBSERVED.


RELATIVE HUMIDITY (PERCENT)
 HIGHEST   100           200 AM
 LOWEST     60           400 PM
 AVERAGE    80

..........................................................


THE FLAGSTAFF AZ AIRPORT CLIMATE NORMALS FOR TODAY
                         NORMAL    RECORD    YEAR
 MAXIMUM TEMPERATURE (F)   46        66      1946
                                             1904
 MINIMUM TEMPERATURE (F)   20        -6      1960


SUNRISE AND SUNSET
FEBRUARY 23 2017......SUNRISE   703 AM MST   SUNSET   617 PM MST
FEBRUARY 24 2017......SUNRISE   702 AM MST   SUNSET   618 PM MST


-  INDICATES NEGATIVE NUMBERS.
R  INDICATES RECORD WAS SET OR TIED.
MM INDICATES DATA IS MISSING.
T  INDICATES TRACE AMOUNT.




$$
&&

-------------------------------------------------------------------
SNOW DEPTH DATA FOR FLAGSTAFF AIRPORT IS REPORTED AT 5 AM MST


-------------------------------------------------------------------
SUPPLEMENTARY CLIMATE DATA FOR NWS BELLEMONT, ARIZONA

SNOW DEPTH (IN) AT 11 AM..........................................0
WATER EQUIVALENT OF SNOW PACK (IN) AT 11 AM*......................
* ONLY MEASURED IF SNOW DEPTH IS 2.0 INCHES OR GREATER
-------------------------------------------------------------------
