319
CDUS45 KFGZ 050759
CLIFLG
CLIMATE REPORT
NATIONAL WEATHER SERVICE FLAGSTAFF, AZ
1257 AM MST THU MAY 5 2016


...................................

...THE FLAGSTAFF AZ AIRPORT CLIMATE SUMMARY FOR MAY 4 2016...

CLIMATE NORMAL PERIOD 1981 TO 2010
CLIMATE RECORD PERIOD 1898 TO 2016


WEATHER ITEM   OBSERVED TIME   RECORD YEAR NORMAL DEPARTURE LAST
                VALUE   (LST)  VALUE       VALUE  FROM      YEAR
                                                  NORMAL
..................................................................
TEMPERATURE (F)
 YESTERDAY
  MAXIMUM         72    252 PM  88    1947  64      8       59
  MINIMUM         33    557 AM  18    1915  33      0       37
                                      1899
  AVERAGE         53                        48      5

PRECIPITATION (IN)
  YESTERDAY        0.00          0.67 1960   0.02  -0.02     0.07
  MONTH TO DATE    0.70                      0.10   0.60     0.07
  SINCE SEP 1     14.98                     15.25  -0.27    17.03
  SINCE JAN 1      6.15                      7.58  -1.43     9.20

SNOWFALL (IN)
  YESTERDAY        0.0           3.9  1905   0.1             0.0
  MONTH TO DATE    1.9                       0.3             0.0
  SINCE JUL 1     78.3                     101.3            57.0
  SNOW DEPTH       0

DEGREE DAYS
 HEATING
  YESTERDAY       12                        17     -5       17
  MONTH TO DATE   82                        68     14       46
  SINCE JUL 1   6164                      6424   -260     5446

 COOLING
  YESTERDAY        0                         0      0        0
  MONTH TO DATE    0                         0      0        0
  SINCE JAN 1      0                         0      0        0
..................................................................


WIND (MPH)
  HIGHEST WIND SPEED    22   HIGHEST WIND DIRECTION    SW (210)
  HIGHEST GUST SPEED    33   HIGHEST GUST DIRECTION     S (180)
  AVERAGE WIND SPEED     6.4


SKY COVER
  POSSIBLE SUNSHINE  MM
  AVERAGE SKY COVER 0.0


WEATHER CONDITIONS
 THE FOLLOWING WEATHER WAS RECORDED YESTERDAY.
  NO SIGNIFICANT WEATHER WAS OBSERVED.


RELATIVE HUMIDITY (PERCENT)
 HIGHEST    89           100 AM
 LOWEST     15           200 PM
 AVERAGE    52

..........................................................


THE FLAGSTAFF AZ AIRPORT CLIMATE NORMALS FOR TODAY
                         NORMAL    RECORD    YEAR
 MAXIMUM TEMPERATURE (F)   64        86      1947
 MINIMUM TEMPERATURE (F)   33        18      1950


SUNRISE AND SUNSET
MAY  5 2016...........SUNRISE   531 AM MST   SUNSET   716 PM MST
MAY  6 2016...........SUNRISE   530 AM MST   SUNSET   717 PM MST


-  INDICATES NEGATIVE NUMBERS.
R  INDICATES RECORD WAS SET OR TIED.
MM INDICATES DATA IS MISSING.
T  INDICATES TRACE AMOUNT.




$$
&&

-------------------------------------------------------------------
SNOW DEPTH DATA FOR FLAGSTAFF AIRPORT IS REPORTED AT 5 AM MST


-------------------------------------------------------------------
SUPPLEMENTARY CLIMATE DATA FOR NWS BELLEMONT, ARIZONA

SNOW DEPTH (IN) AT 11 AM........................................0
WATER EQUIVALENT OF SNOW PACK (IN) AT 11 AM*....................
* ONLY MEASURED IF SNOW DEPTH IS 2.0 INCHES OR GREATER
-------------------------------------------------------------------
