430
CDUS45 KFGZ 220939
CLIFLG
CLIMATE REPORT
NATIONAL WEATHER SERVICE FLAGSTAFF, AZ
238 AM MST FRI MAY 22 2015


...................................

...THE FLAGSTAFF AZ AIRPORT CLIMATE SUMMARY FOR MAY 21 2015...

CLIMATE NORMAL PERIOD 1981 TO 2010
CLIMATE RECORD PERIOD 1898 TO 2015


WEATHER ITEM   OBSERVED TIME   RECORD YEAR NORMAL DEPARTURE LAST
                VALUE   (LST)  VALUE       VALUE  FROM      YEAR
                                                  NORMAL
..................................................................
TEMPERATURE (F)
 YESTERDAY
  MAXIMUM         62    407 PM  82    2005  70     -8       62
  MINIMUM         36   1159 PM  21    1974  36      0       33
  AVERAGE         49                        53     -4

PRECIPITATION (IN)
  YESTERDAY        0.00          0.52 1975   0.02  -0.02     0.00
  MONTH TO DATE    1.67                      0.43   1.24     0.05
  SINCE SEP 1     18.63                     15.58   3.05    10.25
  SINCE JAN 1     10.80                      7.91   2.89     3.14

SNOWFALL (IN)
  YESTERDAY        0.0           4.7  1975   0.0             0.0
  MONTH TO DATE    5.9                       0.6             0.4
  SINCE JUL 1     62.9                     101.6            44.4
  SNOW DEPTH       0

DEGREE DAYS
 HEATING
  YESTERDAY       16                        12      4       17
  MONTH TO DATE  398                       308     90      316
  SINCE JUL 1   5798                      6664   -866     6317

 COOLING
  YESTERDAY        0                         0      0        0
  MONTH TO DATE    0                         0      0        0
  SINCE JAN 1      0                         0      0        0
..................................................................


WIND (MPH)
  HIGHEST WIND SPEED    24   HIGHEST WIND DIRECTION    SW (230)
  HIGHEST GUST SPEED    32   HIGHEST GUST DIRECTION    SW (220)
  AVERAGE WIND SPEED     7.6


SKY COVER
  POSSIBLE SUNSHINE  MM
  AVERAGE SKY COVER 0.0


WEATHER CONDITIONS
 THE FOLLOWING WEATHER WAS RECORDED YESTERDAY.
  NO SIGNIFICANT WEATHER WAS OBSERVED.


RELATIVE HUMIDITY (PERCENT)
 HIGHEST    79           400 AM
 LOWEST     21           600 PM
 AVERAGE    50

..........................................................


THE FLAGSTAFF AZ AIRPORT CLIMATE NORMALS FOR TODAY
                         NORMAL    RECORD    YEAR
 MAXIMUM TEMPERATURE (F)   70        85      1984
 MINIMUM TEMPERATURE (F)   36        21      1972


SUNRISE AND SUNSET
MAY 22 2015...........SUNRISE   518 AM MST   SUNSET   729 PM MST
MAY 23 2015...........SUNRISE   518 AM MST   SUNSET   730 PM MST


-  INDICATES NEGATIVE NUMBERS.
R  INDICATES RECORD WAS SET OR TIED.
MM INDICATES DATA IS MISSING.
T  INDICATES TRACE AMOUNT.




$$
&&

-------------------------------------------------------------------
SNOW DEPTH DATA FOR FLAGSTAFF AIRPORT IS REPORTED AT 5 AM MST


-------------------------------------------------------------------
SUPPLEMENTARY CLIMATE DATA FOR NWS BELLEMONT, ARIZONA

SNOW DEPTH (IN) AT 11 AM........................................ 0
WATER EQUIVALENT OF SNOW PACK (IN) AT 11 AM*.....................
* ONLY MEASURED IF SNOW DEPTH IS 2.0 INCHES OR GREATER
-------------------------------------------------------------------
