000
CDUS45 KFGZ 280051
CLIFLG
CLIMATE REPORT
NATIONAL WEATHER SERVICE FLAGSTAFF, AZ
551 PM MST SAT DEC 27 2014


...................................

...THE FLAGSTAFF AZ AIRPORT CLIMATE SUMMARY FOR DECEMBER 27 2014...
VALID TODAY AS OF 0500 PM LOCAL TIME.

CLIMATE NORMAL PERIOD 1981 TO 2010
CLIMATE RECORD PERIOD 1898 TO 2014


WEATHER ITEM   OBSERVED TIME   RECORD YEAR NORMAL DEPARTURE LAST
                VALUE   (LST)  VALUE       VALUE  FROM      YEAR
                                                  NORMAL
..................................................................
TEMPERATURE (F)
 TODAY
  MAXIMUM         30    303 PM  67    1980  42    -12       46
  MINIMUM          5    655 AM -14    1926  16    -11       20
                                      1924
  AVERAGE         18                        29    -11       33

PRECIPITATION (IN)
  TODAY            0.00          1.22 1984   0.07  -0.07     0.00
  MONTH TO DATE    2.75                      1.60   1.15     1.35
  SINCE SEP 1      7.14                      7.40  -0.26     7.11
  SINCE JAN 1     19.98                     21.59  -1.61    24.79

SNOWFALL (IN)
  TODAY            0.0           4.7  1946   0.6   -0.6      0.0
  MONTH TO DATE    4.9                      14.5   -9.6     17.9
  SINCE SEP 1      4.9                      26.7  -21.8     29.9
  SNOW DEPTH      MM

DEGREE DAYS
 HEATING
  TODAY           47                        36     11       32
  MONTH TO DATE  820                       953   -133     1019
  SINCE JUL 1   2237                      2685   -448     2774

 COOLING
  TODAY            0                         0      0        0
  MONTH TO DATE    0                         0      0        0
  SINCE JAN 1    109                       117     -8      148
..................................................................


WIND (MPH)
  HIGHEST WIND SPEED    21   HIGHEST WIND DIRECTION     E (80)
  HIGHEST GUST SPEED    28   HIGHEST GUST DIRECTION    NE (60)
  AVERAGE WIND SPEED     6.2


SKY COVER
  POSSIBLE SUNSHINE  MM
  AVERAGE SKY COVER 0.0


WEATHER CONDITIONS
 THE FOLLOWING WEATHER WAS RECORDED TODAY.
  NO SIGNIFICANT WEATHER WAS OBSERVED.


RELATIVE HUMIDITY (PERCENT)
 HIGHEST    83          1200 AM
 LOWEST     42           300 PM
 AVERAGE    63

..........................................................


THE FLAGSTAFF AZ AIRPORT CLIMATE NORMALS FOR TOMORROW
                         NORMAL    RECORD    YEAR
 MAXIMUM TEMPERATURE (F)   42        61      1980
 MINIMUM TEMPERATURE (F)   16       -12      1966


SUNRISE AND SUNSET
DECEMBER 27 2014......SUNRISE   734 AM MST   SUNSET   522 PM MST
DECEMBER 28 2014......SUNRISE   734 AM MST   SUNSET   523 PM MST


-  INDICATES NEGATIVE NUMBERS.
R  INDICATES RECORD WAS SET OR TIED.
MM INDICATES DATA IS MISSING.
T  INDICATES TRACE AMOUNT.




$$


&&

-------------------------------------------------------------------
SNOW DEPTH DATA FOR FLAGSTAFF AIRPORT IS REPORTED AT 5 AM MST


-------------------------------------------------------------------
SUPPLEMENTARY CLIMATE DATA FOR NWS BELLEMONT, ARIZONA

SNOW DEPTH (IN) AT 5 AM........................................T
WATER EQUIVALENT OF SNOW PACK (IN) AT 11 AM*....................
* ONLY MEASURED IF SNOW DEPTH IS 2.0 INCHES OR GREATER
-------------------------------------------------------------------
