000
CDUS42 KMFL 020820
CLIFLL


CLIMATE REPORT
NATIONAL WEATHER SERVICE MIAMI, FL
420 AM EDT SUN AUG 2 2015


...................................

...THE FORT LAUDERDALE CLIMATE SUMMARY FOR AUGUST 1 2015...

CLIMATE NORMAL PERIOD 1981 TO 2010
CLIMATE RECORD PERIOD 1839 TO 2015


WEATHER ITEM   OBSERVED TIME   RECORD YEAR NORMAL DEPARTURE LAST
                VALUE   (LST)  VALUE       VALUE  FROM      YEAR
                                                  NORMAL
..................................................................
TEMPERATURE (F)
 YESTERDAY
  MAXIMUM         93    143 PM  96    1940  91      2       92
  MINIMUM         76    555 AM  69    1950  79     -3       80
                                      1920
                                      1917
  AVERAGE         85                        85      0       86

PRECIPITATION (IN)
  YESTERDAY        T             2.48 1915   0.21  -0.21     0.00
  MONTH TO DATE    T                         0.21  -0.21     0.00
  SINCE JUN 1      4.12                     16.35 -12.23    17.82
  SINCE JAN 1     18.17                     33.84 -15.67    38.42

SNOWFALL (IN)
  YESTERDAY        0.0
  MONTH TO DATE    0.0
  SINCE JUN 1      0.0
  SINCE JUL 1      0.0
  SNOW DEPTH       0

DEGREE DAYS
 HEATING
  YESTERDAY        0                         0      0        0
  MONTH TO DATE    0                         0      0        0
  SINCE JUN 1      0                         0      0        0
  SINCE JUL 1      0                         0      0        0

 COOLING
  YESTERDAY       20                        20      0       21
  MONTH TO DATE   20                        20      0       21
  SINCE JUN 1   1204                      1161     43     1152
  SINCE JAN 1   2740                      2579    161     2687
..................................................................


WIND (MPH)
  HIGHEST WIND SPEED    20   HIGHEST WIND DIRECTION    SE (150)
  HIGHEST GUST SPEED    24   HIGHEST GUST DIRECTION    SE (140)
  AVERAGE WIND SPEED     7.2


SKY COVER
  AVERAGE SKY COVER 0.7


WEATHER CONDITIONS
 THE FOLLOWING WEATHER WAS RECORDED YESTERDAY.
  LIGHT RAIN


RELATIVE HUMIDITY (PERCENT)
 HIGHEST    88
 LOWEST     56
 AVERAGE    72

..........................................................


THE FORT LAUDERDALE CLIMATE NORMALS FOR TODAY
                         NORMAL    RECORD    YEAR
 MAXIMUM TEMPERATURE (F)   91        96      1944
 MINIMUM TEMPERATURE (F)   79        68      1923
                                             1920


SUNRISE AND SUNSET
AUGUST  2 2015........SUNRISE   647 AM EDT   SUNSET   807 PM EDT
AUGUST  3 2015........SUNRISE   647 AM EDT   SUNSET   806 PM EDT


-  INDICATES NEGATIVE NUMBERS.
R  INDICATES RECORD WAS SET OR TIED.
MM INDICATES DATA IS MISSING.
T  INDICATES TRACE AMOUNT.




$$
