000
CDUS42 KMFL 270825
CLIFLL


CLIMATE REPORT
NATIONAL WEATHER SERVICE MIAMI, FL
425 AM EDT FRI MAY 27 2016


...................................

...THE FORT LAUDERDALE CLIMATE SUMMARY FOR MAY 26 2016...

CLIMATE NORMAL PERIOD 1981 TO 2010
CLIMATE RECORD PERIOD 1912 TO 2016


WEATHER ITEM   OBSERVED TIME   RECORD YEAR NORMAL DEPARTURE LAST
                VALUE   (LST)  VALUE       VALUE  FROM      YEAR
                                                  NORMAL
..................................................................
TEMPERATURE (F)
 YESTERDAY
  MAXIMUM         85    337 PM  94    1924  88     -3       88
  MINIMUM         74    638 AM  62    1950  76     -2       78
  AVERAGE         80                        82     -2       83

PRECIPITATION (IN)
  YESTERDAY        0.04          2.35 1913   0.22  -0.18     0.01
  MONTH TO DATE    3.45                      3.53  -0.08     1.90
  SINCE NOV 1     28.97                     22.07   6.90    19.09
  SINCE JAN 1     17.75                     16.37   1.38    13.98

SNOWFALL (IN)
  YESTERDAY        0.0
  MONTH TO DATE    0.0
  SINCE MAR 1      0.0
  SINCE JUL 1      0.0
  SNOW DEPTH       0

DEGREE DAYS
 HEATING
  YESTERDAY        0                         0      0        0
  MONTH TO DATE    0                         0      0        0
  SINCE MAR 1      2                        10     -8        0
  SINCE JUL 1     87                       112    -25       97

 COOLING
  YESTERDAY       15                        17     -2       18
  MONTH TO DATE  388                       386      2      393
  SINCE MAR 1   1075                       977     98     1173
  SINCE JAN 1   1334                      1333      1     1454
..................................................................


WIND (MPH)
  HIGHEST WIND SPEED    20   HIGHEST WIND DIRECTION    NE (60)
  HIGHEST GUST SPEED    27   HIGHEST GUST DIRECTION     E (70)
  AVERAGE WIND SPEED    11.5


SKY COVER
  AVERAGE SKY COVER 0.5


WEATHER CONDITIONS
 THE FOLLOWING WEATHER WAS RECORDED YESTERDAY.
  NO SIGNIFICANT WEATHER WAS OBSERVED.


RELATIVE HUMIDITY (PERCENT)
 HIGHEST    69
 LOWEST     44
 AVERAGE    57

..........................................................


THE FORT LAUDERDALE CLIMATE NORMALS FOR TODAY
                         NORMAL    RECORD    YEAR
 MAXIMUM TEMPERATURE (F)   88        94      1924
 MINIMUM TEMPERATURE (F)   76        62      1927


SUNRISE AND SUNSET
MAY 27 2016...........SUNRISE   630 AM EDT   SUNSET   806 PM EDT
MAY 28 2016...........SUNRISE   629 AM EDT   SUNSET   807 PM EDT


-  INDICATES NEGATIVE NUMBERS.
R  INDICATES RECORD WAS SET OR TIED.
MM INDICATES DATA IS MISSING.
T  INDICATES TRACE AMOUNT.




$$
