000
CDUS42 KMFL 210830
CLIFLL


CLIMATE REPORT
NATIONAL WEATHER SERVICE MIAMI, FL
430 AM EDT FRI JUL 21 2017


...................................

...THE FORT LAUDERDALE CLIMATE SUMMARY FOR JULY 20 2017...

CLIMATE NORMAL PERIOD 1981 TO 2010
CLIMATE RECORD PERIOD 1912 TO 2017


WEATHER ITEM   OBSERVED TIME   RECORD YEAR NORMAL DEPARTURE LAST
                VALUE   (LST)  VALUE       VALUE  FROM      YEAR
                                                  NORMAL
..................................................................
TEMPERATURE (F)
 YESTERDAY
  MAXIMUM         91        MM  96    1981  91      0       91
  MINIMUM         77        MM  68    1922  79     -2       82
  AVERAGE         84                        84      0       87

PRECIPITATION (IN)
  YESTERDAY        0.23          5.12 1972   0.17   0.06     0.00
  MONTH TO DATE    3.01                      4.02  -1.01     1.33
  SINCE JUN 1     14.79                     14.18   0.61    10.38
  SINCE JAN 1     26.39                     31.67  -5.28    29.33

SNOWFALL (IN)
  YESTERDAY        0.0
  MONTH TO DATE    0.0
  SINCE JUN 1      0.0
  SINCE JUL 1      0.0
  SNOW DEPTH       0

DEGREE DAYS
 HEATING
  YESTERDAY        0                         0      0        0
  MONTH TO DATE    0                         0      0        0
  SINCE JUN 1      0                         0      0        0
  SINCE JUL 1      0                         0      0        0

 COOLING
  YESTERDAY       19                        20     -1       22
  MONTH TO DATE  390                       381      9      418
  SINCE JUN 1    923                       924     -1      979
  SINCE JAN 1   2500                      2342    158     2393
..................................................................


WIND (MPH)
  HIGHEST WIND SPEED    15   HIGHEST WIND DIRECTION     E (110)
  HIGHEST GUST SPEED    21   HIGHEST GUST DIRECTION     N (20)
  AVERAGE WIND SPEED     4.8


SKY COVER
  AVERAGE SKY COVER 0.8


WEATHER CONDITIONS
 THE FOLLOWING WEATHER WAS RECORDED YESTERDAY.
  THUNDERSTORM
  RAIN


RELATIVE HUMIDITY (PERCENT)
 HIGHEST    94
 LOWEST     64
 AVERAGE    79

..........................................................


THE FORT LAUDERDALE CLIMATE NORMALS FOR TODAY
                         NORMAL    RECORD    YEAR
 MAXIMUM TEMPERATURE (F)   91        99      1966
 MINIMUM TEMPERATURE (F)   79        68      1974


SUNRISE AND SUNSET
JULY 21 2017..........SUNRISE   641 AM EDT   SUNSET   813 PM EDT
JULY 22 2017..........SUNRISE   642 AM EDT   SUNSET   812 PM EDT


-  INDICATES NEGATIVE NUMBERS.
R  INDICATES RECORD WAS SET OR TIED.
MM INDICATES DATA IS MISSING.
T  INDICATES TRACE AMOUNT.




$$
