000
CDUS42 KMFL 250824
CLIFLL


CLIMATE REPORT
NATIONAL WEATHER SERVICE MIAMI, FL
424 AM EDT TUE APR 25 2017


...................................

...THE FORT LAUDERDALE CLIMATE SUMMARY FOR APRIL 24 2017...

CLIMATE NORMAL PERIOD 1981 TO 2010
CLIMATE RECORD PERIOD 1912 TO 2017


WEATHER ITEM   OBSERVED TIME   RECORD YEAR NORMAL DEPARTURE LAST
                VALUE   (LST)  VALUE       VALUE  FROM      YEAR
                                                  NORMAL
..................................................................
TEMPERATURE (F)
 YESTERDAY
  MAXIMUM         89    204 PM  92    1971  84      5       85
                                      1921
  MINIMUM         68    622 AM  56    1998  71     -3       68
                                      1932
  AVERAGE         79                        77      2       77

PRECIPITATION (IN)
  YESTERDAY        0.00          7.60 1982   0.09  -0.09     0.00
  MONTH TO DATE    4.00                      2.46   1.54     0.73
  SINCE NOV 1     13.41                     18.11  -4.70    25.52
  SINCE JAN 1      8.78                     12.41  -3.63    14.30

SNOWFALL (IN)
  YESTERDAY        0.0
  MONTH TO DATE    0.0
  SINCE MAR 1      0.0
  SINCE JUL 1      0.0
  SNOW DEPTH       0

DEGREE DAYS
 HEATING
  YESTERDAY        0                         0      0        0
  MONTH TO DATE    0                         0      0        0
  SINCE MAR 1      6                         9     -3        2
  SINCE JUL 1     35                       111    -76       87

 COOLING
  YESTERDAY       14                        12      2       12
  MONTH TO DATE  291                       261     30      280
  SINCE MAR 1    544                       515     29      603
  SINCE JAN 1   1000                       871    129      862
..................................................................


WIND (MPH)
  HIGHEST WIND SPEED    25   HIGHEST WIND DIRECTION     W (250)
  HIGHEST GUST SPEED    32   HIGHEST GUST DIRECTION     W (250)
  AVERAGE WIND SPEED    10.2


SKY COVER
  AVERAGE SKY COVER 0.5


WEATHER CONDITIONS
 THE FOLLOWING WEATHER WAS RECORDED YESTERDAY.
  FOG


RELATIVE HUMIDITY (PERCENT)
 HIGHEST   100
 LOWEST     43
 AVERAGE    72

..........................................................


THE FORT LAUDERDALE CLIMATE NORMALS FOR TODAY
                         NORMAL    RECORD    YEAR
 MAXIMUM TEMPERATURE (F)   84        94      1971
 MINIMUM TEMPERATURE (F)   71        55      2005


SUNRISE AND SUNSET
APRIL 25 2017.........SUNRISE   648 AM EDT   SUNSET   749 PM EDT
APRIL 26 2017.........SUNRISE   647 AM EDT   SUNSET   750 PM EDT


-  INDICATES NEGATIVE NUMBERS.
R  INDICATES RECORD WAS SET OR TIED.
MM INDICATES DATA IS MISSING.
T  INDICATES TRACE AMOUNT.




$$
