000
CDUS42 KMFL 200825
CLIFLL


CLIMATE REPORT
NATIONAL WEATHER SERVICE MIAMI, FL
425 AM EDT SAT SEP 20 2014


...................................

...THE FORT LAUDERDALE CLIMATE SUMMARY FOR SEPTEMBER 19 2014...

CLIMATE NORMAL PERIOD 1981 TO 2010
CLIMATE RECORD PERIOD 1839 TO 2014


WEATHER ITEM   OBSERVED TIME   RECORD YEAR NORMAL DEPARTURE LAST
                VALUE   (LST)  VALUE       VALUE  FROM      YEAR
                                                  NORMAL
..................................................................
TEMPERATURE (F)
 YESTERDAY
  MAXIMUM         86   1055 AM  98    1955  89     -3       88
  MINIMUM         75    453 PM  69    1985  77     -2       74
  AVERAGE         81                        83     -2       81

PRECIPITATION (IN)
  YESTERDAY        0.74          5.35 1984   0.33   0.41     0.04
  MONTH TO DATE    5.41                      5.49  -0.08     2.45
  SINCE JUN 1     28.94                     29.07  -0.13    34.70
  SINCE JAN 1     49.54                     46.56   2.98    59.48

SNOWFALL (IN)
  YESTERDAY        0.0
  MONTH TO DATE    0.0
  SINCE SEP 1      0.0
  SINCE JUL 1      0.0
  SNOW DEPTH       0

DEGREE DAYS
 HEATING
  YESTERDAY        0                         0      0        0
  MONTH TO DATE    0                         0      0        0
  SINCE SEP 1      0                         0      0        0
  SINCE JUL 1      0                         0      0        0

 COOLING
  YESTERDAY       16                        18     -2       16
  MONTH TO DATE  362                       348     14      325
  SINCE SEP 1    362                       348     14      325
  SINCE JAN 1   3672                      3514    158     3372
..................................................................


WIND (MPH)
  HIGHEST WIND SPEED    17   HIGHEST WIND DIRECTION    SE (130)
  HIGHEST GUST SPEED    21   HIGHEST GUST DIRECTION     W (250)
  AVERAGE WIND SPEED     2.5


SKY COVER
  AVERAGE SKY COVER 0.7


WEATHER CONDITIONS
 THE FOLLOWING WEATHER WAS RECORDED YESTERDAY.
  THUNDERSTORM
  HEAVY RAIN
  LIGHT RAIN
  FOG


RELATIVE HUMIDITY (PERCENT)
 HIGHEST    91
 LOWEST     61
 AVERAGE    76

..........................................................


THE FORT LAUDERDALE CLIMATE NORMALS FOR TODAY
                         NORMAL    RECORD    YEAR
 MAXIMUM TEMPERATURE (F)   89        94      1973
 MINIMUM TEMPERATURE (F)   77        68      1949


SUNRISE AND SUNSET
SEPTEMBER 20 2014.....SUNRISE   708 AM EDT   SUNSET   719 PM EDT
SEPTEMBER 21 2014.....SUNRISE   709 AM EDT   SUNSET   718 PM EDT


-  INDICATES NEGATIVE NUMBERS.
R  INDICATES RECORD WAS SET OR TIED.
MM INDICATES DATA IS MISSING.
T  INDICATES TRACE AMOUNT.




$$
