951
CDUS42 KMFL 080931
CLIFLL


CLIMATE REPORT
NATIONAL WEATHER SERVICE MIAMI, FL
431 AM EST MON FEB 8 2016


...................................

...THE FORT LAUDERDALE CLIMATE SUMMARY FOR FEBRUARY 7 2016...

CLIMATE NORMAL PERIOD 1981 TO 2010
CLIMATE RECORD PERIOD 1912 TO 2016


WEATHER ITEM   OBSERVED TIME   RECORD YEAR NORMAL DEPARTURE LAST
                VALUE   (LST)  VALUE       VALUE  FROM      YEAR
                                                  NORMAL
..................................................................
TEMPERATURE (F)
 YESTERDAY
  MAXIMUM         64    429 PM  88    1949  77    -13       71
                                      1914
  MINIMUM         51    819 AM  39    1978  64    -13       64
  AVERAGE         58                        70    -12       68

PRECIPITATION (IN)
  YESTERDAY        0.06          0.90 1953   0.10  -0.04      T
                                      1940
  MONTH TO DATE    1.58                      0.75   0.83     1.24
  SINCE NOV 1     20.21                     10.08  10.13     9.74
  SINCE JAN 1      8.99                      4.38   4.61     4.63

SNOWFALL (IN)
  YESTERDAY        0.0
  MONTH TO DATE    0.0
  SINCE DEC 1      0.0
  SINCE JUL 1      0.0
  SNOW DEPTH       0

DEGREE DAYS
 HEATING
  YESTERDAY        7                         1      6        0
  MONTH TO DATE    7                         7      0        0
  SINCE DEC 1     52                        85    -33       39
  SINCE JUL 1     52                        87    -35       49

 COOLING
  YESTERDAY        0                         6     -6        3
  MONTH TO DATE   51                        42      9       28
  SINCE DEC 1    572                       428    144      405
  SINCE JAN 1    175                       212    -37      193
..................................................................


WIND (MPH)
  HIGHEST WIND SPEED    23   HIGHEST WIND DIRECTION     W (270)
  HIGHEST GUST SPEED    32   HIGHEST GUST DIRECTION    NW (310)
  AVERAGE WIND SPEED    12.6


SKY COVER
  AVERAGE SKY COVER 0.5


WEATHER CONDITIONS
 THE FOLLOWING WEATHER WAS RECORDED YESTERDAY.
  LIGHT RAIN
  FOG


RELATIVE HUMIDITY (PERCENT)
 HIGHEST    93
 LOWEST     34
 AVERAGE    64

..........................................................


THE FORT LAUDERDALE CLIMATE NORMALS FOR TODAY
                         NORMAL    RECORD    YEAR
 MAXIMUM TEMPERATURE (F)   77        89      1955
 MINIMUM TEMPERATURE (F)   64        38      1924


SUNRISE AND SUNSET
FEBRUARY  8 2016......SUNRISE   701 AM EST   SUNSET   609 PM EST
FEBRUARY  9 2016......SUNRISE   701 AM EST   SUNSET   609 PM EST


-  INDICATES NEGATIVE NUMBERS.
R  INDICATES RECORD WAS SET OR TIED.
MM INDICATES DATA IS MISSING.
T  INDICATES TRACE AMOUNT.




$$
