000
CDUS42 KMFL 240825
CLIFLL


CLIMATE REPORT
NATIONAL WEATHER SERVICE MIAMI, FL
425 AM EDT SUN MAY 24 2015


...................................

...THE FORT LAUDERDALE CLIMATE SUMMARY FOR MAY 23 2015...

CLIMATE NORMAL PERIOD 1981 TO 2010
CLIMATE RECORD PERIOD 1839 TO 2015


WEATHER ITEM   OBSERVED TIME   RECORD YEAR NORMAL DEPARTURE LAST
                VALUE   (LST)  VALUE       VALUE  FROM      YEAR
                                                  NORMAL
..................................................................
TEMPERATURE (F)
 YESTERDAY
  MAXIMUM         88    226 PM  94    1951  87      1       89
                                      1940
  MINIMUM         74    507 AM  61    1920  75     -1       73
  AVERAGE         81                        81      0       81

PRECIPITATION (IN)
  YESTERDAY        0.03          3.47 1991   0.19  -0.16     0.00
  MONTH TO DATE    1.74                      2.89  -1.15     6.37
  SINCE NOV 1     18.93                     21.43  -2.50    30.88
  SINCE JAN 1     13.82                     15.73  -1.91    18.76

SNOWFALL (IN)
  YESTERDAY        0.0
  MONTH TO DATE    0.0
  SINCE MAR 1      0.0
  SINCE JUL 1      0.0
  SNOW DEPTH       0

DEGREE DAYS
 HEATING
  YESTERDAY        0                         0      0        0
  MONTH TO DATE    0                         0      0        0
  SINCE MAR 1      0                        10    -10        1
  SINCE JUL 1     97                       112    -15       81

 COOLING
  YESTERDAY       16                        16      0       16
  MONTH TO DATE  338                       336      2      349
  SINCE MAR 1   1118                       927    191     1013
  SINCE JAN 1   1399                      1283    116     1401
..................................................................


WIND (MPH)
  HIGHEST WIND SPEED    17   HIGHEST WIND DIRECTION     E (100)
  HIGHEST GUST SPEED    22   HIGHEST GUST DIRECTION     E (80)
  AVERAGE WIND SPEED     9.9


SKY COVER
  AVERAGE SKY COVER 0.5


WEATHER CONDITIONS
 THE FOLLOWING WEATHER WAS RECORDED YESTERDAY.
  RAIN
  FOG
  HAZE


RELATIVE HUMIDITY (PERCENT)
 HIGHEST    94
 LOWEST     59
 AVERAGE    77

..........................................................


THE FORT LAUDERDALE CLIMATE NORMALS FOR TODAY
                         NORMAL    RECORD    YEAR
 MAXIMUM TEMPERATURE (F)   87        94      1951
 MINIMUM TEMPERATURE (F)   76        63      1956
                                             1920


SUNRISE AND SUNSET
MAY 24 2015...........SUNRISE   631 AM EDT   SUNSET   804 PM EDT
MAY 25 2015...........SUNRISE   630 AM EDT   SUNSET   805 PM EDT


-  INDICATES NEGATIVE NUMBERS.
R  INDICATES RECORD WAS SET OR TIED.
MM INDICATES DATA IS MISSING.
T  INDICATES TRACE AMOUNT.




$$
