753
CDUS42 KMFL 210920
CLIFLL


CLIMATE REPORT
NATIONAL WEATHER SERVICE MIAMI, FL
420 AM EST SUN JAN 21 2018


...................................

...THE FORT LAUDERDALE CLIMATE SUMMARY FOR JANUARY 20 2018...

CLIMATE NORMAL PERIOD 1981 TO 2010
CLIMATE RECORD PERIOD 1912 TO 2018


WEATHER ITEM   OBSERVED TIME   RECORD YEAR NORMAL DEPARTURE LAST
                VALUE   (LST)  VALUE       VALUE  FROM      YEAR
                                                  NORMAL
..................................................................
TEMPERATURE (F)
 YESTERDAY
  MAXIMUM         73   1232 PM  88    1947  76     -3       82
  MINIMUM         58    339 AM  28    1977  62     -4       63
  AVERAGE         66                        69     -3       73

PRECIPITATION (IN)
  YESTERDAY        0.00          2.90 1942   0.12  -0.12     0.00
  MONTH TO DATE    2.09                      1.73   0.36     0.65
  SINCE NOV 1      8.72                      7.43   1.29     5.28
  SINCE JAN 1      2.09                      1.73   0.36     0.65

SNOWFALL (IN)
  YESTERDAY        0.0
  MONTH TO DATE    0.0
  SINCE DEC 1      0.0
  SINCE JUL 1      0.0
  SNOW DEPTH       0

DEGREE DAYS
 HEATING
  YESTERDAY        0                         1     -1        0
  MONTH TO DATE   79                        36     43       11
  SINCE DEC 1    119                        66     53       13
  SINCE JUL 1    121                        68     53       13

 COOLING
  YESTERDAY        1                         5     -4        8
  MONTH TO DATE   47                       109    -62      158
  SINCE DEC 1    254                       325    -71      501
  SINCE JAN 1     47                       109    -62      158
..................................................................


WIND (MPH)
  HIGHEST WIND SPEED    16   HIGHEST WIND DIRECTION     E (90)
  HIGHEST GUST SPEED    19   HIGHEST GUST DIRECTION     E (80)
  AVERAGE WIND SPEED     7.7


SKY COVER
  AVERAGE SKY COVER 0.8


WEATHER CONDITIONS
 THE FOLLOWING WEATHER WAS RECORDED YESTERDAY.
  NO SIGNIFICANT WEATHER WAS OBSERVED.


RELATIVE HUMIDITY (PERCENT)
 HIGHEST    93
 LOWEST     68
 AVERAGE    81

..........................................................


THE FORT LAUDERDALE CLIMATE NORMALS FOR TODAY
                         NORMAL    RECORD    YEAR
 MAXIMUM TEMPERATURE (F)   76        86      1925
 MINIMUM TEMPERATURE (F)   62        32      1977


SUNRISE AND SUNSET
JANUARY 21 2018.......SUNRISE   709 AM EST   SUNSET   556 PM EST
JANUARY 22 2018.......SUNRISE   708 AM EST   SUNSET   556 PM EST


-  INDICATES NEGATIVE NUMBERS.
R  INDICATES RECORD WAS SET OR TIED.
MM INDICATES DATA IS MISSING.
T  INDICATES TRACE AMOUNT.




$$
