629
CDUS42 KTBW 100931
CLIFMY


CLIMATE REPORT
NATIONAL WEATHER SERVICE TAMPA BAY FL
430 AM EST WED FEB 10 2016


...................................

...THE FORT MYERS CLIMATE SUMMARY FOR FEBRUARY 9 2016...

CLIMATE NORMAL PERIOD 1981 TO 2010
CLIMATE RECORD PERIOD 1902 TO 2016


WEATHER ITEM   OBSERVED TIME   RECORD YEAR NORMAL DEPARTURE LAST
                VALUE   (LST)  VALUE       VALUE  FROM      YEAR
                                                  NORMAL
..................................................................
TEMPERATURE (F)
 YESTERDAY
  MAXIMUM         66    143 AM  88    1949  77    -11       75
  MINIMUM         56    751 AM  30    1895  55      1       59
  AVERAGE         61                        66     -5       67

PRECIPITATION (IN)
  YESTERDAY        0.00          1.42 1936   0.07  -0.07     0.09
  MONTH TO DATE    1.08                      0.62   0.46     0.79
  SINCE DEC 1     17.66                      4.27  13.39     1.41
  SINCE JAN 1     14.06                      2.56  11.50     1.36

DEGREE DAYS
 HEATING
  YESTERDAY        4                         2      2        0
  MONTH TO DATE   37                        24     13        9
  SINCE DEC 1    144                       207    -63      112
  SINCE JUL 1    144                       225    -81      153

 COOLING
  YESTERDAY        0                         3     -3        2
  MONTH TO DATE   37                        27     10        6
  SINCE DEC 1    359                       231    128      244
  SINCE JAN 1     81                       110    -29      106
..................................................................


WIND (MPH)
  RESULTANT WIND SPEED  15   RESULTANT WIND DIRECTION   W (290)
  HIGHEST WIND SPEED    29   HIGHEST WIND DIRECTION    NW (310)
  HIGHEST GUST SPEED    39   HIGHEST GUST DIRECTION    NW (310)
  AVERAGE WIND SPEED    15.3


SKY COVER
  POSSIBLE SUNSHINE  MM
  AVERAGE SKY COVER 0.8


WEATHER CONDITIONS
 THE FOLLOWING WEATHER WAS RECORDED YESTERDAY.
  NO SIGNIFICANT WEATHER WAS OBSERVED.


RELATIVE HUMIDITY (PERCENT)
 HIGHEST    84          1200 AM
 LOWEST     48          1100 AM

..........................................................


THE FORT MYERS CLIMATE NORMALS FOR TODAY
                         NORMAL    RECORD    YEAR
 MAXIMUM TEMPERATURE (F)   77        88      2001
 MINIMUM TEMPERATURE (F)   55        34      1895


SUNRISE AND SUNSET
FEBRUARY 10 2016......SUNRISE   707 AM EST   SUNSET   616 PM EST
FEBRUARY 11 2016......SUNRISE   707 AM EST   SUNSET   617 PM EST


-  INDICATES NEGATIVE NUMBERS.
R  INDICATES RECORD WAS SET OR TIED.
MM INDICATES DATA IS MISSING.
T  INDICATES TRACE AMOUNT.




$$


&&
------------------------------------------------------------------
******************** SUPPLEMENTAL DATA ***************************

...GULF WATER TEMPERATURE AT FORT MYERS BEACH 62 DEGREES
