000
CDUS42 KTBW 030929
CLIFMY


CLIMATE REPORT
NATIONAL WEATHER SERVICE TAMPA BAY FL
428 AM EST SAT DEC 3 2016


...................................

...THE FORT MYERS CLIMATE SUMMARY FOR DECEMBER 2 2016...

CLIMATE NORMAL PERIOD 1981 TO 2010
CLIMATE RECORD PERIOD 1902 TO 2016


WEATHER ITEM   OBSERVED TIME   RECORD YEAR NORMAL DEPARTURE LAST
                VALUE   (LST)  VALUE       VALUE  FROM      YEAR
                                                  NORMAL
..................................................................
TEMPERATURE (F)
 YESTERDAY
  MAXIMUM         83    410 PM  88    1991  79      4       86
                                      1940
  MINIMUM         64   1159 PM  40    1963  59      5       69
                                      1910
  AVERAGE         74                        69      5       78

PRECIPITATION (IN)
  YESTERDAY        0.00          0.72 1931   0.05  -0.05     0.00
  MONTH TO DATE    T                         0.09  -0.09     0.00
  SINCE DEC 1      T                         0.09  -0.09     0.00
  SINCE JAN 1     63.62                     54.31   9.31    57.30

DEGREE DAYS
 HEATING
  YESTERDAY        0                         1     -1        0
  MONTH TO DATE    0                         2     -2        0
  SINCE DEC 1      0                         2     -2        0
  SINCE JUL 1      5                        20    -15        0

 COOLING
  YESTERDAY        9                         5      4       13
  MONTH TO DATE   20                        10     10       25
  SINCE DEC 1     20                        10     10       25
  SINCE JAN 1   4028                      3873    155     4351
..................................................................


WIND (MPH)
  RESULTANT WIND SPEED   8   RESULTANT WIND DIRECTION  NE (50)
  HIGHEST WIND SPEED    15   HIGHEST WIND DIRECTION    NE (40)
  HIGHEST GUST SPEED    19   HIGHEST GUST DIRECTION    NE (40)
  AVERAGE WIND SPEED     8.5


SKY COVER
  POSSIBLE SUNSHINE  MM
  AVERAGE SKY COVER 0.1


WEATHER CONDITIONS
 THE FOLLOWING WEATHER WAS RECORDED YESTERDAY.
  FOG


RELATIVE HUMIDITY (PERCENT)
 HIGHEST   100          1200 AM
 LOWEST     51           300 PM

..........................................................


THE FORT MYERS CLIMATE NORMALS FOR TODAY
                         NORMAL    RECORD    YEAR
 MAXIMUM TEMPERATURE (F)   79        88      1978
 MINIMUM TEMPERATURE (F)   59        38      1910


SUNRISE AND SUNSET
DECEMBER  3 2016......SUNRISE   700 AM EST   SUNSET   534 PM EST
DECEMBER  4 2016......SUNRISE   701 AM EST   SUNSET   535 PM EST


-  INDICATES NEGATIVE NUMBERS.
R  INDICATES RECORD WAS SET OR TIED.
MM INDICATES DATA IS MISSING.
T  INDICATES TRACE AMOUNT.




$$


&&
------------------------------------------------------------------
******************** SUPPLEMENTAL DATA ***************************

...GULF WATER TEMPERATURE AT FORT MYERS BEACH 71 DEGREES.
