000
CDUS42 KTBW 290930
CLIFMY


CLIMATE REPORT
NATIONAL WEATHER SERVICE TAMPA BAY FL
428 AM EST MON DEC 29 2014


...................................

...THE FORT MYERS CLIMATE SUMMARY FOR DECEMBER 28 2014...

CLIMATE NORMAL PERIOD 1981 TO 2010
CLIMATE RECORD PERIOD 1902 TO 2014


WEATHER ITEM   OBSERVED TIME   RECORD YEAR NORMAL DEPARTURE LAST
                VALUE   (LST)  VALUE       VALUE  FROM      YEAR
                                                  NORMAL
..................................................................
TEMPERATURE (F)
 YESTERDAY
  MAXIMUM         82    204 PM  87    1981  75      7       84
  MINIMUM         62    718 AM  34    2010  54      8       66
  AVERAGE         72                        65      7       75

PRECIPITATION (IN)
  YESTERDAY        0.00          1.58 1905   0.07  -0.07     0.00
  MONTH TO DATE    0.05                      1.54  -1.49     0.32
  SINCE DEC 1      0.05                      1.54  -1.49     0.32
  SINCE JAN 1     42.32                     55.76 -13.44    53.61

DEGREE DAYS
 HEATING
  YESTERDAY        0                         3     -3        0
  MONTH TO DATE   48                        62    -14        4
  SINCE DEC 1     48                        62    -14        4
  SINCE JUL 1     89                        80      9       13

 COOLING
  YESTERDAY        7                         3      4       10
  MONTH TO DATE  116                       112      4      197
  SINCE DEC 1    116                       112      4      197
  SINCE JAN 1   4043                      3975     68     4071
..................................................................


WIND (MPH)
  RESULTANT WIND SPEED   2   RESULTANT WIND DIRECTION   S (180)
  HIGHEST WIND SPEED    13   HIGHEST WIND DIRECTION     W (250)
  HIGHEST GUST SPEED    16   HIGHEST GUST DIRECTION    SW (240)
  AVERAGE WIND SPEED     2.8


SKY COVER
  POSSIBLE SUNSHINE  MM
  AVERAGE SKY COVER 0.4


WEATHER CONDITIONS
 THE FOLLOWING WEATHER WAS RECORDED YESTERDAY.
  FOG
  FOG W/VISIBILITY <= 1/4 MILE


RELATIVE HUMIDITY (PERCENT)
 HIGHEST   100           300 AM
 LOWEST     54           200 PM

..........................................................


THE FORT MYERS CLIMATE NORMALS FOR TODAY
                         NORMAL    RECORD    YEAR
 MAXIMUM TEMPERATURE (F)   75        87      1990
 MINIMUM TEMPERATURE (F)   54        24      1894


SUNRISE AND SUNSET
DECEMBER 29 2014......SUNRISE   715 AM EST   SUNSET   544 PM EST
DECEMBER 30 2014......SUNRISE   715 AM EST   SUNSET   545 PM EST


-  INDICATES NEGATIVE NUMBERS.
R  INDICATES RECORD WAS SET OR TIED.
MM INDICATES DATA IS MISSING.
T  INDICATES TRACE AMOUNT.




$$


&&
------------------------------------------------------------------
******************** SUPPLEMENTAL DATA ***************************

...GULF WATER TEMPERATURE AT FORT MYERS BEACH 74
