000
CDUS42 KTBW 242217
CLIFMY


CLIMATE REPORT
NATIONAL WEATHER SERVICE TAMPA BAY FL
515 PM EST FRI FEB 24 2017


...................................

...THE FORT MYERS CLIMATE SUMMARY FOR FEBRUARY 24 2017...
VALID TODAY AS OF 0500 PM LOCAL TIME.

CLIMATE NORMAL PERIOD 1981 TO 2010
CLIMATE RECORD PERIOD 1902 TO 2017


WEATHER ITEM   OBSERVED TIME   RECORD YEAR NORMAL DEPARTURE LAST
                VALUE   (LST)  VALUE       VALUE  FROM      YEAR
                                                  NORMAL
..................................................................
TEMPERATURE (F)
 TODAY
  MAXIMUM         86    336 PM  88    2001  78      8       80
  MINIMUM         67    825 AM  37    1989  57     10       64
  AVERAGE         77                        68      9       72

PRECIPITATION (IN)
  TODAY            0.00          1.33 1992   0.08  -0.08     0.38
  MONTH TO DATE    0.72                      1.80  -1.08     2.13
  SINCE DEC 1      2.49                      5.45  -2.96    18.71
  SINCE JAN 1      2.25                      3.74  -1.49    15.11

DEGREE DAYS
 HEATING
  TODAY            0                         2     -2        0
  MONTH TO DATE    1                        54    -53       65
  SINCE DEC 1     60                       237   -177      172
  SINCE JUL 1     65                       255   -190      172

 COOLING
  TODAY           12                         4      8        7
  MONTH TO DATE  148                        86     62       65
  SINCE DEC 1    577                       290    287      387
  SINCE JAN 1    301                       169    132      109
..................................................................


WIND (MPH)
  RESULTANT WIND SPEED   5   RESULTANT WIND DIRECTION   N (20)
  HIGHEST WIND SPEED    13   HIGHEST WIND DIRECTION    NE (30)
  HIGHEST GUST SPEED    16   HIGHEST GUST DIRECTION    NE (30)
  AVERAGE WIND SPEED     6.8


SKY COVER
  POSSIBLE SUNSHINE  MM
  AVERAGE SKY COVER 0.6


WEATHER CONDITIONS
 THE FOLLOWING WEATHER WAS RECORDED TODAY.
  FOG


RELATIVE HUMIDITY (PERCENT)
 HIGHEST    93           300 AM
 LOWEST     51           400 PM

..........................................................


THE FORT MYERS CLIMATE NORMALS FOR TOMORROW
                         NORMAL    RECORD    YEAR
 MAXIMUM TEMPERATURE (F)   78        92      1962
 MINIMUM TEMPERATURE (F)   57        35      1989


SUNRISE AND SUNSET
FEBRUARY 24 2017......SUNRISE   656 AM EST   SUNSET   626 PM EST
FEBRUARY 25 2017......SUNRISE   655 AM EST   SUNSET   627 PM EST


-  INDICATES NEGATIVE NUMBERS.
R  INDICATES RECORD WAS SET OR TIED.
MM INDICATES DATA IS MISSING.
T  INDICATES TRACE AMOUNT.




$$


&&
------------------------------------------------------------------
******************** SUPPLEMENTAL DATA ***************************

...GULF WATER TEMPERATURE AT FORT MYERS BEACH 73 DEGREES
