000
CDUS42 KTBW 280827
CLIFMY


CLIMATE REPORT
NATIONAL WEATHER SERVICE TAMPA BAY FL
426 AM EDT SAT MAR 28 2015


...................................

...THE FORT MYERS CLIMATE SUMMARY FOR MARCH 27 2015...

CLIMATE NORMAL PERIOD 1981 TO 2010
CLIMATE RECORD PERIOD 1902 TO 2015


WEATHER ITEM   OBSERVED TIME   RECORD YEAR NORMAL DEPARTURE LAST
                VALUE   (LST)  VALUE       VALUE  FROM      YEAR
                                                  NORMAL
..................................................................
TEMPERATURE (F)
 YESTERDAY
  MAXIMUM         84   1115 AM  91    1989  82      2       73
                                      1950
  MINIMUM         65   1159 PM  44    2013  61      4       52
  AVERAGE         75                        71      4       63

PRECIPITATION (IN)
  YESTERDAY        1.13          1.35 1937   0.09   1.04     0.00
  MONTH TO DATE    1.49                      2.54  -1.05     2.19
  SINCE MAR 1      1.49                      2.54  -1.05     2.19
  SINCE JAN 1      4.68                      6.63  -1.95     5.63

DEGREE DAYS
 HEATING
  YESTERDAY        0                         0      0        2
  MONTH TO DATE    0                        21    -21        9
  SINCE MAR 1      0                        21    -21        9
  SINCE JUL 1    231                       281    -50      178

 COOLING
  YESTERDAY       10                         7      3        0
  MONTH TO DATE  298                       149    149      138
  SINCE MAR 1    298                       149    149      138
  SINCE JAN 1    446                       334    112      399
..................................................................


WIND (MPH)
  RESULTANT WIND SPEED   9   RESULTANT WIND DIRECTION  SW (240)
  HIGHEST WIND SPEED    30   HIGHEST WIND DIRECTION    NW (310)
  HIGHEST GUST SPEED    38   HIGHEST GUST DIRECTION    NW (310)
  AVERAGE WIND SPEED    10.7


SKY COVER
  POSSIBLE SUNSHINE  MM
  AVERAGE SKY COVER 0.5


WEATHER CONDITIONS
 THE FOLLOWING WEATHER WAS RECORDED YESTERDAY.
  THUNDERSTORM
  HEAVY RAIN
  RAIN
  LIGHT RAIN
  FOG
  HAZE


RELATIVE HUMIDITY (PERCENT)
 HIGHEST   100           600 PM
 LOWEST     67          1200 PM

..........................................................


THE FORT MYERS CLIMATE NORMALS FOR TODAY
                         NORMAL    RECORD    YEAR
 MAXIMUM TEMPERATURE (F)   82        91      1975
 MINIMUM TEMPERATURE (F)   61        43      2013


SUNRISE AND SUNSET
MARCH 28 2015.........SUNRISE   723 AM EDT   SUNSET   743 PM EDT
MARCH 29 2015.........SUNRISE   722 AM EDT   SUNSET   743 PM EDT


-  INDICATES NEGATIVE NUMBERS.
R  INDICATES RECORD WAS SET OR TIED.
MM INDICATES DATA IS MISSING.
T  INDICATES TRACE AMOUNT.




$$


&&
------------------------------------------------------------------
******************** SUPPLEMENTAL DATA ***************************

...GULF WATER TEMPERATURE AT FORT MYERS BEACH 76
