000
CDUS42 KTBW 272115
CLIFMY


CLIMATE REPORT
NATIONAL WEATHER SERVICE TAMPA BAY FL
513 PM EDT THU APR 27 2017


...................................

...THE FORT MYERS CLIMATE SUMMARY FOR APRIL 27 2017...
VALID TODAY AS OF 0500 PM LOCAL TIME.

CLIMATE NORMAL PERIOD 1981 TO 2010
CLIMATE RECORD PERIOD 1902 TO 2017


WEATHER ITEM   OBSERVED TIME   RECORD YEAR NORMAL DEPARTURE LAST
                VALUE   (LST)  VALUE       VALUE  FROM      YEAR
                                                  NORMAL
..................................................................
TEMPERATURE (F)
 TODAY
  MAXIMUM         90    235 PM  95    1945  87      3       87
  MINIMUM         70    336 AM  53    1910  65      5       70
  AVERAGE         80                        76      4       79

PRECIPITATION (IN)
  TODAY            0.00          2.04 2005   0.06  -0.06     0.00
  MONTH TO DATE    2.62                      1.97   0.65     1.15
  SINCE MAR 1      2.78                      4.85  -2.07     2.21
  SINCE JAN 1      5.03                      8.94  -3.91    17.32

DEGREE DAYS
 HEATING
  TODAY            0                         0      0        0
  MONTH TO DATE    0                         0      0        0
  SINCE MAR 1     11                        24    -13        9
  SINCE JUL 1     76                       284   -208      204

 COOLING
  TODAY           15                        11      4       14
  MONTH TO DATE  148                       235    -87      259
  SINCE MAR 1    391                       411    -20      504
  SINCE JAN 1    733                       596    137      615
..................................................................


WIND (MPH)
  RESULTANT WIND SPEED   5   RESULTANT WIND DIRECTION   S (170)
  HIGHEST WIND SPEED    17   HIGHEST WIND DIRECTION    SW (220)
  HIGHEST GUST SPEED    23   HIGHEST GUST DIRECTION     S (200)
  AVERAGE WIND SPEED     7.4


SKY COVER
  POSSIBLE SUNSHINE  MM
  AVERAGE SKY COVER 0.4


WEATHER CONDITIONS
 THE FOLLOWING WEATHER WAS RECORDED TODAY.
  FOG


RELATIVE HUMIDITY (PERCENT)
 HIGHEST   100          1200 AM
 LOWEST     52           200 PM

..........................................................


THE FORT MYERS CLIMATE NORMALS FOR TOMORROW
                         NORMAL    RECORD    YEAR
 MAXIMUM TEMPERATURE (F)   87        93      1996
                                             1986
                                             1944
 MINIMUM TEMPERATURE (F)   65        51      1977
                                             1913


SUNRISE AND SUNSET
APRIL 27 2017.........SUNRISE   653 AM EDT   SUNSET   758 PM EDT
APRIL 28 2017.........SUNRISE   652 AM EDT   SUNSET   758 PM EDT


-  INDICATES NEGATIVE NUMBERS.
R  INDICATES RECORD WAS SET OR TIED.
MM INDICATES DATA IS MISSING.
T  INDICATES TRACE AMOUNT.




$$


&&
------------------------------------------------------------------
******************** SUPPLEMENTAL DATA ***************************

...GULF WATER TEMPERATURE AT FORT MYERS BEACH 79 DEGREES
