000
CDUS42 KTBW 162217
CLIFMY


CLIMATE REPORT
NATIONAL WEATHER SERVICE TAMPA BAY FL
515 PM EST SAT DEC 16 2017


...................................

...THE FORT MYERS CLIMATE SUMMARY FOR DECEMBER 16 2017...
VALID TODAY AS OF 0500 PM LOCAL TIME.

CLIMATE NORMAL PERIOD 1981 TO 2010
CLIMATE RECORD PERIOD 1902 TO 2017


WEATHER ITEM   OBSERVED TIME   RECORD YEAR NORMAL DEPARTURE LAST
                VALUE   (LST)  VALUE       VALUE  FROM      YEAR
                                                  NORMAL
..................................................................
TEMPERATURE (F)
 TODAY
  MAXIMUM         79    210 PM  87    1948  77      2       82
  MINIMUM         55    656 AM  32    1968  56     -1       58
  AVERAGE         67                        66      1       70

PRECIPITATION (IN)
  TODAY            0.00          1.55 2003   0.06  -0.06     0.00
  MONTH TO DATE    1.45                      0.79   0.66     0.22
  SINCE DEC 1      1.45                      0.79   0.66     0.22
  SINCE JAN 1     61.54                     55.01   6.53    63.84

DEGREE DAYS
 HEATING
  TODAY            0                         2     -2        0
  MONTH TO DATE   39                        27     12        2
  SINCE DEC 1     39                        27     12        2
  SINCE JUL 1     44                        45     -1        7

 COOLING
  TODAY            2                         4     -2        5
  MONTH TO DATE   79                        71      8      135
  SINCE DEC 1     79                        71      8      135
  SINCE JAN 1   4255                      3934    321     4143
..................................................................


WIND (MPH)
  RESULTANT WIND SPEED   3   RESULTANT WIND DIRECTION   E (90)
  HIGHEST WIND SPEED    12   HIGHEST WIND DIRECTION    NE (60)
  HIGHEST GUST SPEED    16   HIGHEST GUST DIRECTION     E (100)
  AVERAGE WIND SPEED     3.3


SKY COVER
  POSSIBLE SUNSHINE  MM
  AVERAGE SKY COVER 0.0


WEATHER CONDITIONS
 THE FOLLOWING WEATHER WAS RECORDED TODAY.
  NO SIGNIFICANT WEATHER WAS OBSERVED.


RELATIVE HUMIDITY (PERCENT)
 HIGHEST   100           200 AM
 LOWEST     45           400 PM

..........................................................


THE FORT MYERS CLIMATE NORMALS FOR TOMORROW
                         NORMAL    RECORD    YEAR
 MAXIMUM TEMPERATURE (F)   76        86      2016
                                             1956
 MINIMUM TEMPERATURE (F)   56        34      1916


SUNRISE AND SUNSET
DECEMBER 16 2017......SUNRISE   709 AM EST   SUNSET   538 PM EST
DECEMBER 17 2017......SUNRISE   709 AM EST   SUNSET   538 PM EST


-  INDICATES NEGATIVE NUMBERS.
R  INDICATES RECORD WAS SET OR TIED.
MM INDICATES DATA IS MISSING.
T  INDICATES TRACE AMOUNT.




$$


&&
------------------------------------------------------------------
******************** SUPPLEMENTAL DATA ***************************

...GULF WATER TEMPERATURE AT FORT MYERS BEACH 68 DEGREES
