313
CDUS43 KDTX 230539
CLIFNT


CLIMATE REPORT
NATIONAL WEATHER SERVICE DETROIT/PONTIAC MI
1239 AM EST TUE JAN 23 2018


...................................

...THE FLINT MI CLIMATE SUMMARY FOR JANUARY 22 2018...

CLIMATE NORMAL PERIOD 1981 TO 2010
CLIMATE RECORD PERIOD 1921 TO 2018


WEATHER ITEM   OBSERVED TIME   RECORD YEAR NORMAL DEPARTURE LAST
                VALUE   (LST)  VALUE       VALUE  FROM      YEAR
                                                  NORMAL
..................................................................
TEMPERATURE (F)
 YESTERDAY
  MAXIMUM         52    327 PM  55    1933  29     23       49
  MINIMUM         36    807 AM -13    2014  15     21       33
                                      2000
  AVERAGE         44                        22     22       41

PRECIPITATION (IN)
  YESTERDAY        0.65          1.17 1999   0.04   0.61     0.00
  MONTH TO DATE    1.42                      1.20   0.22     2.61
  SINCE DEC 1      2.80                      3.12  -0.32     4.20
  SINCE JAN 1      1.42                      1.20   0.22     2.61

SNOWFALL (IN)
  YESTERDAY        0.0           9.0  2005   0.5   -0.5      0.0
  MONTH TO DATE   10.1                       9.4    0.7      5.7
  SINCE DEC 1     33.4                      21.2   12.2     25.9
  SINCE JUL 1     33.8                      24.1    9.7     25.9
  SNOW DEPTH       T

DEGREE DAYS
 HEATING
  YESTERDAY       21                        43    -22       24
  MONTH TO DATE  997                       935     62      807
  SINCE DEC 1   2305                      2099    206     1955
  SINCE JUL 1   3603                      3580     23     2996

 COOLING
  YESTERDAY        0                         0      0        0
  MONTH TO DATE    0                         0      0        0
  SINCE DEC 1      0                         0      0        0
  SINCE JAN 1      0                         0      0        0
..................................................................


WIND (MPH)
  HIGHEST WIND SPEED    20   HIGHEST WIND DIRECTION     S (190)
  HIGHEST GUST SPEED    28   HIGHEST GUST DIRECTION     S (190)
  AVERAGE WIND SPEED     8.0


SKY COVER
  POSSIBLE SUNSHINE  MM
  AVERAGE SKY COVER 1.0


WEATHER CONDITIONS
 THE FOLLOWING WEATHER WAS RECORDED YESTERDAY.
  THUNDERSTORM
  RAIN
  LIGHT RAIN
  FOG


RELATIVE HUMIDITY (PERCENT)
 HIGHEST   100           100 AM
 LOWEST     83           300 PM
 AVERAGE    92

..........................................................


THE FLINT MI CLIMATE NORMALS FOR TODAY
                         NORMAL    RECORD    YEAR
 MAXIMUM TEMPERATURE (F)   29        56      1967
 MINIMUM TEMPERATURE (F)   15       -13      1963


SUNRISE AND SUNSET
JANUARY 23 2018.......SUNRISE   758 AM EST   SUNSET   536 PM EST
JANUARY 24 2018.......SUNRISE   757 AM EST   SUNSET   537 PM EST


-  INDICATES NEGATIVE NUMBERS.
R  INDICATES RECORD WAS SET OR TIED.
MM INDICATES DATA IS MISSING.
T  INDICATES TRACE AMOUNT.




$$
