000
CDUS43 KDTX 042029
CLIFNT


CLIMATE REPORT
NATIONAL WEATHER SERVICE DETROIT/PONTIAC MI
428 PM EDT SAT JUL 4 2015


...................................

...THE FLINT MI CLIMATE SUMMARY FOR JULY 4 2015...
VALID TODAY AS OF 0400 PM LOCAL TIME.

CLIMATE NORMAL PERIOD 1981 TO 2010
CLIMATE RECORD PERIOD 1921 TO 2015


WEATHER ITEM   OBSERVED TIME   RECORD YEAR NORMAL DEPARTURE LAST
                VALUE   (LST)  VALUE       VALUE  FROM      YEAR
                                                  NORMAL
..................................................................
TEMPERATURE (F)
 TODAY
  MAXIMUM         82    250 PM 102    1921  82      0       76
  MINIMUM         51    527 AM  41    1963  59     -8       51
  AVERAGE         67                        70     -3       64

PRECIPITATION (IN)
  TODAY            0.00          2.06 1969   0.09  -0.09     0.00
  MONTH TO DATE    0.00                      0.38  -0.38     0.86
  SINCE JUN 1      5.46                      3.45   2.01     3.32
  SINCE JAN 1     13.58                     14.44  -0.86    18.27

SNOWFALL (IN)
  TODAY            0.0           0.0    MM   0.0    0.0      0.0
  MONTH TO DATE    0.0                       0.0    0.0      0.0
  SINCE JUN 1      0.0                       0.0    0.0      0.0
  SINCE JUL 1      0.0                       0.0    0.0      0.0
  SNOW DEPTH       0

DEGREE DAYS
 HEATING
  TODAY            0                         1     -1        1
  MONTH TO DATE    3                         4     -1        3
  SINCE JUN 1     31                        70    -39       25
  SINCE JUL 1      3                         4     -1        3

 COOLING
  TODAY            2                         6     -4        0
  MONTH TO DATE    3                        24    -21       18
  SINCE JUN 1    128                       136     -8      170
  SINCE JAN 1    203                       168     35      218
..................................................................


WIND (MPH)
  HIGHEST WIND SPEED    10   HIGHEST WIND DIRECTION     W (250)
  HIGHEST GUST SPEED    22   HIGHEST GUST DIRECTION     W (290)
  AVERAGE WIND SPEED     2.9


SKY COVER
  POSSIBLE SUNSHINE  MM
  AVERAGE SKY COVER 0.0


WEATHER CONDITIONS
 THE FOLLOWING WEATHER WAS RECORDED TODAY.
  FOG
  HAZE


RELATIVE HUMIDITY (PERCENT)
 HIGHEST    89           300 AM
 LOWEST     42          1200 PM
 AVERAGE    66

..........................................................


THE FLINT MI CLIMATE NORMALS FOR TOMORROW
                         NORMAL    RECORD    YEAR
 MAXIMUM TEMPERATURE (F)   82       102      1921
 MINIMUM TEMPERATURE (F)   59        43      1972


SUNRISE AND SUNSET
JULY  4 2015..........SUNRISE   601 AM EDT   SUNSET   917 PM EDT
JULY  5 2015..........SUNRISE   602 AM EDT   SUNSET   917 PM EDT


-  INDICATES NEGATIVE NUMBERS.
R  INDICATES RECORD WAS SET OR TIED.
MM INDICATES DATA IS MISSING.
T  INDICATES TRACE AMOUNT.




$$
