000
CDUS43 KFSD 190626
CLIFSD


CLIMATE REPORT
NATIONAL WEATHER SERVICE SIOUX FALLS SD
1225 AM CST THU JAN 19 2017


...................................

...THE SIOUX FALLS SD CLIMATE SUMMARY FOR JANUARY 18 2017...

CLIMATE NORMAL PERIOD 1981 TO 2010
CLIMATE RECORD PERIOD 1893 TO 2017


WEATHER ITEM   OBSERVED TIME   RECORD YEAR NORMAL DEPARTURE LAST
                VALUE   (LST)  VALUE       VALUE  FROM      YEAR
                                                  NORMAL
..................................................................
TEMPERATURE (F)
 YESTERDAY
  MAXIMUM         45    430 PM  52    1944  26     19        9
                                      1919
  MINIMUM         17    741 AM -28    1970   7     10       -6
  AVERAGE         31                        17     14        2

PRECIPITATION (IN)
  YESTERDAY        0.00          0.31 1922   0.02  -0.02      T
  MONTH TO DATE    0.14                      0.33  -0.19     0.33
  SINCE DEC 1      2.06                      1.02   1.04     1.64
  SINCE JAN 1      0.14                      0.33  -0.19     0.33

SNOWFALL (IN)
  YESTERDAY        0.0           3.5  1922   0.2   -0.2       T
  MONTH TO DATE    2.1                       4.4   -2.3      5.1
  SINCE DEC 1     13.0                      12.6    0.4     24.2
  SINCE JUL 1     19.0                      21.3   -2.3     41.5
  SNOW DEPTH       T

DEGREE DAYS
 HEATING
  YESTERDAY       34                        49    -15       63
  MONTH TO DATE  910                       882     28      935
  SINCE DEC 1   2299                      2303     -4     2129
  SINCE JUL 1   3434                      4015   -581     3403

 COOLING
  YESTERDAY        0                         0      0        0
  MONTH TO DATE    0                         0      0        0
  SINCE DEC 1      0                         0      0        0
  SINCE JAN 1      0                         0      0        0
..................................................................


WIND (MPH)
  HIGHEST WIND SPEED    18   HIGHEST WIND DIRECTION     S (180)
  HIGHEST GUST SPEED    23   HIGHEST GUST DIRECTION     S (190)
  AVERAGE WIND SPEED     8.2


SKY COVER
  POSSIBLE SUNSHINE  MM
  AVERAGE SKY COVER 0.1


WEATHER CONDITIONS
 THE FOLLOWING WEATHER WAS RECORDED YESTERDAY.
  FOG


RELATIVE HUMIDITY (PERCENT)
 HIGHEST   100           700 AM
 LOWEST     70           200 PM
 AVERAGE    85

..........................................................


THE SIOUX FALLS SD CLIMATE NORMALS FOR TODAY
                         NORMAL    RECORD    YEAR
 MAXIMUM TEMPERATURE (F)   26        55      1900
 MINIMUM TEMPERATURE (F)    7       -36      1970


SUNRISE AND SUNSET
JANUARY 19 2017.......SUNRISE   755 AM CST   SUNSET   521 PM CST
JANUARY 20 2017.......SUNRISE   754 AM CST   SUNSET   523 PM CST


-  INDICATES NEGATIVE NUMBERS.
R  INDICATES RECORD WAS SET OR TIED.
MM INDICATES DATA IS MISSING.
T  INDICATES TRACE AMOUNT.




$$
