000
CDUS43 KFSD 030626
CLIFSD


CLIMATE REPORT
NATIONAL WEATHER SERVICE SIOUX FALLS SD
126 AM CDT THU SEP 3 2015


...................................

...THE SIOUX FALLS SD CLIMATE SUMMARY FOR SEPTEMBER 2 2015...

CLIMATE NORMAL PERIOD 1981 TO 2010
CLIMATE RECORD PERIOD 1893 TO 2015


WEATHER ITEM   OBSERVED TIME   RECORD YEAR NORMAL DEPARTURE LAST
                VALUE   (LST)  VALUE       VALUE  FROM      YEAR
                                                  NORMAL
..................................................................
TEMPERATURE (F)
 YESTERDAY
  MAXIMUM         86    429 PM  99    1956  78      8       76
  MINIMUM         66    526 AM  35    1893  55     11       53
  AVERAGE         76                        67      9       65

PRECIPITATION (IN)
  YESTERDAY        0.00          1.98 1933   0.10  -0.10      T
  MONTH TO DATE    0.02                      0.20  -0.18     0.02
  SINCE SEP 1      0.02                      0.20  -0.18     0.02
  SINCE JAN 1     21.62                     19.59   2.03    24.45

SNOWFALL (IN)
  YESTERDAY        0.0           0.0    MM   0.0    0.0      0.0
  MONTH TO DATE    0.0                       0.0    0.0      0.0
  SINCE SEP 1      0.0                       0.0    0.0      0.0
  SINCE JUL 1      0.0                       0.0    0.0       T
  SNOW DEPTH       0

DEGREE DAYS
 HEATING
  YESTERDAY        0                         2     -2        0
  MONTH TO DATE    0                         4     -4        0
  SINCE SEP 1      0                         4     -4        0
  SINCE JUL 1     40                        35      5       18

 COOLING
  YESTERDAY       11                         4      7        0
  MONTH TO DATE   21                         8     13        4
  SINCE SEP 1     21                         8     13        4
  SINCE JAN 1    596                       633    -37      555
..................................................................


WIND (MPH)
  HIGHEST WIND SPEED    21   HIGHEST WIND DIRECTION     S (180)
  HIGHEST GUST SPEED    24   HIGHEST GUST DIRECTION     S (180)
  AVERAGE WIND SPEED     9.5


SKY COVER
  POSSIBLE SUNSHINE  MM
  AVERAGE SKY COVER 0.2


WEATHER CONDITIONS
 THE FOLLOWING WEATHER WAS RECORDED YESTERDAY.
  FOG


RELATIVE HUMIDITY (PERCENT)
 HIGHEST    93           400 AM
 LOWEST     65           400 PM
 AVERAGE    79

..........................................................


THE SIOUX FALLS SD CLIMATE NORMALS FOR TODAY
                         NORMAL    RECORD    YEAR
 MAXIMUM TEMPERATURE (F)   78        97      1913
 MINIMUM TEMPERATURE (F)   55        31      1974


SUNRISE AND SUNSET
SEPTEMBER  3 2015.....SUNRISE   653 AM CDT   SUNSET   759 PM CDT
SEPTEMBER  4 2015.....SUNRISE   654 AM CDT   SUNSET   757 PM CDT


-  INDICATES NEGATIVE NUMBERS.
R  INDICATES RECORD WAS SET OR TIED.
MM INDICATES DATA IS MISSING.
T  INDICATES TRACE AMOUNT.




$$
