629
CDUS43 KFSD 170636
CLIFSD


CLIMATE REPORT
NATIONAL WEATHER SERVICE SIOUX FALLS SD
1236 AM CST WED JAN 17 2018


...................................

...THE SIOUX FALLS SD CLIMATE SUMMARY FOR JANUARY 16 2018...

CLIMATE NORMAL PERIOD 1981 TO 2010
CLIMATE RECORD PERIOD 1893 TO 2018


WEATHER ITEM   OBSERVED TIME   RECORD YEAR NORMAL DEPARTURE LAST
                VALUE   (LST)  VALUE       VALUE  FROM      YEAR
                                                  NORMAL
..................................................................
TEMPERATURE (F)
 YESTERDAY
  MAXIMUM          7    352 PM  52    1951  26    -19       32
  MINIMUM         -7    933 AM -28    1977   7    -14       20
  AVERAGE          0                        16    -16       26

PRECIPITATION (IN)
  YESTERDAY        0.00          0.66 1932   0.01  -0.01      T
  MONTH TO DATE    0.08                      0.29  -0.21     0.14
  SINCE DEC 1      0.76                      0.98  -0.22     2.06
  SINCE JAN 1      0.08                      0.29  -0.21     0.14

SNOWFALL (IN)
  YESTERDAY        0.0           6.0  1932   0.2   -0.2      0.0
  MONTH TO DATE    1.6                       3.9   -2.3      2.1
  SINCE DEC 1     12.0                      12.1   -0.1     13.0
  SINCE JUL 1     12.2                      20.8   -8.6     19.0
  SNOW DEPTH       1

DEGREE DAYS
 HEATING
  YESTERDAY       65                        49     16       39
  MONTH TO DATE  886                       784    102      833
  SINCE DEC 1   2238                      2205     33     2222
  SINCE JUL 1   3647                      3917   -270     3357

 COOLING
  YESTERDAY        0                         0      0        0
  MONTH TO DATE    0                         0      0        0
  SINCE DEC 1      0                         0      0        0
  SINCE JAN 1      0                         0      0        0
..................................................................


WIND (MPH)
  HIGHEST WIND SPEED    18   HIGHEST WIND DIRECTION     N (340)
  HIGHEST GUST SPEED    22   HIGHEST GUST DIRECTION     N (340)
  AVERAGE WIND SPEED     8.6


SKY COVER
  POSSIBLE SUNSHINE  MM
  AVERAGE SKY COVER 0.5


WEATHER CONDITIONS
 THE FOLLOWING WEATHER WAS RECORDED YESTERDAY.
  NO SIGNIFICANT WEATHER WAS OBSERVED.


RELATIVE HUMIDITY (PERCENT)
 HIGHEST    91           900 PM
 LOWEST     71          1100 AM
 AVERAGE    81

..........................................................


THE SIOUX FALLS SD CLIMATE NORMALS FOR TODAY
                         NORMAL    RECORD    YEAR
 MAXIMUM TEMPERATURE (F)   26        53      1923
 MINIMUM TEMPERATURE (F)    7       -30      1930


SUNRISE AND SUNSET
JANUARY 17 2018.......SUNRISE   756 AM CST   SUNSET   519 PM CST
JANUARY 18 2018.......SUNRISE   755 AM CST   SUNSET   520 PM CST


-  INDICATES NEGATIVE NUMBERS.
R  INDICATES RECORD WAS SET OR TIED.
MM INDICATES DATA IS MISSING.
T  INDICATES TRACE AMOUNT.




$$
