000
CDUS44 KTSA 230853
CLIFSM

CLIMATE REPORT
NATIONAL WEATHER SERVICE TULSA OK
147 AM CDT WED AUG 23 2017


...................................

...THE FORT SMITH ARKANSAS CLIMATE SUMMARY FOR AUGUST 22 2017...

CLIMATE NORMAL PERIOD 1981 TO 2010
CLIMATE RECORD PERIOD 1882 TO 2017


WEATHER ITEM   OBSERVED TIME   RECORD YEAR NORMAL DEPARTURE LAST
                VALUE   (LST)  VALUE       VALUE  FROM      YEAR
                                                  NORMAL
..................................................................
TEMPERATURE (F)
 YESTERDAY
  MAXIMUM         93    409 PM 103    2000  93      0       85
                                      1922
                                      1896
  MINIMUM         74   1159 PM  54    1956  70      4       63
  AVERAGE         84                        82      2       74

PRECIPITATION (IN)
  YESTERDAY        0.18          2.65 1911   0.08   0.10     0.00
  MONTH TO DATE    6.41                      1.86   4.55     3.68
  SINCE JUN 1     19.44                      9.44  10.00     9.24
  SINCE JAN 1     41.52                     28.63  12.89    26.45

DEGREE DAYS
 COOLING
  YESTERDAY       19                        17      2        9
  MONTH TO DATE  348                       390    -42      397
  SINCE JUN 1   1328                      1311     17     1507
  SINCE JAN 1   1646                      1555     91     1692
..................................................................


WIND (MPH)
  HIGHEST WIND SPEED    25   HIGHEST WIND DIRECTION    NE (40)
  HIGHEST GUST SPEED    32   HIGHEST GUST DIRECTION    NE (50)
  AVERAGE WIND SPEED     4.6


SKY COVER
  POSSIBLE SUNSHINE  MM
  AVERAGE SKY COVER 0.3


WEATHER CONDITIONS
 THE FOLLOWING WEATHER WAS RECORDED YESTERDAY.
  THUNDERSTORM
  HEAVY RAIN
  RAIN
  LIGHT RAIN
  FOG


RELATIVE HUMIDITY (PERCENT)
 HIGHEST   100           600 AM
 LOWEST     52           200 PM
 AVERAGE    76

..........................................................


THE FORT SMITH ARKANSAS CLIMATE NORMALS FOR TODAY
                         NORMAL    RECORD    YEAR
 MAXIMUM TEMPERATURE (F)   93       103      1963
                                             1910
 MINIMUM TEMPERATURE (F)   70        53      1891


SUNRISE AND SUNSET
AUGUST 23 2017........SUNRISE   643 AM CDT   SUNSET   756 PM CDT
AUGUST 24 2017........SUNRISE   644 AM CDT   SUNSET   755 PM CDT


-  INDICATES NEGATIVE NUMBERS.
R  INDICATES RECORD WAS SET OR TIED.
MM INDICATES DATA IS MISSING.
T  INDICATES TRACE AMOUNT.




$$

&&
...........................................................

THE ARKANSAS RIVER AT VAN BUREN

                   OBSERVED      24 HOUR     24 HOUR
                    VALUE        CHANGE      FORECAST

 STAGE (FEET)
  THIS MORNING       19.5         -0.2

 MEAN FLOW (CFS)
  TODAY                                        3780
...........................................................
ALL DATA MEASURED AT THE FORT SMITH REGIONAL AIRPORT
