000
CDUS44 KTSA 230900
CLIFSM

CLIMATE REPORT
NATIONAL WEATHER SERVICE TULSA OK
1247 AM CST TUE JAN 23 2018


...................................

...THE FORT SMITH ARKANSAS CLIMATE SUMMARY FOR JANUARY 22 2018...

CLIMATE NORMAL PERIOD 1981 TO 2010
CLIMATE RECORD PERIOD 1882 TO 2018


WEATHER ITEM   OBSERVED TIME   RECORD YEAR NORMAL DEPARTURE LAST
                VALUE   (LST)  VALUE       VALUE  FROM      YEAR
                                                  NORMAL
..................................................................
TEMPERATURE (F)
 YESTERDAY
  MAXIMUM         57   1235 AM  78    1969  50      7       58
                                      1943
  MINIMUM         41   1154 PM  -9    1930  29     12       41
  AVERAGE         49                        40      9       50

PRECIPITATION (IN)
  YESTERDAY        0.00          1.30 1920   0.09  -0.09     0.57
  MONTH TO DATE    1.55                      1.96  -0.41     2.34
  SINCE DEC 1      3.83                      5.25  -1.42     3.11
  SINCE JAN 1      1.55                      1.96  -0.41     2.34

SNOWFALL (IN)
  YESTERDAY        0.0                                       0.0
  MONTH TO DATE    T                                         2.0
  SINCE DEC 1      T                                         2.0
  SINCE JUL 1      T                                         2.0

DEGREE DAYS
 HEATING
  YESTERDAY       16                        25     -9       15
  MONTH TO DATE  645                       570     75      461
  SINCE DEC 1   1322                      1304     18     1154
  SINCE JUL 1   1758                      1869   -111     1440
..................................................................


WIND (MPH)
  HIGHEST WIND SPEED    33   HIGHEST WIND DIRECTION     W (250)
  HIGHEST GUST SPEED    44   HIGHEST GUST DIRECTION     W (280)
  AVERAGE WIND SPEED    18.5


SKY COVER
  POSSIBLE SUNSHINE  MM
  AVERAGE SKY COVER 0.4


WEATHER CONDITIONS
 THE FOLLOWING WEATHER WAS RECORDED YESTERDAY.
  NO SIGNIFICANT WEATHER WAS OBSERVED.


RELATIVE HUMIDITY (PERCENT)
 HIGHEST    77           100 AM
 LOWEST     42           100 PM
 AVERAGE    60

..........................................................


THE FORT SMITH ARKANSAS CLIMATE NORMALS FOR TODAY
                         NORMAL    RECORD    YEAR
 MAXIMUM TEMPERATURE (F)   50        78      1967
 MINIMUM TEMPERATURE (F)   29        -3      1930


SUNRISE AND SUNSET
JANUARY 23 2018.......SUNRISE   723 AM CST   SUNSET   536 PM CST
JANUARY 24 2018.......SUNRISE   722 AM CST   SUNSET   537 PM CST


-  INDICATES NEGATIVE NUMBERS.
R  INDICATES RECORD WAS SET OR TIED.
MM INDICATES DATA IS MISSING.
T  INDICATES TRACE AMOUNT.




$$

&&
...........................................................

THE ARKANSAS RIVER AT VAN BUREN

                   OBSERVED      24 HOUR     24 HOUR
                    VALUE        CHANGE      FORECAST

 STAGE (FEET)
  THIS MORNING       19.9         +0.1

 MEAN FLOW (CFS)
  TODAY                                        750
...........................................................
ALL DATA MEASURED AT THE FORT SMITH REGIONAL AIRPORT
