000
CDUS44 KTSA 030800
CLIFSM

ZCZC OKCCLIFSM



CLIMATE REPORT
NATIONAL WEATHER SERVICE TULSA OK
147 AM CDT FRI JUL 3 2015


...................................

...THE FORT SMITH ARKANSAS CLIMATE SUMMARY FOR JULY 2 2015...

CLIMATE NORMAL PERIOD 1981 TO 2010
CLIMATE RECORD PERIOD 1882 TO 2015


WEATHER ITEM   OBSERVED TIME   RECORD YEAR NORMAL DEPARTURE LAST
                VALUE   (LST)  VALUE       VALUE  FROM      YEAR
                                                  NORMAL
..................................................................
TEMPERATURE (F)
 YESTERDAY
  MAXIMUM         90    350 PM 105    1894  92     -2       88
  MINIMUM         74    616 AM  57    1924  71      3       71
  AVERAGE         82                        81      1       80

PRECIPITATION (IN)
  YESTERDAY        0.40          3.28 2004   0.12   0.28     0.03
  MONTH TO DATE    0.40                      0.25   0.15     0.06
  SINCE JUN 1      3.53                      4.53  -1.00     4.51
  SINCE JAN 1     36.78                     23.72  13.06    19.25

DEGREE DAYS
 COOLING
  YESTERDAY       17                        16      1       15
  MONTH TO DATE   37                        32      5       34
  SINCE JUN 1    520                       417    103      472
  SINCE JAN 1    760                       661     99      750
..................................................................


WIND (MPH)
  HIGHEST WIND SPEED    22   HIGHEST WIND DIRECTION    SW (230)
  HIGHEST GUST SPEED    29   HIGHEST GUST DIRECTION    SW (230)
  AVERAGE WIND SPEED    10.8


SKY COVER
  POSSIBLE SUNSHINE  MM
  AVERAGE SKY COVER 0.4


WEATHER CONDITIONS
 THE FOLLOWING WEATHER WAS RECORDED YESTERDAY.
  THUNDERSTORM
  HEAVY RAIN
  RAIN
  LIGHT RAIN
  HAZE


RELATIVE HUMIDITY (PERCENT)
 HIGHEST    79           800 PM
 LOWEST     50           400 PM
 AVERAGE    65

..........................................................


THE FORT SMITH ARKANSAS CLIMATE NORMALS FOR TODAY
                         NORMAL    RECORD    YEAR
 MAXIMUM TEMPERATURE (F)   92       106      1990
 MINIMUM TEMPERATURE (F)   71        57      1924


SUNRISE AND SUNSET
JULY  3 2015..........SUNRISE   607 AM CDT   SUNSET   836 PM CDT
JULY  4 2015..........SUNRISE   608 AM CDT   SUNSET   836 PM CDT


-  INDICATES NEGATIVE NUMBERS.
R  INDICATES RECORD WAS SET OR TIED.
MM INDICATES DATA IS MISSING.
T  INDICATES TRACE AMOUNT.




$$

&&
...........................................................

THE ARKANSAS RIVER AT VAN BUREN

                   OBSERVED      24 HOUR     24 HOUR
                    VALUE        CHANGE      FORECAST

 STAGE (FEET)
  THIS MORNING       21.1         +0.1

MEAN FLOW (CFS)
  TODAY                                        107300
...........................................................
ALL DATA MEASURED AT THE FORT SMITH REGIONAL AIRPORT
