000
CDUS44 KTSA 240810
CLIFSM

CLIMATE REPORT
NATIONAL WEATHER SERVICE TULSA OK
147 AM CDT SUN JUL 24 2016


...................................

...THE FORT SMITH ARKANSAS CLIMATE SUMMARY FOR JULY 23 2016...

CLIMATE NORMAL PERIOD 1981 TO 2010
CLIMATE RECORD PERIOD 1882 TO 2016


WEATHER ITEM   OBSERVED TIME   RECORD YEAR NORMAL DEPARTURE LAST
                VALUE   (LST)  VALUE       VALUE  FROM      YEAR
                                                  NORMAL
..................................................................
TEMPERATURE (F)
 YESTERDAY
  MAXIMUM        101    432 PM 107    2011  94      7       96
  MINIMUM         79    557 AM  54    1947  72      7       78
  AVERAGE         90                        83      7       87

PRECIPITATION (IN)
  YESTERDAY        0.00          5.73 1960   0.10  -0.10     0.00
  MONTH TO DATE    3.60                      2.48   1.12     8.79
  SINCE JUN 1      5.51                      6.76  -1.25    11.92
  SINCE JAN 1     22.72                     25.95  -3.23    45.17

DEGREE DAYS
 COOLING
  YESTERDAY       25                        18      7       22
  MONTH TO DATE  453                       394     59      434
  SINCE JUN 1    956                       779    177      917
  SINCE JAN 1   1141                      1023    118     1157
..................................................................


WIND (MPH)
  HIGHEST WIND SPEED    14   HIGHEST WIND DIRECTION     S (170)
  HIGHEST GUST SPEED    19   HIGHEST GUST DIRECTION    SE (150)
  AVERAGE WIND SPEED     4.3


SKY COVER
  POSSIBLE SUNSHINE  MM
  AVERAGE SKY COVER 0.1


WEATHER CONDITIONS
 THE FOLLOWING WEATHER WAS RECORDED YESTERDAY.
  NO SIGNIFICANT WEATHER WAS OBSERVED.


RELATIVE HUMIDITY (PERCENT)
 HIGHEST    91           200 AM
 LOWEST     37           400 PM
 AVERAGE    64

..........................................................


THE FORT SMITH ARKANSAS CLIMATE NORMALS FOR TODAY
                         NORMAL    RECORD    YEAR
 MAXIMUM TEMPERATURE (F)   94       107      2011
                                             1934
 MINIMUM TEMPERATURE (F)   72        62      2000
                                             1894


SUNRISE AND SUNSET
JULY 24 2016..........SUNRISE   621 AM CDT   SUNSET   827 PM CDT
JULY 25 2016..........SUNRISE   621 AM CDT   SUNSET   826 PM CDT


-  INDICATES NEGATIVE NUMBERS.
R  INDICATES RECORD WAS SET OR TIED.
MM INDICATES DATA IS MISSING.
T  INDICATES TRACE AMOUNT.




$$

&&
...........................................................

THE ARKANSAS RIVER AT VAN BUREN

                   OBSERVED      24 HOUR     24 HOUR
                    VALUE        CHANGE      FORECAST

 STAGE (FEET)
  THIS MORNING       19.3         +0.1

MEAN FLOW (CFS)
  TODAY                                        -99
...........................................................
ALL DATA MEASURED AT THE FORT SMITH REGIONAL AIRPORT
