000
CDUS44 KTSA 142129
CLIFSM

CLIMATE REPORT
NATIONAL WEATHER SERVICE TULSA OK
418 PM CDT SUN SEP 14 2014


...................................

...THE FORT SMITH ARKANSAS CLIMATE SUMMARY FOR SEPTEMBER 14 2014...
VALID TODAY AS OF 0400 PM LOCAL TIME.

CLIMATE NORMAL PERIOD 1981 TO 2010
CLIMATE RECORD PERIOD 1882 TO 2014


WEATHER ITEM   OBSERVED TIME   RECORD YEAR NORMAL DEPARTURE LAST
                VALUE   (LST)  VALUE       VALUE  FROM      YEAR
                                                  NORMAL
..................................................................
TEMPERATURE (F)
 TODAY
  MAXIMUM         78    258 PM 100    2000  86     -8       85
                                      1965
                                      1939
  MINIMUM         55    122 AM  44    1902  63     -8       62
  AVERAGE         67                        75     -8       74

PRECIPITATION (IN)
  TODAY            0.00          3.47 2005   0.14  -0.14     0.00
  MONTH TO DATE    5.15                      1.80   3.35     0.14
  SINCE SEP 1      5.15                      1.80   3.35     0.14
  SINCE JAN 1     28.60                     31.16  -2.56    35.01

DEGREE DAYS
 HEATING
  TODAY            0                         0      0        0
  MONTH TO DATE    4                         0      4        0
  SINCE SEP 1      4                         0      4        0
  SINCE JUL 1      4                         0      4        0

 COOLING
  TODAY            2                        10     -8        9
  MONTH TO DATE  169                       169      0      246
  SINCE SEP 1    169                       169      0      246
  SINCE JAN 1   1832                      1864    -32     2049
..................................................................


WIND (MPH)
  HIGHEST WIND SPEED    10   HIGHEST WIND DIRECTION     E (70)
  HIGHEST GUST SPEED    12   HIGHEST GUST DIRECTION    NE (60)
  AVERAGE WIND SPEED     2.5


SKY COVER
  POSSIBLE SUNSHINE  MM
  AVERAGE SKY COVER 0.1


WEATHER CONDITIONS
 THE FOLLOWING WEATHER WAS RECORDED TODAY.
  NO SIGNIFICANT WEATHER WAS OBSERVED.


RELATIVE HUMIDITY (PERCENT)
 HIGHEST    93           100 AM
 LOWEST     52           300 PM
 AVERAGE    73

..........................................................


THE FORT SMITH ARKANSAS CLIMATE NORMALS FOR TOMORROW
                         NORMAL    RECORD    YEAR
 MAXIMUM TEMPERATURE (F)   86       101      1939
 MINIMUM TEMPERATURE (F)   63        46      1902


SUNRISE AND SUNSET
SEPTEMBER 14 2014.....SUNRISE   659 AM CDT   SUNSET   726 PM CDT
SEPTEMBER 15 2014.....SUNRISE   700 AM CDT   SUNSET   724 PM CDT


-  INDICATES NEGATIVE NUMBERS.
R  INDICATES RECORD WAS SET OR TIED.
MM INDICATES DATA IS MISSING.
T  INDICATES TRACE AMOUNT.




$$

&&
...........................................................

THE ARKANSAS RIVER AT VAN BUREN

                   OBSERVED      24 HOUR     24 HOUR
                    VALUE        CHANGE      FORECAST

 STAGE (FEET)
  THIS AFTERNOON     19.4         -0.1

MEAN FLOW (CFS)
  TODAY                                        8100
...........................................................
ALL DATA MEASURED AT THE FORT SMITH REGIONAL AIRPORT
