000
CDUS44 KTSA 020908
CLIFSM

CLIMATE REPORT
NATIONAL WEATHER SERVICE TULSA OK
1247 AM CST MON MAR 2 2015


...................................

...THE FORT SMITH ARKANSAS CLIMATE SUMMARY FOR MARCH 1 2015...

CLIMATE NORMAL PERIOD 1981 TO 2010
CLIMATE RECORD PERIOD 1882 TO 2015


WEATHER ITEM   OBSERVED TIME   RECORD YEAR NORMAL DEPARTURE LAST
                VALUE   (LST)  VALUE       VALUE  FROM      YEAR
                                                  NORMAL
..................................................................
TEMPERATURE (F)
 YESTERDAY
  MAXIMUM         39    505 PM  86    2006  60    -21       60
  MINIMUM         32    748 AM  15    1890  37     -5       43
  AVERAGE         36                        48    -12       52

PRECIPITATION (IN)
  YESTERDAY        0.11          1.42 1991   0.11   0.00     0.00
  MONTH TO DATE    0.11                      0.11   0.00     0.00
  SINCE MAR 1      0.11                      0.11   0.00     0.00
  SINCE JAN 1      4.72                      5.68  -0.96     1.77

SNOWFALL (IN)
  YESTERDAY        0.0                                       0.0
  MONTH TO DATE    0.0                                       0.0
  SINCE MAR 1      0.0                                       0.0
  SINCE JUL 1      4.7                                      10.2

DEGREE DAYS
 HEATING
  YESTERDAY       29                        17     12       13
  MONTH TO DATE   29                        17     12       13
  SINCE MAR 1     29                        17     12       13
  SINCE JUL 1   2843                      2690    153     2958
..................................................................


WIND (MPH)
  HIGHEST WIND SPEED     9   HIGHEST WIND DIRECTION     W (270)
  HIGHEST GUST SPEED    11   HIGHEST GUST DIRECTION     E (90)
  AVERAGE WIND SPEED     4.6


SKY COVER
  POSSIBLE SUNSHINE  MM
  AVERAGE SKY COVER 1.0


WEATHER CONDITIONS
 THE FOLLOWING WEATHER WAS RECORDED YESTERDAY.
  FREEZING RAIN
  LT FREEZING RAIN
  FOG
  HAZE


RELATIVE HUMIDITY (PERCENT)
 HIGHEST    96          1000 AM
 LOWEST     79           400 PM
 AVERAGE    88

..........................................................


THE FORT SMITH ARKANSAS CLIMATE NORMALS FOR TODAY
                         NORMAL    RECORD    YEAR
 MAXIMUM TEMPERATURE (F)   60        84      1904
                                             1901
 MINIMUM TEMPERATURE (F)   37        12      1980
                                             1943


SUNRISE AND SUNSET
MARCH  2 2015.........SUNRISE   646 AM CST   SUNSET   614 PM CST
MARCH  3 2015.........SUNRISE   645 AM CST   SUNSET   615 PM CST


-  INDICATES NEGATIVE NUMBERS.
R  INDICATES RECORD WAS SET OR TIED.
MM INDICATES DATA IS MISSING.
T  INDICATES TRACE AMOUNT.




$$

&&
...........................................................

THE ARKANSAS RIVER AT VAN BUREN

                   OBSERVED      24 HOUR     24 HOUR
                    VALUE        CHANGE      FORECAST

 STAGE (FEET)
  THIS MORNING       19.7         +0.5

MEAN FLOW (CFS)
  TODAY                                        6200
...........................................................
ALL DATA MEASURED AT THE FORT SMITH REGIONAL AIRPORT
