000
CDUS44 KTSA 302124
CLIFSM

CLIMATE REPORT
NATIONAL WEATHER SERVICE TULSA OK
418 PM CDT SUN APR 30 2017


...................................

...THE FORT SMITH ARKANSAS CLIMATE SUMMARY FOR APRIL 30 2017...
VALID TODAY AS OF 0400 PM LOCAL TIME.

CLIMATE NORMAL PERIOD 1981 TO 2010
CLIMATE RECORD PERIOD 1882 TO 2017


WEATHER ITEM   OBSERVED TIME   RECORD YEAR NORMAL DEPARTURE LAST
                VALUE   (LST)  VALUE       VALUE  FROM      YEAR
                                                  NORMAL
..................................................................
TEMPERATURE (F)
 TODAY
  MAXIMUM         69   1212 AM  90    1987  77     -8       77
                                      1959
  MINIMUM         56    941 AM  36    1908  54      2       62
  AVERAGE         63                        66     -3       70

PRECIPITATION (IN)
  TODAY            0.59          3.76 1893   0.17   0.42      T
  MONTH TO DATE    7.06                      4.30   2.76     6.05
  SINCE MAR 1     10.81                      8.15   2.66    11.36
  SINCE JAN 1     15.63                     13.72   1.91    13.51

SNOWFALL (IN)
  TODAY            0.0                                       0.0
  MONTH TO DATE    0.0                                       0.0
  SINCE MAR 1      0.0                                       0.0
  SINCE JUL 1      2.0                                        T

DEGREE DAYS
 HEATING
  TODAY            2                         2      0        0
  MONTH TO DATE   64                       155    -91       71
  SINCE MAR 1    325                       542   -217      339
  SINCE JUL 1   2234                      3215   -981     2408

 COOLING
  TODAY            0                         3     -3        5
  MONTH TO DATE   86                        54     32       42
  SINCE MAR 1    120                        65     55       48
  SINCE JAN 1    136                        66     70       49
..................................................................


WIND (MPH)
  HIGHEST WIND SPEED    31   HIGHEST WIND DIRECTION    SW (230)
  HIGHEST GUST SPEED    40   HIGHEST GUST DIRECTION    SW (220)
  AVERAGE WIND SPEED    18.2


SKY COVER
  POSSIBLE SUNSHINE  MM
  AVERAGE SKY COVER 0.3


WEATHER CONDITIONS
 THE FOLLOWING WEATHER WAS RECORDED TODAY.
  THUNDERSTORM
  HEAVY RAIN
  RAIN
  LIGHT RAIN
  FOG


RELATIVE HUMIDITY (PERCENT)
 HIGHEST    77           900 AM
 LOWEST     44           200 PM
 AVERAGE    61

..........................................................


THE FORT SMITH ARKANSAS CLIMATE NORMALS FOR TOMORROW
                         NORMAL    RECORD    YEAR
 MAXIMUM TEMPERATURE (F)   77        93      1959
 MINIMUM TEMPERATURE (F)   55        34      1903


SUNRISE AND SUNSET
APRIL 30 2017.........SUNRISE   627 AM CDT   SUNSET   803 PM CDT
MAY  1 2017...........SUNRISE   626 AM CDT   SUNSET   804 PM CDT


-  INDICATES NEGATIVE NUMBERS.
R  INDICATES RECORD WAS SET OR TIED.
MM INDICATES DATA IS MISSING.
T  INDICATES TRACE AMOUNT.




$$

&&
...........................................................

THE ARKANSAS RIVER AT VAN BUREN

                   OBSERVED      24 HOUR     24 HOUR
                    VALUE        CHANGE      FORECAST

 STAGE (FEET)
  THIS AFTERNOON     24.3         +4.2

MEAN FLOW (CFS)
  TODAY                                        -99
...........................................................
ALL DATA MEASURED AT THE FORT SMITH REGIONAL AIRPORT
