000
CDUS46 KSGX 120019
CLIFUL


CLIMATE REPORT
NATIONAL WEATHER SERVICE SAN DIEGO, CA
418 PM PST MON DEC 11 2017


...................................

...THE FULLERTON AIRPORT CA CLIMATE SUMMARY FOR DECEMBER 11 2017...
VALID TODAY AS OF 0400 PM LOCAL TIME.

CLIMATE NORMAL PERIOD 1981 TO 2010
CLIMATE RECORD PERIOD 1998 TO 2017


WEATHER ITEM   OBSERVED TIME   RECORD YEAR NORMAL DEPARTURE LAST
                VALUE   (LST)  VALUE       VALUE  FROM      YEAR
                                                  NORMAL
..................................................................
TEMPERATURE (F)
 TODAY
  MAXIMUM         85R   203 PM  81    2010  67     18       65
  MINIMUM         50    649 AM  37    2013  45      5       59
                                      1998
  AVERAGE         68                        56     12       62

PRECIPITATION (IN)
  TODAY            0.00          0.20 2009   0.04  -0.04     0.00
  MONTH TO DATE    0.00                      0.47  -0.47      T
  SINCE OCT 1      0.05                      2.32  -2.27     1.40
  SINCE JAN 1     11.23                     12.30  -1.07     5.61

DEGREE DAYS
 HEATING
  TODAY            0                         9     -9        3
  MONTH TO DATE   13                        93    -80       72
  SINCE DEC 1     13                        93    -80       72
  SINCE JUL 1     35                       257   -222      136

 COOLING
  TODAY            3                         0      3        0
  MONTH TO DATE   11                         0     11        0
  SINCE DEC 1     11                         0     11        0
  SINCE JAN 1   1873                      1251    622     1891
..................................................................


WIND (MPH)
  RESULTANT WIND SPEED   0   RESULTANT WIND DIRECTION  NW (300)
  HIGHEST WIND SPEED     8   HIGHEST WIND DIRECTION     W (280)
  HIGHEST GUST SPEED    12   HIGHEST GUST DIRECTION    NE (60)
  AVERAGE WIND SPEED     1.9


SKY COVER
  POSSIBLE SUNSHINE  MM
  AVERAGE SKY COVER 0.2


WEATHER CONDITIONS
 THE FOLLOWING WEATHER WAS RECORDED TODAY.
  NO SIGNIFICANT WEATHER WAS OBSERVED.


RELATIVE HUMIDITY (PERCENT)
 HIGHEST    44           500 AM
 LOWEST      6           100 PM
 AVERAGE    25

..........................................................


THE FULLERTON AIRPORT CA CLIMATE NORMALS FOR TOMORROW
                         NORMAL    RECORD    YEAR
 MAXIMUM TEMPERATURE (F)   67        87      2010
 MINIMUM TEMPERATURE (F)   45        38      2003


SUNRISE AND SUNSET
DECEMBER 11 2017......SUNRISE   647 AM PST   SUNSET   444 PM PST
DECEMBER 12 2017......SUNRISE   648 AM PST   SUNSET   444 PM PST


-  INDICATES NEGATIVE NUMBERS.
R  INDICATES RECORD WAS SET OR TIED.
MM INDICATES DATA IS MISSING.
T  INDICATES TRACE AMOUNT.




$$
