000
CDUS46 KSGX 230021
CLIFUL


CLIMATE REPORT
NATIONAL WEATHER SERVICE SAN DIEGO, CA
421 PM PST MON DEC 22 2014


...................................

...THE FULLERTON AIRPORT CA CLIMATE SUMMARY FOR DECEMBER 22 2014...
VALID TODAY AS OF 0400 PM LOCAL TIME.

CLIMATE NORMAL PERIOD 1981 TO 2010
CLIMATE RECORD PERIOD 1998 TO 2014


WEATHER ITEM   OBSERVED TIME   RECORD YEAR NORMAL DEPARTURE LAST
                VALUE   (LST)  VALUE       VALUE  FROM      YEAR
                                                  NORMAL
..................................................................
TEMPERATURE (F)
 TODAY
  MAXIMUM         76    243 PM  78    2003  67      9       71
  MINIMUM         48    705 AM  33    1998  44      4       43
  AVERAGE         62                        56      6       57

PRECIPITATION (IN)
  TODAY            0.00          1.54 2010   0.06  -0.06     0.00
  MONTH TO DATE    3.09                      1.07   2.02     0.53
  SINCE JUL 1      3.87                      3.25   0.62     1.31
  SINCE JAN 1      7.33                     12.90  -5.57     3.84

SNOWFALL (IN)
  TODAY            0.0
  MONTH TO DATE    0.0
  SINCE JAN 1      0.0
  SINCE JUL 1      0.0
  SNOW DEPTH       0

DEGREE DAYS
 HEATING
  TODAY            3                         9     -6        8
  MONTH TO DATE   85                       192   -107      179
  SINCE DEC 1     85                       192   -107      179
  SINCE JUL 1    109                       356   -247      255

 COOLING
  TODAY            0                         0      0        0
  MONTH TO DATE    2                         0      2        4
  SINCE DEC 1      2                         0      2        4
  SINCE JAN 1   2111                      1251    860     1900
..................................................................


WIND (MPH)
  RESULTANT WIND SPEED   1   RESULTANT WIND DIRECTION   S (200)
  HIGHEST WIND SPEED     9   HIGHEST WIND DIRECTION    SW (220)
  HIGHEST GUST SPEED    12   HIGHEST GUST DIRECTION    SW (220)
  AVERAGE WIND SPEED     1.2


SKY COVER
  POSSIBLE SUNSHINE  MM
  AVERAGE SKY COVER 0.0


WEATHER CONDITIONS
 THE FOLLOWING WEATHER WAS RECORDED TODAY.
  FOG
  HAZE


RELATIVE HUMIDITY (PERCENT)
 HIGHEST    93          1200 AM
 LOWEST     38           200 PM
 AVERAGE    66

..........................................................


THE FULLERTON AIRPORT CA CLIMATE NORMALS FOR TOMORROW
                         NORMAL    RECORD    YEAR
 MAXIMUM TEMPERATURE (F)   67        78      2007
 MINIMUM TEMPERATURE (F)   44        32      1998


SUNRISE AND SUNSET
DECEMBER 22 2014......SUNRISE   654 AM PST   SUNSET   448 PM PST
DECEMBER 23 2014......SUNRISE   654 AM PST   SUNSET   448 PM PST


-  INDICATES NEGATIVE NUMBERS.
R  INDICATES RECORD WAS SET OR TIED.
MM INDICATES DATA IS MISSING.
T  INDICATES TRACE AMOUNT.




$$
