000
CDUS46 KSGX 250016
CLIFUL


CLIMATE REPORT
NATIONAL WEATHER SERVICE SAN DIEGO, CA
516 PM PDT THU APR 24 2014


...................................

...THE FULLERTON AIRPORT CA CLIMATE SUMMARY FOR APRIL 24 2014...
VALID TODAY AS OF 0500 PM LOCAL TIME.

CLIMATE NORMAL PERIOD 1981 TO 2010
CLIMATE RECORD PERIOD 1998 TO 2014


WEATHER ITEM   OBSERVED TIME   RECORD YEAR NORMAL DEPARTURE LAST
                VALUE   (LST)  VALUE       VALUE  FROM      YEAR
                                                  NORMAL
..................................................................
TEMPERATURE (F)
 TODAY
  MAXIMUM         79    152 PM  94    2001  74      5       66
  MINIMUM         54    530 AM  49    2006  54      0       61
  AVERAGE         67                        64      3       64

PRECIPITATION (IN)
  TODAY            0.00          0.26 2005   0.03  -0.03     0.01
  MONTH TO DATE    0.22                      0.71  -0.49     0.04
  SINCE JUL 1      4.57                     13.38  -8.81     5.38
  SINCE JAN 1      3.26                      9.15  -5.89     2.07

SNOWFALL (IN)
  TODAY            0.0
  MONTH TO DATE    0.0
  SINCE JAN 1      0.0
  SINCE JUL 1      0.0
  SNOW DEPTH       0

DEGREE DAYS
 HEATING
  TODAY            0                         3     -3        1
  MONTH TO DATE   31                        89    -58       11
  SINCE MAR 1     84                       259   -175       55
  SINCE JUL 1    582                      1181   -599      726

 COOLING
  TODAY            2                         1      1        0
  MONTH TO DATE   60                        21     39       58
  SINCE MAR 1     95                        34     61       97
  SINCE JAN 1    115                        43     72      109
..................................................................


WIND (MPH)
  RESULTANT WIND SPEED   2   RESULTANT WIND DIRECTION   S (180)
  HIGHEST WIND SPEED    13   HIGHEST WIND DIRECTION     S (200)
  HIGHEST GUST SPEED    17   HIGHEST GUST DIRECTION     S (200)
  AVERAGE WIND SPEED     3.7


SKY COVER
  POSSIBLE SUNSHINE  MM
  AVERAGE SKY COVER 0.0


WEATHER CONDITIONS
 THE FOLLOWING WEATHER WAS RECORDED TODAY.
  NO SIGNIFICANT WEATHER WAS OBSERVED.


RELATIVE HUMIDITY (PERCENT)
 HIGHEST    77           500 AM
 LOWEST     32           100 PM
 AVERAGE    55

..........................................................


THE FULLERTON AIRPORT CA CLIMATE NORMALS FOR TOMORROW
                         NORMAL    RECORD    YEAR
 MAXIMUM TEMPERATURE (F)   74        93      2004
 MINIMUM TEMPERATURE (F)   54        50      2009


SUNRISE AND SUNSET
APRIL 24 2014.........SUNRISE   610 AM PDT   SUNSET   730 PM PDT
APRIL 25 2014.........SUNRISE   609 AM PDT   SUNSET   731 PM PDT


-  INDICATES NEGATIVE NUMBERS.
R  INDICATES RECORD WAS SET OR TIED.
MM INDICATES DATA IS MISSING.
T  INDICATES TRACE AMOUNT.




$$
