000
CDUS46 KSGX 231435
CLIFUL


CLIMATE REPORT
NATIONAL WEATHER SERVICE SAN DIEGO, CA
735 AM PDT SUN APR 23 2017


...................................

...THE FULLERTON AIRPORT CA CLIMATE SUMMARY FOR APRIL 22 2017...

CLIMATE NORMAL PERIOD 1981 TO 2010
CLIMATE RECORD PERIOD 1998 TO 2017


WEATHER ITEM   OBSERVED TIME   RECORD YEAR NORMAL DEPARTURE LAST
                VALUE   (LST)  VALUE       VALUE  FROM      YEAR
                                                  NORMAL
..................................................................
TEMPERATURE (F)
 YESTERDAY
  MAXIMUM         91R  1241 PM  91    2017  74     17       77
  MINIMUM         59    521 AM  46    2010  53      6       58
  AVERAGE         75                        64     11       68

PRECIPITATION (IN)
  YESTERDAY        0.00          0.05 2006   0.03  -0.03     0.00
  MONTH TO DATE    0.03                      0.64  -0.61     0.10
  SINCE OCT 1     16.37                     12.98   3.39     5.20
  SINCE JAN 1     10.46                      9.08   1.38     4.15

DEGREE DAYS
 HEATING
  YESTERDAY        0                         3     -3        0
  MONTH TO DATE   15                        83    -68        8
  SINCE MAR 1     72                       253   -181       71
  SINCE JUL 1    769                      1175   -406      750

 COOLING
  YESTERDAY       10                         1      9        3
  MONTH TO DATE   50                        19     31       82
  SINCE MAR 1     88                        32     56      103
  SINCE JAN 1     91                        41     50      175
..................................................................


WIND (MPH)
  RESULTANT WIND SPEED   2   RESULTANT WIND DIRECTION  SE (150)
  HIGHEST WIND SPEED    12   HIGHEST WIND DIRECTION    SW (210)
  HIGHEST GUST SPEED    17   HIGHEST GUST DIRECTION    SW (210)
  AVERAGE WIND SPEED     3.2


SKY COVER
  POSSIBLE SUNSHINE  MM
  AVERAGE SKY COVER 0.1


WEATHER CONDITIONS
 THE FOLLOWING WEATHER WAS RECORDED YESTERDAY.
  NO SIGNIFICANT WEATHER WAS OBSERVED.


RELATIVE HUMIDITY (PERCENT)
 HIGHEST    84           200 AM
 LOWEST     24          1200 PM
 AVERAGE    54

..........................................................


THE FULLERTON AIRPORT CA CLIMATE NORMALS FOR TODAY
                         NORMAL    RECORD    YEAR
 MAXIMUM TEMPERATURE (F)   74        88      2004
 MINIMUM TEMPERATURE (F)   54        44      2010


SUNRISE AND SUNSET
APRIL 23 2017.........SUNRISE   611 AM PDT   SUNSET   730 PM PDT
APRIL 24 2017.........SUNRISE   610 AM PDT   SUNSET   730 PM PDT


-  INDICATES NEGATIVE NUMBERS.
R  INDICATES RECORD WAS SET OR TIED.
MM INDICATES DATA IS MISSING.
T  INDICATES TRACE AMOUNT.




$$
