000
CDUS46 KSGX 211138
CLIFUL


CLIMATE REPORT
NATIONAL WEATHER SERVICE SAN DIEGO, CA
438 AM PDT THU SEP 21 2017


...................................

...THE FULLERTON AIRPORT CA CLIMATE SUMMARY FOR SEPTEMBER 20 2017...

CLIMATE NORMAL PERIOD 1981 TO 2010
CLIMATE RECORD PERIOD 1998 TO 2017


WEATHER ITEM   OBSERVED TIME   RECORD YEAR NORMAL DEPARTURE LAST
                VALUE   (LST)  VALUE       VALUE  FROM      YEAR
                                                  NORMAL
..................................................................
TEMPERATURE (F)
 YESTERDAY
  MAXIMUM         77    254 PM 104    2015  83     -6       86
  MINIMUM         63    134 AM  55    1999  63      0       71
  AVERAGE         70                        73     -3       79

PRECIPITATION (IN)
  YESTERDAY        0.00          0.36 2005   0.01  -0.01     0.00
  MONTH TO DATE    0.16                      0.11   0.05      T
  SINCE OCT 1     17.09                     13.75   3.34     5.26
  SINCE JAN 1     11.18                      9.85   1.33     4.21

DEGREE DAYS
 HEATING
  YESTERDAY        0                         0      0        0
  MONTH TO DATE    0                         0      0        0
  SINCE SEP 1      0                         0      0        0
  SINCE JUL 1      0                         0      0        0

 COOLING
  YESTERDAY        5                         8     -3       14
  MONTH TO DATE  236                       186     50      176
  SINCE SEP 1    236                       186     50      176
  SINCE JAN 1   1466                      1049    417     1451
..................................................................


WIND (MPH)
  RESULTANT WIND SPEED   3   RESULTANT WIND DIRECTION   S (190)
  HIGHEST WIND SPEED    12   HIGHEST WIND DIRECTION     S (200)
  HIGHEST GUST SPEED    17   HIGHEST GUST DIRECTION     S (160)
  AVERAGE WIND SPEED     3.9


SKY COVER
  POSSIBLE SUNSHINE  MM
  AVERAGE SKY COVER 0.7


WEATHER CONDITIONS
 THE FOLLOWING WEATHER WAS RECORDED YESTERDAY.
  NO SIGNIFICANT WEATHER WAS OBSERVED.


RELATIVE HUMIDITY (PERCENT)
 HIGHEST    87           100 AM
 LOWEST     60          1100 AM
 AVERAGE    74

..........................................................


THE FULLERTON AIRPORT CA CLIMATE NORMALS FOR TODAY
                         NORMAL    RECORD    YEAR
 MAXIMUM TEMPERATURE (F)   83        94      2012
 MINIMUM TEMPERATURE (F)   63        55      2004


SUNRISE AND SUNSET
SEPTEMBER 21 2017.....SUNRISE   639 AM PDT   SUNSET   649 PM PDT
SEPTEMBER 22 2017.....SUNRISE   640 AM PDT   SUNSET   648 PM PDT


-  INDICATES NEGATIVE NUMBERS.
R  INDICATES RECORD WAS SET OR TIED.
MM INDICATES DATA IS MISSING.
T  INDICATES TRACE AMOUNT.




$$
