000
CDUS46 KSGX 250127
CLIFUL


CLIMATE REPORT
NATIONAL WEATHER SERVICE SAN DIEGO, CA
527 PM PST TUE JAN 24 2017


...................................

...THE FULLERTON AIRPORT CA CLIMATE SUMMARY FOR JANUARY 24 2017...
VALID TODAY AS OF 0500 PM LOCAL TIME.

CLIMATE NORMAL PERIOD 1981 TO 2010
CLIMATE RECORD PERIOD 1998 TO 2017


WEATHER ITEM   OBSERVED TIME   RECORD YEAR NORMAL DEPARTURE LAST
                VALUE   (LST)  VALUE       VALUE  FROM      YEAR
                                                  NORMAL
..................................................................
TEMPERATURE (F)
 TODAY
  MAXIMUM         58    112 PM  85    2015  68    -10       68
  MINIMUM         39    658 AM  37    2002  45     -6       46
  AVERAGE         49                        56     -7       57

PRECIPITATION (IN)
  TODAY            0.00          0.72 2013   0.09  -0.09     0.00
  MONTH TO DATE    7.13                      2.51   4.62     2.35
  SINCE OCT 1     13.04                      6.41   6.63     3.40
  SINCE JAN 1      7.13                      2.51   4.62     2.35

DEGREE DAYS
 HEATING
  TODAY           16                         9      7        8
  MONTH TO DATE  206                       216    -10      190
  SINCE DEC 1    412                       492    -80      467
  SINCE JUL 1    476                       656   -180      572

 COOLING
  TODAY            0                         0      0        0
  MONTH TO DATE    0                         0      0        0
  SINCE DEC 1      0                         1     -1        1
  SINCE JAN 1      0                         0      0        0
..................................................................


WIND (MPH)
  RESULTANT WIND SPEED   1   RESULTANT WIND DIRECTION  SE (130)
  HIGHEST WIND SPEED     9   HIGHEST WIND DIRECTION    SW (220)
  HIGHEST GUST SPEED    14   HIGHEST GUST DIRECTION    SW (220)
  AVERAGE WIND SPEED     2.0


SKY COVER
  POSSIBLE SUNSHINE  MM
  AVERAGE SKY COVER 0.3


WEATHER CONDITIONS
 THE FOLLOWING WEATHER WAS RECORDED TODAY.
  FOG


RELATIVE HUMIDITY (PERCENT)
 HIGHEST   100           400 AM
 LOWEST     51          1200 PM
 AVERAGE    76

..........................................................


THE FULLERTON AIRPORT CA CLIMATE NORMALS FOR TOMORROW
                         NORMAL    RECORD    YEAR
 MAXIMUM TEMPERATURE (F)   68        86      2003
 MINIMUM TEMPERATURE (F)   45        38      2002


SUNRISE AND SUNSET
JANUARY 24 2017.......SUNRISE   653 AM PST   SUNSET   515 PM PST
JANUARY 25 2017.......SUNRISE   653 AM PST   SUNSET   516 PM PST


-  INDICATES NEGATIVE NUMBERS.
R  INDICATES RECORD WAS SET OR TIED.
MM INDICATES DATA IS MISSING.
T  INDICATES TRACE AMOUNT.




$$
