000
CDUS41 KCAR 040529
CLIFVE


CLIMATE REPORT
NATIONAL WEATHER SERVICE CARIBOU, ME
1228 AM EST SUN DEC 4 2016


...................................

...THE FRENCHVILLE ME CLIMATE SUMMARY FOR DECEMBER 3 2016...

CLIMATE NORMAL PERIOD 1981 TO 2010
CLIMATE RECORD PERIOD 9999 TO 9999


WEATHER ITEM   OBSERVED TIME   RECORD YEAR NORMAL DEPARTURE LAST
                VALUE   (LST)  VALUE       VALUE  FROM      YEAR
                                                  NORMAL
..................................................................
TEMPERATURE (F)
 YESTERDAY
  MAXIMUM         30    231 PM              28      2
  MINIMUM         23   1129 PM              16      7
  AVERAGE         27                        22      5

PRECIPITATION (IN)
  YESTERDAY        T            MM      MM   0.10  -0.10     0.17
  MONTH TO DATE    0.58                      0.30   0.28     0.68
  SINCE DEC 1      0.58                      0.30   0.28     0.68
  SINCE JAN 1     30.92                     31.36  -0.44    26.04

SNOWFALL (IN)
  YESTERDAY       MM            MM      MM  MM     MM       MM
  MONTH TO DATE   MM                        MM     MM       MM
  SINCE DEC 1     MM                        MM     MM       MM
  SINCE JUL 1     MM                        MM     MM       MM
  SNOW DEPTH      MM

DEGREE DAYS
 HEATING
  YESTERDAY       38                               -5
  MONTH TO DATE   72                              -56
  SINCE JUL 1   1908                             -530

 COOLING
  YESTERDAY        0                                0
  MONTH TO DATE    0                                0
  SINCE JAN 1    221                               87
..................................................................


WIND (MPH)
  HIGHEST WIND SPEED    18   HIGHEST WIND DIRECTION     N (340)
  HIGHEST GUST SPEED    23   HIGHEST GUST DIRECTION     N (340)
  AVERAGE WIND SPEED    11.3




..........................................................


THE FRENCHVILLE ME CLIMATE NORMALS FOR TODAY
                         NORMAL
 MAXIMUM TEMPERATURE (F)   28
 MINIMUM TEMPERATURE (F)   16


SUNRISE AND SUNSET
DECEMBER  4 2016......SUNRISE   703 AM EST   SUNSET   344 PM EST
DECEMBER  5 2016......SUNRISE   704 AM EST   SUNSET   344 PM EST


-  INDICATES NEGATIVE NUMBERS.
R  INDICATES RECORD WAS SET OR TIED.
MM INDICATES DATA IS MISSING.
T  INDICATES TRACE AMOUNT.




$$
