000
CDUS41 KCAR 100529
CLIFVE


CLIMATE REPORT
NATIONAL WEATHER SERVICE CARIBOU, ME
1229 AM EST WED FEB 10 2016


...................................

...THE FRENCHVILLE ME CLIMATE SUMMARY FOR FEBRUARY 9 2016...

CLIMATE NORMAL PERIOD 1981 TO 2010
CLIMATE RECORD PERIOD 9999 TO 9999


WEATHER ITEM   OBSERVED TIME   RECORD YEAR NORMAL DEPARTURE LAST
                VALUE   (LST)  VALUE       VALUE  FROM      YEAR
                                                  NORMAL
..................................................................
TEMPERATURE (F)
 YESTERDAY
  MAXIMUM         18    353 PM              19     -1
  MINIMUM         11    810 AM               3      8
  AVERAGE         15                        11      4

PRECIPITATION (IN)
  YESTERDAY        0.04         MM      MM   0.02   0.02      T
  MONTH TO DATE    0.35                      0.18   0.17      T
  SINCE DEC 1      3.96                      4.48  -0.52     3.19
  SINCE JAN 1      0.97                      1.94  -0.97     0.71

SNOWFALL (IN)
  YESTERDAY       MM            MM      MM  MM     MM       MM
  MONTH TO DATE   MM                        MM     MM       MM
  SINCE DEC 1     MM                        MM     MM       MM
  SINCE JUL 1     MM                        MM     MM       MM
  SNOW DEPTH      MM

DEGREE DAYS
 HEATING
  YESTERDAY       50                               -4
  MONTH TO DATE  427                              -67
  SINCE JUL 1   5127                             -911

 COOLING
  YESTERDAY        0                                0
  MONTH TO DATE    0                                0
  SINCE JAN 1      0                                0
..................................................................


WIND (MPH)
  HIGHEST WIND SPEED    15   HIGHEST WIND DIRECTION     N (360)
  HIGHEST GUST SPEED    19   HIGHEST GUST DIRECTION     N (350)
  AVERAGE WIND SPEED     6.9




..........................................................


THE FRENCHVILLE ME CLIMATE NORMALS FOR TODAY
                         NORMAL
 MAXIMUM TEMPERATURE (F)   20
 MINIMUM TEMPERATURE (F)    3


SUNRISE AND SUNSET
FEBRUARY 10 2016......SUNRISE   647 AM EST   SUNSET   449 PM EST
FEBRUARY 11 2016......SUNRISE   645 AM EST   SUNSET   450 PM EST


-  INDICATES NEGATIVE NUMBERS.
R  INDICATES RECORD WAS SET OR TIED.
MM INDICATES DATA IS MISSING.
T  INDICATES TRACE AMOUNT.




$$
