000
CDUS41 KCAR 242032
CLIFVE


CLIMATE REPORT
NATIONAL WEATHER SERVICE CARIBOU, ME
431 PM EDT SUN SEP 24 2017


...................................

...THE FRENCHVILLE ME CLIMATE SUMMARY FOR SEPTEMBER 24 2017...
VALID TODAY AS OF 0400 PM LOCAL TIME.

CLIMATE NORMAL PERIOD 1981 TO 2010
CLIMATE RECORD PERIOD 9999 TO 9999


WEATHER ITEM   OBSERVED TIME   RECORD YEAR NORMAL DEPARTURE LAST
                VALUE   (LST)  VALUE       VALUE  FROM      YEAR
                                                  NORMAL
..................................................................
TEMPERATURE (F)
 TODAY
  MAXIMUM         80    106 PM              59     21
  MINIMUM         58    154 AM              41     17
  AVERAGE         69                        50     19

PRECIPITATION (IN)
  TODAY            0.01         MM      MM   0.12  -0.11      T
  MONTH TO DATE    2.10                      2.90  -0.80     2.49
  SINCE SEP 1      2.10                      2.90  -0.80     2.49
  SINCE JAN 1     23.49                     24.96  -1.47    25.23

SNOWFALL (IN)
  TODAY           MM            MM      MM  MM     MM       MM
  MONTH TO DATE   MM                        MM     MM       MM
  SINCE SEP 1     MM                        MM     MM       MM
  SINCE JUL 1     MM                        MM     MM       MM
  SNOW DEPTH      MM

DEGREE DAYS
 HEATING
  TODAY            0                              -15
  MONTH TO DATE  146                             -109
  SINCE JUL 1    352                              -95

 COOLING
  TODAY            4                                4
  MONTH TO DATE    6                               -4
  SINCE JAN 1     95                              -39
..................................................................


WIND (MPH)
  HIGHEST WIND SPEED    12   HIGHEST WIND DIRECTION     W (290)
  HIGHEST GUST SPEED    15   HIGHEST GUST DIRECTION    NW (300)
  AVERAGE WIND SPEED     6.1




..........................................................


THE FRENCHVILLE ME CLIMATE NORMALS FOR TOMORROW
                         NORMAL
 MAXIMUM TEMPERATURE (F)   59
 MINIMUM TEMPERATURE (F)   41


SUNRISE AND SUNSET
SEPTEMBER 24 2017.....SUNRISE   623 AM EDT   SUNSET   626 PM EDT
SEPTEMBER 25 2017.....SUNRISE   624 AM EDT   SUNSET   624 PM EDT


-  INDICATES NEGATIVE NUMBERS.
R  INDICATES RECORD WAS SET OR TIED.
MM INDICATES DATA IS MISSING.
T  INDICATES TRACE AMOUNT.




$$
