000
CDUS41 KCAR 252029
CLIFVE


CLIMATE REPORT
NATIONAL WEATHER SERVICE CARIBOU, ME
428 PM EDT TUE JUL 25 2017


...................................

...THE FRENCHVILLE ME CLIMATE SUMMARY FOR JULY 25 2017...
VALID TODAY AS OF 0400 PM LOCAL TIME.

CLIMATE NORMAL PERIOD 1981 TO 2010
CLIMATE RECORD PERIOD 9999 TO 9999


WEATHER ITEM   OBSERVED TIME   RECORD YEAR NORMAL DEPARTURE LAST
                VALUE   (LST)  VALUE       VALUE  FROM      YEAR
                                                  NORMAL
..................................................................
TEMPERATURE (F)
 TODAY
  MAXIMUM         75    259 PM              74      1
  MINIMUM         49    333 AM              55     -6
  AVERAGE         62                        65     -3

PRECIPITATION (IN)
  TODAY            0.00         MM      MM   0.12  -0.12     0.31
  MONTH TO DATE    1.89                      3.64  -1.75     5.06
  SINCE JUN 1      7.73                      7.49   0.24     9.81
  SINCE JAN 1     19.42                     17.39   2.03    19.90

SNOWFALL (IN)
  TODAY           MM            MM      MM  MM     MM       MM
  MONTH TO DATE   MM                        MM     MM       MM
  SINCE JUN 1     MM                        MM     MM       MM
  SINCE JUL 1     MM                        MM     MM       MM
  SNOW DEPTH      MM

DEGREE DAYS
 HEATING
  TODAY            3                                1
  MONTH TO DATE   59                                2
  SINCE JUL 1     59                                2

 COOLING
  TODAY            0                               -2
  MONTH TO DATE   36                              -13
  SINCE JAN 1     64                              -13
..................................................................


WIND (MPH)
  HIGHEST WIND SPEED    12   HIGHEST WIND DIRECTION    NW (330)
  HIGHEST GUST SPEED    16   HIGHEST GUST DIRECTION    NW (330)
  AVERAGE WIND SPEED     4.5




..........................................................


THE FRENCHVILLE ME CLIMATE NORMALS FOR TOMORROW
                         NORMAL
 MAXIMUM TEMPERATURE (F)   74
 MINIMUM TEMPERATURE (F)   55


SUNRISE AND SUNSET
JULY 25 2017..........SUNRISE   504 AM EDT   SUNSET   815 PM EDT
JULY 26 2017..........SUNRISE   505 AM EDT   SUNSET   814 PM EDT


-  INDICATES NEGATIVE NUMBERS.
R  INDICATES RECORD WAS SET OR TIED.
MM INDICATES DATA IS MISSING.
T  INDICATES TRACE AMOUNT.




$$
