000
CDUS41 KCAR 290527
CLIFVE


CLIMATE REPORT
NATIONAL WEATHER SERVICE CARIBOU, ME
1227 AM EST SAT NOV 29 2014


...................................

...THE FRENCHVILLE ME CLIMATE SUMMARY FOR NOVEMBER 28 2014...

CLIMATE NORMAL PERIOD 1981 TO 2010
CLIMATE RECORD PERIOD 9999 TO 9999


WEATHER ITEM   OBSERVED TIME   RECORD YEAR NORMAL DEPARTURE LAST
                VALUE   (LST)  VALUE       VALUE  FROM      YEAR
                                                  NORMAL
..................................................................
TEMPERATURE (F)
 YESTERDAY
  MAXIMUM         17    241 PM              30    -13
  MINIMUM          6    732 AM              18    -12
  AVERAGE         12                        24    -12

PRECIPITATION (IN)
  YESTERDAY        T            MM      MM   0.11  -0.11     0.05
  MONTH TO DATE    1.39                      2.75  -1.36     2.67
  SINCE SEP 1      9.29                      8.81   0.48     8.59
  SINCE JAN 1     32.08                     30.87   1.21    33.10

SNOWFALL (IN)
  YESTERDAY       MM            MM      MM  MM     MM       MM
  MONTH TO DATE   MM                        MM     MM       MM
  SINCE SEP 1     MM                        MM     MM       MM
  SINCE JUL 1     MM                        MM     MM       MM
  SNOW DEPTH      MM

DEGREE DAYS
 HEATING
  YESTERDAY       53                               12
  MONTH TO DATE 1035                               68
  SINCE JUL 1   2156                              -71

 COOLING
  YESTERDAY        0                                0
  MONTH TO DATE    0                                0
  SINCE JAN 1    139                                5
..................................................................


WIND (MPH)
  HIGHEST WIND SPEED    12   HIGHEST WIND DIRECTION     N (350)
  HIGHEST GUST SPEED    13   HIGHEST GUST DIRECTION     N (350)
  AVERAGE WIND SPEED     4.8




..........................................................


THE FRENCHVILLE ME CLIMATE NORMALS FOR TODAY
                         NORMAL
 MAXIMUM TEMPERATURE (F)   30
 MINIMUM TEMPERATURE (F)   18


SUNRISE AND SUNSET
NOVEMBER 29 2014......SUNRISE   657 AM EST   SUNSET   346 PM EST
NOVEMBER 30 2014......SUNRISE   658 AM EST   SUNSET   346 PM EST


-  INDICATES NEGATIVE NUMBERS.
R  INDICATES RECORD WAS SET OR TIED.
MM INDICATES DATA IS MISSING.
T  INDICATES TRACE AMOUNT.




$$
