000
CDUS43 KIWX 120524
CLIFWA


CLIMATE REPORT
NATIONAL WEATHER SERVICE NORTHERN INDIANA
124 AM EDT SAT JUL 12 2014


...................................

...THE FORT WAYNE CLIMATE SUMMARY FOR JULY 11 2014...

CLIMATE NORMAL PERIOD 1981 TO 2010
CLIMATE RECORD PERIOD 1897 TO 2014


WEATHER ITEM   OBSERVED TIME   RECORD YEAR NORMAL DEPARTURE LAST
                VALUE   (LST)  VALUE       VALUE  FROM      YEAR
                                                  NORMAL
..................................................................
TEMPERATURE (F)
 YESTERDAY
  MAXIMUM         82    456 PM  98    1936  85     -3       80
  MINIMUM         54    550 AM  44    1898  63     -9       60
  AVERAGE         68                        74     -6       70

PRECIPITATION (IN)
  YESTERDAY        0.00          1.44 1990   0.14  -0.14     0.00
  MONTH TO DATE    0.76                      1.50  -0.74     2.47
  SINCE JUN 1      6.57                      5.66   0.91     8.38
  SINCE JAN 1     23.11                     20.46   2.65    26.05

SNOWFALL (IN)
  YESTERDAY        0.0           0.0  2002   0.0    0.0      0.0
                                      2001
  MONTH TO DATE    T                         0.0    0.0      0.0
  SINCE JUN 1      T                         0.0    0.0      0.0
  SINCE JUL 1      T                         0.0    0.0      0.0
  SNOW DEPTH       0

DEGREE DAYS
 HEATING
  YESTERDAY        0                         0      0        0
  MONTH TO DATE    0                         0      0        0
  SINCE JUN 1     14                        29    -15       19
  SINCE JUL 1      0                         0      0        0

 COOLING
  YESTERDAY        3                         9     -6        5
  MONTH TO DATE   63                        99    -36       85
  SINCE JUN 1    293                       281     12      273
  SINCE JAN 1    374                       338     36      378
..................................................................


WIND (MPH)
  HIGHEST WIND SPEED    13   HIGHEST WIND DIRECTION    SW (210)
  HIGHEST GUST SPEED    15   HIGHEST GUST DIRECTION    SW (240)
  AVERAGE WIND SPEED     2.9


SKY COVER
  AVERAGE SKY COVER 0.5


WEATHER CONDITIONS
 THE FOLLOWING WEATHER WAS RECORDED YESTERDAY.
  NO SIGNIFICANT WEATHER WAS OBSERVED.


RELATIVE HUMIDITY (PERCENT)
 HIGHEST    93           400 AM
 LOWEST     37           500 PM
 AVERAGE    65

..........................................................


THE FORT WAYNE CLIMATE NORMALS FOR TODAY
                         NORMAL    RECORD    YEAR
 MAXIMUM TEMPERATURE (F)   85       103      1936
 MINIMUM TEMPERATURE (F)   63        45      1898


SUNRISE AND SUNSET
JULY 12 2014..........SUNRISE   619 AM EDT   SUNSET   913 PM EDT
JULY 13 2014..........SUNRISE   620 AM EDT   SUNSET   913 PM EDT


-  INDICATES NEGATIVE NUMBERS.
R  INDICATES RECORD WAS SET OR TIED.
MM INDICATES DATA IS MISSING.
T  INDICATES TRACE AMOUNT.




$$
