000
CDUS43 KIWX 300523
CLIFWA


CLIMATE REPORT
NATIONAL WEATHER SERVICE NORTHERN INDIANA
122 AM EDT SUN AUG 30 2015


...................................

...THE FORT WAYNE CLIMATE SUMMARY FOR AUGUST 29 2015...

CLIMATE NORMAL PERIOD 1981 TO 2010
CLIMATE RECORD PERIOD 1897 TO 2015


WEATHER ITEM   OBSERVED TIME   RECORD YEAR NORMAL DEPARTURE LAST
                VALUE   (LST)  VALUE       VALUE  FROM      YEAR
                                                  NORMAL
..................................................................
TEMPERATURE (F)
 YESTERDAY
  MAXIMUM         79    207 PM  95    1983  81     -2       82
                                      1953
                                      1948
  MINIMUM         61    305 AM  38    1965  59      2       61
  AVERAGE         70                        70      0       72

PRECIPITATION (IN)
  YESTERDAY        0.02          1.16 1977   0.12  -0.10     0.00
  MONTH TO DATE    3.57                      3.42   0.15     6.00
  SINCE JUN 1     21.52                     11.82   9.70    13.81
  SINCE JAN 1     35.65                     26.62   9.03    30.51

SNOWFALL (IN)
  YESTERDAY        0.0           0.0  2002   0.0    0.0      0.0
                                      2001
  MONTH TO DATE    0.0                       0.0    0.0      0.0
  SINCE JUN 1      0.0                       0.0    0.0       T
  SINCE JUL 1      0.0                       0.0    0.0       T
  SNOW DEPTH       0

DEGREE DAYS
 HEATING
  YESTERDAY        0                         1     -1        0
  MONTH TO DATE    9                         2      7       10
  SINCE JUN 1     37                        34      3       38
  SINCE JUL 1      9                         5      4       24

 COOLING
  YESTERDAY        5                         6     -1        7
  MONTH TO DATE  163                       200    -37      192
  SINCE JUN 1    556                       649    -93      572
  SINCE JAN 1    652                       706    -54      653
..................................................................


WIND (MPH)
  HIGHEST WIND SPEED     8   HIGHEST WIND DIRECTION     W (260)
  HIGHEST GUST SPEED     9   HIGHEST GUST DIRECTION     S (170)
  AVERAGE WIND SPEED     2.1


SKY COVER
  AVERAGE SKY COVER 0.9


WEATHER CONDITIONS
 THE FOLLOWING WEATHER WAS RECORDED YESTERDAY.
  LIGHT RAIN
  FOG


RELATIVE HUMIDITY (PERCENT)
 HIGHEST    93           800 PM
 LOWEST     64          1100 AM
 AVERAGE    79

..........................................................


THE FORT WAYNE CLIMATE NORMALS FOR TODAY
                         NORMAL    RECORD    YEAR
 MAXIMUM TEMPERATURE (F)   81        94      1993
                                             1953
                                             1932
 MINIMUM TEMPERATURE (F)   59        41      1946


SUNRISE AND SUNSET
AUGUST 30 2015........SUNRISE   705 AM EDT   SUNSET   817 PM EDT
AUGUST 31 2015........SUNRISE   706 AM EDT   SUNSET   815 PM EDT


-  INDICATES NEGATIVE NUMBERS.
R  INDICATES RECORD WAS SET OR TIED.
MM INDICATES DATA IS MISSING.
T  INDICATES TRACE AMOUNT.




$$
