000
CDUS43 KIWX 300040
CLIFWA


CLIMATE REPORT
NATIONAL WEATHER SERVICE NORTHERN INDIANA
840 PM EDT MON JUN 29 2015


...................................

...THE FORT WAYNE CLIMATE SUMMARY FOR JUNE 29 2015...
VALID AS OF 0800 PM LOCAL TIME.

CLIMATE NORMAL PERIOD 1981 TO 2010
CLIMATE RECORD PERIOD 1897 TO 2015


WEATHER ITEM   OBSERVED TIME   RECORD YEAR NORMAL DEPARTURE LAST
                VALUE   (LST)  VALUE       VALUE  FROM      YEAR
                                                  NORMAL
..................................................................
TEMPERATURE (F)
 TODAY
  MAXIMUM         68   1216 AM  99    1952  84    -16       86
  MINIMUM         62    731 AM  46    1923  62      0       71
  AVERAGE         65                        73     -8       79

PRECIPITATION (IN)
  TODAY            0.19          1.72 1902   0.11   0.08     0.00
  MONTH TO DATE   11.91                      4.04   7.87     5.81
  SINCE JUN 1     11.91                      4.04   7.87     5.81
  SINCE JAN 1     26.04                     18.84   7.20    22.51

SNOWFALL (IN)
  TODAY            0.0           0.0  2002   0.0    0.0      0.0
                                      2000
  MONTH TO DATE    0.0                       0.0    0.0      0.0
  SINCE JUN 1      0.0                       0.0    0.0      0.0
  SINCE JUL 1     45.1                      33.5   11.6     76.1
  SNOW DEPTH       0

DEGREE DAYS
 HEATING
  TODAY            0                         0      0        0
  MONTH TO DATE   27                        29     -2       14
  SINCE JUN 1     27                        29     -2       14
  SINCE JUL 1   6678                      6101    577     6965

 COOLING
  TODAY            0                         9     -9       14
  MONTH TO DATE  173                       174     -1      219
  SINCE JUN 1    173                       174     -1      219
  SINCE JAN 1    269                       231     38      300
..................................................................


WIND (MPH)
  RESULTANT WIND SPEED   7   RESULTANT WIND DIRECTION  SE (120)
  HIGHEST WIND SPEED    20   HIGHEST WIND DIRECTION    SE (130)
  HIGHEST GUST SPEED    24   HIGHEST GUST DIRECTION    SE (140)
  AVERAGE WIND SPEED     7.8


SKY COVER
  POSSIBLE SUNSHINE  MM
  AVERAGE SKY COVER 1.0


WEATHER CONDITIONS
 THE FOLLOWING WEATHER WAS RECORDED TODAY.
  RAIN
  LIGHT RAIN
  FOG


RELATIVE HUMIDITY (PERCENT)
 HIGHEST    93           700 AM
 LOWEST     78           100 AM
 AVERAGE    86

..........................................................


THE FORT WAYNE CLIMATE NORMALS FOR TOMORROW
                         NORMAL    RECORD    YEAR
 MAXIMUM TEMPERATURE (F)   84        99      1953
 MINIMUM TEMPERATURE (F)   63        42      1943


SUNRISE AND SUNSET
JUNE 29 2015..........SUNRISE   611 AM EDT   SUNSET   917 PM EDT
JUNE 30 2015..........SUNRISE   612 AM EDT   SUNSET   917 PM EDT


-  INDICATES NEGATIVE NUMBERS.
R  INDICATES RECORD WAS SET OR TIED.
MM INDICATES DATA IS MISSING.
T  INDICATES TRACE AMOUNT.




$$
