000
CDUS43 KIWX 190021
CLIFWA


CLIMATE REPORT
NATIONAL WEATHER SERVICE NORTHERN INDIANA
820 PM EDT THU SEP 18 2014


...................................

...THE FORT WAYNE CLIMATE SUMMARY FOR SEPTEMBER 18 2014...
VALID AS OF 0800 PM LOCAL TIME.

CLIMATE NORMAL PERIOD 1981 TO 2010
CLIMATE RECORD PERIOD 1897 TO 2014


WEATHER ITEM   OBSERVED TIME   RECORD YEAR NORMAL DEPARTURE LAST
                VALUE   (LST)  VALUE       VALUE  FROM      YEAR
                                                  NORMAL
..................................................................
TEMPERATURE (F)
 TODAY
  MAXIMUM         71    422 PM  93    1955  75     -4       82
  MINIMUM         44    641 AM  33    1900  52     -8       53
  AVERAGE         58                        64     -6       68

PRECIPITATION (IN)
  TODAY            0.00          1.25 1899   0.09  -0.09      T
  MONTH TO DATE    4.30                      1.69   2.61     0.47
  SINCE SEP 1      4.30                      1.69   2.61     0.47
  SINCE JAN 1     34.69                     28.53   6.16    32.81

SNOWFALL (IN)
  TODAY            0.0           0.0  2002   0.0    0.0      0.0
                                      2001
  MONTH TO DATE    0.0                       0.0    0.0      0.0
  SINCE SEP 1      0.0                       0.0    0.0      0.0
  SINCE JUL 1      T                         0.0    0.0      0.0
  SNOW DEPTH       0

DEGREE DAYS
 HEATING
  TODAY            7                         4      3        0
  MONTH TO DATE   73                        35     38       44
  SINCE SEP 1     73                        35     38       44
  SINCE JUL 1     97                        47     50       64

 COOLING
  TODAY            0                         2     -2        3
  MONTH TO DATE   53                        65    -12       84
  SINCE SEP 1     53                        65    -12       84
  SINCE JAN 1    727                       782    -55      813
..................................................................


WIND (MPH)
  RESULTANT WIND SPEED   4   RESULTANT WIND DIRECTION  NE (40)
  HIGHEST WIND SPEED    13   HIGHEST WIND DIRECTION    NE (60)
  HIGHEST GUST SPEED    18   HIGHEST GUST DIRECTION    NE (50)
  AVERAGE WIND SPEED     5.2


SKY COVER
  POSSIBLE SUNSHINE  MM
  AVERAGE SKY COVER 0.1


WEATHER CONDITIONS
 THE FOLLOWING WEATHER WAS RECORDED TODAY.
  FOG


RELATIVE HUMIDITY (PERCENT)
 HIGHEST    93           100 AM
 LOWEST     44           400 PM
 AVERAGE    69

..........................................................


THE FORT WAYNE CLIMATE NORMALS FOR TOMORROW
                         NORMAL    RECORD    YEAR
 MAXIMUM TEMPERATURE (F)   75        94      1955
 MINIMUM TEMPERATURE (F)   51        36      1916


SUNRISE AND SUNSET
SEPTEMBER 18 2014.....SUNRISE   724 AM EDT   SUNSET   745 PM EDT
SEPTEMBER 19 2014.....SUNRISE   725 AM EDT   SUNSET   743 PM EDT


-  INDICATES NEGATIVE NUMBERS.
R  INDICATES RECORD WAS SET OR TIED.
MM INDICATES DATA IS MISSING.
T  INDICATES TRACE AMOUNT.




$$
