000
CDUS43 KIWX 280536
CLIFWA


CLIMATE REPORT
NATIONAL WEATHER SERVICE NORTHERN INDIANA
1232 AM EST TUE FEB 28 2017


...................................

...THE FORT WAYNE CLIMATE SUMMARY FOR FEBRUARY 27 2017...

CLIMATE NORMAL PERIOD 1981 TO 2010
CLIMATE RECORD PERIOD 1897 TO 2017


WEATHER ITEM   OBSERVED TIME   RECORD YEAR NORMAL DEPARTURE LAST
                VALUE   (LST)  VALUE       VALUE  FROM      YEAR
                                                  NORMAL
..................................................................
TEMPERATURE (F)
 YESTERDAY
  MAXIMUM         51    407 PM  70    1996  41     10       50
  MINIMUM         28    717 AM -18    1963  23      5       26
  AVERAGE         40                        32      8       38

PRECIPITATION (IN)
  YESTERDAY        T             1.15 1948   0.08  -0.08     0.00
  MONTH TO DATE    1.57                      1.96  -0.39     1.25
  SINCE DEC 1      8.59                      6.99   1.60     7.02
  SINCE JAN 1      6.28                      4.22   2.06     2.87

SNOWFALL (IN)
  YESTERDAY        0.0           4.5  1984   0.2   -0.2      0.0
  MONTH TO DATE    2.5                       7.5   -5.0      4.9
  SINCE DEC 1     14.7                      26.1  -11.4     12.0
  SINCE JUL 1     15.1                      28.2  -13.1     16.2
  SNOW DEPTH       0

DEGREE DAYS
 HEATING
  YESTERDAY       25                        33     -8       27
  MONTH TO DATE  686                       993   -307      917
  SINCE DEC 1   2836                      3347   -511     2824
  SINCE JUL 1   3681                      4564   -883     3793

 COOLING
  YESTERDAY        0                         0      0        0
  MONTH TO DATE    0                         0      0        0
  SINCE DEC 1      0                         0      0        0
  SINCE JAN 1      0                         0      0        0
..................................................................


WIND (MPH)
  HIGHEST WIND SPEED    14   HIGHEST WIND DIRECTION     S (160)
  HIGHEST GUST SPEED    16   HIGHEST GUST DIRECTION     S (160)
  AVERAGE WIND SPEED     7.1


SKY COVER
  AVERAGE SKY COVER 0.7


WEATHER CONDITIONS
 THE FOLLOWING WEATHER WAS RECORDED YESTERDAY.
  LIGHT RAIN
  FOG


RELATIVE HUMIDITY (PERCENT)
 HIGHEST    85           900 PM
 LOWEST     50           300 PM
 AVERAGE    68

..........................................................


THE FORT WAYNE CLIMATE NORMALS FOR TODAY
                         NORMAL    RECORD    YEAR
 MAXIMUM TEMPERATURE (F)   41        66      2016
 MINIMUM TEMPERATURE (F)   24        -4      1901


SUNRISE AND SUNSET
FEBRUARY 28 2017......SUNRISE   716 AM EST   SUNSET   631 PM EST
MARCH  1 2017.........SUNRISE   715 AM EST   SUNSET   632 PM EST


-  INDICATES NEGATIVE NUMBERS.
R  INDICATES RECORD WAS SET OR TIED.
MM INDICATES DATA IS MISSING.
T  INDICATES TRACE AMOUNT.




$$
