000
CDUS43 KIWX 210020
CLIFWA


CLIMATE REPORT
NATIONAL WEATHER SERVICE NORTHERN INDIANA
720 PM EST SAT JAN 20 2018


...................................

...THE FORT WAYNE CLIMATE SUMMARY FOR JANUARY 20 2018...
VALID AS OF 0700 PM LOCAL TIME.

CLIMATE NORMAL PERIOD 1981 TO 2010
CLIMATE RECORD PERIOD 1897 TO 2018


WEATHER ITEM   OBSERVED TIME   RECORD YEAR NORMAL DEPARTURE LAST
                VALUE   (LST)  VALUE       VALUE  FROM      YEAR
                                                  NORMAL
..................................................................
TEMPERATURE (F)
 TODAY
  MAXIMUM         41    446 PM  68    1906  32      9       51
  MINIMUM         31    843 AM -22    1985  17     14       39
  AVERAGE         36                        25     11       45

PRECIPITATION (IN)
  TODAY            0.00          1.10 1913   0.07  -0.07     0.85
  MONTH TO DATE    0.87                      1.52  -0.65     4.13
  SINCE DEC 1      1.88                      4.29  -2.41     6.44
  SINCE JAN 1      0.87                      1.52  -0.65     4.13

SNOWFALL (IN)
  TODAY            0.0           3.8  2012   0.3   -0.3      0.0
  MONTH TO DATE    6.6                       6.4    0.2      0.7
  SINCE DEC 1     18.0                      14.9    3.1     11.6
  SINCE JUL 1     18.0                      17.0    1.0     12.0
  SNOW DEPTH       1

DEGREE DAYS
 HEATING
  TODAY           29                        40    -11       20
  MONTH TO DATE  916                       799    117      685
  SINCE DEC 1   2085                      1910    175     1851
  SINCE JUL 1   3138                      3127     11     2696

 COOLING
  TODAY            0                         0      0        0
  MONTH TO DATE    0                         0      0        0
  SINCE DEC 1      0                         0      0        0
  SINCE JAN 1      0                         0      0        0
..................................................................


WIND (MPH)
  RESULTANT WIND SPEED  15   RESULTANT WIND DIRECTION  SW (220)
  HIGHEST WIND SPEED    21   HIGHEST WIND DIRECTION    SW (230)
  HIGHEST GUST SPEED    26   HIGHEST GUST DIRECTION    SW (220)
  AVERAGE WIND SPEED    14.8


SKY COVER
  POSSIBLE SUNSHINE  MM
  AVERAGE SKY COVER 0.6


WEATHER CONDITIONS
 THE FOLLOWING WEATHER WAS RECORDED TODAY.
  NO SIGNIFICANT WEATHER WAS OBSERVED.


RELATIVE HUMIDITY (PERCENT)
 HIGHEST    79           500 PM
 LOWEST     69          1200 AM
 AVERAGE    74

..........................................................


THE FORT WAYNE CLIMATE NORMALS FOR TOMORROW
                         NORMAL    RECORD    YEAR
 MAXIMUM TEMPERATURE (F)   32        66      1906
 MINIMUM TEMPERATURE (F)   17       -21      1984


SUNRISE AND SUNSET
JANUARY 20 2018.......SUNRISE   801 AM EST   SUNSET   543 PM EST
JANUARY 21 2018.......SUNRISE   800 AM EST   SUNSET   544 PM EST


-  INDICATES NEGATIVE NUMBERS.
R  INDICATES RECORD WAS SET OR TIED.
MM INDICATES DATA IS MISSING.
T  INDICATES TRACE AMOUNT.




$$
