000
CDUS44 KTSA 022157
CLIFYV

CLIMATE REPORT
NATIONAL WEATHER SERVICE TULSA OK
418 PM CDT TUE JUN 2 2015


...................................

...THE FAYETTEVILLE ARKANSAS CLIMATE SUMMARY FOR JUNE 2 2015...
VALID TODAY AS OF 0400 PM LOCAL TIME.

CLIMATE NORMAL PERIOD 1981 TO 2010
CLIMATE RECORD PERIOD 1905 TO 2015


WEATHER ITEM   OBSERVED TIME   RECORD YEAR NORMAL DEPARTURE LAST
                VALUE   (LST)  VALUE       VALUE  FROM      YEAR
                                                  NORMAL
..................................................................
TEMPERATURE (F)
 TODAY
  MAXIMUM         79    149 PM  93    1989  80     -1       81
  MINIMUM         56    404 AM  41    1956  59     -3       65
  AVERAGE         68                        69     -1       73

PRECIPITATION (IN)
  TODAY            0.00                      0.18  -0.18     0.62
  MONTH TO DATE    0.00                      0.36  -0.36     0.62
  SINCE JUN 1      0.00                      0.36  -0.36     0.62
  SINCE JAN 1     23.46                     20.57   2.89    15.14

DEGREE DAYS
 COOLING
  TODAY            3                         5     -2        8
  MONTH TO DATE    6                        10     -4       15
  SINCE JUN 1      6                        10     -4       15
  SINCE JAN 1    103                       123    -20      163
..................................................................


WIND (MPH)
  HIGHEST WIND SPEED    14   HIGHEST WIND DIRECTION     S (190)
  HIGHEST GUST SPEED    19   HIGHEST GUST DIRECTION     S (200)
  AVERAGE WIND SPEED     3.6


SKY COVER
  POSSIBLE SUNSHINE  MM
  AVERAGE SKY COVER 0.6


WEATHER CONDITIONS
 THE FOLLOWING WEATHER WAS RECORDED TODAY.
  FOG


RELATIVE HUMIDITY (PERCENT)
 HIGHEST   100           100 AM
 LOWEST     62           100 PM
 AVERAGE    81

..........................................................


THE FAYETTEVILLE ARKANSAS CLIMATE NORMALS FOR TOMORROW
                         NORMAL    RECORD    YEAR
 MAXIMUM TEMPERATURE (F)   80        92      2011
                                             1977
 MINIMUM TEMPERATURE (F)   59        43      1969


SUNRISE AND SUNSET
JUNE  2 2015..........SUNRISE   601 AM CDT   SUNSET   829 PM CDT
JUNE  3 2015..........SUNRISE   601 AM CDT   SUNSET   829 PM CDT


-  INDICATES NEGATIVE NUMBERS.
R  INDICATES RECORD WAS SET OR TIED.
MM INDICATES DATA IS MISSING.
T  INDICATES TRACE AMOUNT.




$$
