000
CDUS44 KTSA 060800 RRA
CLIFYV

CLIMATE REPORT
NATIONAL WEATHER SERVICE TULSA OK
300 AM CDT FRI MAY 6 2016

...................................

...THE FAYETTEVILLE ARKANSAS CLIMATE SUMMARY FOR MAY 5 2016...

CLIMATE NORMAL PERIOD 1981 TO 2010
CLIMATE RECORD PERIOD 1905 TO 2016


WEATHER ITEM   OBSERVED TIME   RECORD YEAR NORMAL DEPARTURE LAST
                VALUE   (LST)  VALUE       VALUE  FROM      YEAR
                                                  NORMAL
..................................................................
TEMPERATURE (F)
 YESTERDAY
  MAXIMUM         73    346 PM  89    1952  74     -1       79
  MINIMUM         38    535 AM  31    2013  51    -13       50
  AVERAGE         56                        62     -6       65

PRECIPITATION (IN)
  YESTERDAY        0.00                      0.20  -0.20     0.01
  MONTH TO DATE    0.02                      0.99  -0.97     0.01
  SINCE MAR 1      7.60                      9.51  -1.91     7.40
  SINCE JAN 1      8.75                     15.16  -6.41    10.46

DEGREE DAYS
 COOLING
  YESTERDAY        0                         1     -1        0
  MONTH TO DATE    0                         5     -5        2
  SINCE MAR 1     13                        33    -20       25
  SINCE JAN 1     13                        33    -20       25
..................................................................


WIND (MPH)
  HIGHEST WIND SPEED    20   HIGHEST WIND DIRECTION    NW (310)
  HIGHEST GUST SPEED    24   HIGHEST GUST DIRECTION    NW (330)
  AVERAGE WIND SPEED     5.0


SKY COVER
  POSSIBLE SUNSHINE  MM
  AVERAGE SKY COVER 0.0


WEATHER CONDITIONS
 THE FOLLOWING WEATHER WAS RECORDED YESTERDAY.
  NO SIGNIFICANT WEATHER WAS OBSERVED.


RELATIVE HUMIDITY (PERCENT)
 HIGHEST   100          1200 AM
 LOWEST     35           500 PM
 AVERAGE    68

..........................................................


THE FAYETTEVILLE ARKANSAS CLIMATE NORMALS FOR TODAY
                         NORMAL    RECORD    YEAR
 MAXIMUM TEMPERATURE (F)   74        87      2003
                                             1952
 MINIMUM TEMPERATURE (F)   51        34      1992


SUNRISE AND SUNSET
MAY  6 2016...........SUNRISE   618 AM CDT   SUNSET   809 PM CDT
MAY  7 2016...........SUNRISE   617 AM CDT   SUNSET   809 PM CDT


-  INDICATES NEGATIVE NUMBERS.
R  INDICATES RECORD WAS SET OR TIED.
MM INDICATES DATA IS MISSING.
T  INDICATES TRACE AMOUNT.




$$
