000
CDUS44 KTSA 220801
CLIFYV

CLIMATE REPORT
NATIONAL WEATHER SERVICE TULSA OK
147 AM CDT FRI SEP 22 2017


...................................

...THE FAYETTEVILLE ARKANSAS CLIMATE SUMMARY FOR SEPTEMBER 21 2017...

CLIMATE NORMAL PERIOD 1981 TO 2010
CLIMATE RECORD PERIOD 1905 TO 2017


WEATHER ITEM   OBSERVED TIME   RECORD YEAR NORMAL DEPARTURE LAST
                VALUE   (LST)  VALUE       VALUE  FROM      YEAR
                                                  NORMAL
..................................................................
TEMPERATURE (F)
 YESTERDAY
  MAXIMUM         88    211 PM  94    1955  78     10       86
  MINIMUM         67    559 AM  36    1983  54     13       61
  AVERAGE         78                        66     12       74

PRECIPITATION (IN)
  YESTERDAY        0.00                      0.19  -0.19     0.00
  MONTH TO DATE    1.50                      3.26  -1.76     2.48
  SINCE SEP 1      1.50                      3.26  -1.76     2.48
  SINCE JAN 1     44.34                     35.15   9.19    27.66

DEGREE DAYS
 HEATING
  YESTERDAY        0                         2     -2        0
  MONTH TO DATE   16                        16      0        2
  SINCE SEP 1     16                        16      0        2
  SINCE JUL 1     16                        17     -1        2

 COOLING
  YESTERDAY       13                         4      9        9
  MONTH TO DATE   99                       132    -33      174
  SINCE SEP 1     99                       132    -33      174
  SINCE JAN 1   1111                      1257   -146     1393
..................................................................


WIND (MPH)
  HIGHEST WIND SPEED    17   HIGHEST WIND DIRECTION     S (170)
  HIGHEST GUST SPEED    23   HIGHEST GUST DIRECTION     S (180)
  AVERAGE WIND SPEED     6.9


SKY COVER
  POSSIBLE SUNSHINE  MM
  AVERAGE SKY COVER 0.2


WEATHER CONDITIONS
 THE FOLLOWING WEATHER WAS RECORDED YESTERDAY.
  FOG


RELATIVE HUMIDITY (PERCENT)
 HIGHEST   100           200 AM
 LOWEST     57           400 PM
 AVERAGE    79

..........................................................


THE FAYETTEVILLE ARKANSAS CLIMATE NORMALS FOR TODAY
                         NORMAL    RECORD    YEAR
 MAXIMUM TEMPERATURE (F)   78        93      2005
 MINIMUM TEMPERATURE (F)   54        35      1983
                                             1982


SUNRISE AND SUNSET
SEPTEMBER 22 2017.....SUNRISE   705 AM CDT   SUNSET   713 PM CDT
SEPTEMBER 23 2017.....SUNRISE   706 AM CDT   SUNSET   712 PM CDT


-  INDICATES NEGATIVE NUMBERS.
R  INDICATES RECORD WAS SET OR TIED.
MM INDICATES DATA IS MISSING.
T  INDICATES TRACE AMOUNT.




$$
