524
CDUS44 KTSA 242130 RRA
CLIFYV

CLIMATE REPORT
NATIONAL WEATHER SERVICE TULSA OK
418 PM CDT FRI MAR 24 2017


...................................

...THE FAYETTEVILLE ARKANSAS CLIMATE SUMMARY FOR MARCH 24 2017...
VALID TODAY AS OF 0400 PM LOCAL TIME.

CLIMATE NORMAL PERIOD 1981 TO 2010
CLIMATE RECORD PERIOD 1905 TO 2017


WEATHER ITEM   OBSERVED TIME   RECORD YEAR NORMAL DEPARTURE LAST
                VALUE   (LST)  VALUE       VALUE  FROM      YEAR
                                                  NORMAL
..................................................................
TEMPERATURE (F)
 TODAY
  MAXIMUM         70   1200 PM  79    2015  63      7       74
                                      1997
                                      1959
  MINIMUM         60    259 PM  19    1974  38     22       29
  AVERAGE         65                        50     15       52

PRECIPITATION (IN)
  TODAY            0.20                      0.13   0.07     0.00
  MONTH TO DATE    2.74                      2.98  -0.24     3.66
  SINCE MAR 1      2.74                      2.98  -0.24     3.66
  SINCE JAN 1      6.24                      8.63  -2.39     4.81

SNOWFALL (IN)
  TODAY            0.0                                       0.0
  MONTH TO DATE    0.2                                       0.0
  SINCE MAR 1      0.2                                       0.0
  SINCE JUL 1      1.0                                        T

DEGREE DAYS
 HEATING
  TODAY            0                        15    -15       13
  MONTH TO DATE  326                       431   -105      321
  SINCE MAR 1    326                       431   -105      321
  SINCE JUL 1   2897                      3734   -837     3137

 COOLING
  TODAY            0                         0      0        0
  MONTH TO DATE   13                         0     13        1
  SINCE MAR 1     13                         0     13        1
  SINCE JAN 1     18                         0     18        1
..................................................................


WIND (MPH)
  HIGHEST WIND SPEED    33   HIGHEST WIND DIRECTION     S (180)
  HIGHEST GUST SPEED    40   HIGHEST GUST DIRECTION     S (180)
  AVERAGE WIND SPEED    17.4


SKY COVER
  POSSIBLE SUNSHINE  MM
  AVERAGE SKY COVER 0.4


WEATHER CONDITIONS
 THE FOLLOWING WEATHER WAS RECORDED TODAY.
  THUNDERSTORM
  RAIN
  LIGHT RAIN
  FOG


RELATIVE HUMIDITY (PERCENT)
 HIGHEST    73          1000 AM
 LOWEST     40           400 AM
 AVERAGE    57

..........................................................


THE FAYETTEVILLE ARKANSAS CLIMATE NORMALS FOR TOMORROW
                         NORMAL    RECORD    YEAR
 MAXIMUM TEMPERATURE (F)   63        78      2015
                                             2012
                                             2007
 MINIMUM TEMPERATURE (F)   39        14      1955


SUNRISE AND SUNSET
MARCH 24 2017.........SUNRISE   714 AM CDT   SUNSET   732 PM CDT
MARCH 25 2017.........SUNRISE   713 AM CDT   SUNSET   733 PM CDT


-  INDICATES NEGATIVE NUMBERS.
R  INDICATES RECORD WAS SET OR TIED.
MM INDICATES DATA IS MISSING.
T  INDICATES TRACE AMOUNT.




$$
