000
CDUS44 KTSA 312133
CLIFYV

CLIMATE REPORT
NATIONAL WEATHER SERVICE TULSA OK
418 PM CDT SUN AUG 31 2014


...................................

...THE FAYETTEVILLE ARKANSAS CLIMATE SUMMARY FOR AUGUST 31 2014...
VALID TODAY AS OF 0400 PM LOCAL TIME.

CLIMATE NORMAL PERIOD 1981 TO 2010
CLIMATE RECORD PERIOD 1905 TO 2014


WEATHER ITEM   OBSERVED TIME   RECORD YEAR NORMAL DEPARTURE LAST
                VALUE   (LST)  VALUE       VALUE  FROM      YEAR
                                                  NORMAL
..................................................................
TEMPERATURE (F)
 TODAY
  MAXIMUM         89    249 PM 101    2000  87      2       98
  MINIMUM         65    605 AM  48    1967  63      2       67
  AVERAGE         77                        74      3       83

PRECIPITATION (IN)
  TODAY            0.00                      0.12  -0.12     0.00
  MONTH TO DATE    2.08                      3.24  -1.16     2.82
  SINCE JUN 1      8.61                     11.68  -3.07     6.97
  SINCE JAN 1     23.13                     31.89  -8.76    31.07

DEGREE DAYS
 COOLING
  TODAY           12                        10      2       18
  MONTH TO DATE  373                       376     -3      348
  SINCE JUN 1    887                      1012   -125      993
  SINCE JAN 1   1035                      1125    -90     1129
..................................................................


WIND (MPH)
  HIGHEST WIND SPEED    18   HIGHEST WIND DIRECTION     S (200)
  HIGHEST GUST SPEED    25   HIGHEST GUST DIRECTION     S (190)
  AVERAGE WIND SPEED     7.3


SKY COVER
  POSSIBLE SUNSHINE  MM
  AVERAGE SKY COVER 0.0


WEATHER CONDITIONS
 THE FOLLOWING WEATHER WAS RECORDED TODAY.
  NO SIGNIFICANT WEATHER WAS OBSERVED.


RELATIVE HUMIDITY (PERCENT)
 HIGHEST   100           200 AM
 LOWEST     53           200 PM
 AVERAGE    77

..........................................................


THE FAYETTEVILLE ARKANSAS CLIMATE NORMALS FOR TOMORROW
                         NORMAL    RECORD    YEAR
 MAXIMUM TEMPERATURE (F)   86       102      2000
 MINIMUM TEMPERATURE (F)   62        43      1967


SUNRISE AND SUNSET
AUGUST 31 2014........SUNRISE   648 AM CDT   SUNSET   746 PM CDT
SEPTEMBER  1 2014.....SUNRISE   648 AM CDT   SUNSET   744 PM CDT


-  INDICATES NEGATIVE NUMBERS.
R  INDICATES RECORD WAS SET OR TIED.
MM INDICATES DATA IS MISSING.
T  INDICATES TRACE AMOUNT.




$$
