000
CDUS44 KTSA 290813 RRA
CLIFYV

CLIMATE REPORT
NATIONAL WEATHER SERVICE TULSA OK
147 AM CDT SUN MAY 29 2016


...................................

...THE FAYETTEVILLE ARKANSAS CLIMATE SUMMARY FOR MAY 28 2016...

CLIMATE NORMAL PERIOD 1981 TO 2010
CLIMATE RECORD PERIOD 1905 TO 2016


WEATHER ITEM   OBSERVED TIME   RECORD YEAR NORMAL DEPARTURE LAST
                VALUE   (LST)  VALUE       VALUE  FROM      YEAR
                                                  NORMAL
..................................................................
TEMPERATURE (F)
 YESTERDAY
  MAXIMUM         81    337 PM  91    2012  79      2       77
  MINIMUM         57    413 AM  44    1961  57      0       59
  AVERAGE         69                        68      1       68

PRECIPITATION (IN)
  YESTERDAY        0.00                      0.19  -0.19     0.14
  MONTH TO DATE    4.82                      5.51  -0.69    12.20
  SINCE MAR 1     12.40                     14.03  -1.63    19.59
  SINCE JAN 1     13.55                     19.68  -6.13    22.65

DEGREE DAYS
 COOLING
  YESTERDAY        4                         4      0        3
  MONTH TO DATE   46                        70    -24       66
  SINCE MAR 1     59                        98    -39       89
  SINCE JAN 1     59                        98    -39       89
..................................................................


WIND (MPH)
  HIGHEST WIND SPEED    15   HIGHEST WIND DIRECTION    SW (210)
  HIGHEST GUST SPEED    21   HIGHEST GUST DIRECTION     S (180)
  AVERAGE WIND SPEED     6.1


SKY COVER
  POSSIBLE SUNSHINE  MM
  AVERAGE SKY COVER 0.2


WEATHER CONDITIONS
 THE FOLLOWING WEATHER WAS RECORDED YESTERDAY.
  NO SIGNIFICANT WEATHER WAS OBSERVED.


RELATIVE HUMIDITY (PERCENT)
 HIGHEST   100           300 AM
 LOWEST     62           200 PM
 AVERAGE    81

..........................................................


THE FAYETTEVILLE ARKANSAS CLIMATE NORMALS FOR TODAY
                         NORMAL    RECORD    YEAR
 MAXIMUM TEMPERATURE (F)   79        92      2012
 MINIMUM TEMPERATURE (F)   58        41      1952


SUNRISE AND SUNSET
MAY 29 2016...........SUNRISE   602 AM CDT   SUNSET   826 PM CDT
MAY 30 2016...........SUNRISE   602 AM CDT   SUNSET   827 PM CDT


-  INDICATES NEGATIVE NUMBERS.
R  INDICATES RECORD WAS SET OR TIED.
MM INDICATES DATA IS MISSING.
T  INDICATES TRACE AMOUNT.




$$
