000
CDUS44 KTSA 230803
CLIFYV

CLIMATE REPORT
NATIONAL WEATHER SERVICE TULSA OK
302 AM CDT THU OCT 23 2014


...................................

...THE FAYETTEVILLE ARKANSAS CLIMATE SUMMARY FOR OCTOBER 22 2014...

CLIMATE NORMAL PERIOD 1981 TO 2010
CLIMATE RECORD PERIOD 1905 TO 2014


WEATHER ITEM   OBSERVED TIME   RECORD YEAR NORMAL DEPARTURE LAST
                VALUE   (LST)  VALUE       VALUE  FROM      YEAR
                                                  NORMAL
..................................................................
TEMPERATURE (F)
 YESTERDAY
  MAXIMUM         75    330 PM  84    1963  68      7       65
  MINIMUM         44    651 AM  20    1952  44      0       34
  AVERAGE         60                        56      4       50

PRECIPITATION (IN)
  YESTERDAY        0.00                      0.14  -0.14     0.00
  MONTH TO DATE    6.93                      3.10   3.83     4.72
  SINCE SEP 1     10.51                      7.92   2.59     8.39
  SINCE JAN 1     33.64                     39.81  -6.17    39.46

SNOWFALL (IN)
  YESTERDAY        0.0                                       0.0
  MONTH TO DATE    0.0                                       0.0
  SINCE SEP 1      0.0                                       0.0
  SINCE JUL 1      0.0                                       0.0

DEGREE DAYS
 HEATING
  YESTERDAY        5                         9     -4       15
  MONTH TO DATE  126                       152    -26      170
  SINCE SEP 1    158                       203    -45      182
  SINCE JUL 1    162                       204    -42      182

 COOLING
  YESTERDAY        0                         0      0        0
  MONTH TO DATE   34                        18     16       44
  SINCE SEP 1    191                       176     15      261
  SINCE JAN 1   1226                      1301    -75     1390
..................................................................


WIND (MPH)
  HIGHEST WIND SPEED    13   HIGHEST WIND DIRECTION     S (190)
  HIGHEST GUST SPEED    15   HIGHEST GUST DIRECTION     S (200)
  AVERAGE WIND SPEED     2.0


SKY COVER
  POSSIBLE SUNSHINE  MM
  AVERAGE SKY COVER 0.2


WEATHER CONDITIONS
 THE FOLLOWING WEATHER WAS RECORDED YESTERDAY.
  FOG
  HAZE


RELATIVE HUMIDITY (PERCENT)
 HIGHEST   100          1200 AM
 LOWEST     49           200 PM
 AVERAGE    75

..........................................................


THE FAYETTEVILLE ARKANSAS CLIMATE NORMALS FOR TODAY
                         NORMAL    RECORD    YEAR
 MAXIMUM TEMPERATURE (F)   68        83      2003
 MINIMUM TEMPERATURE (F)   44        22      1952


SUNRISE AND SUNSET
OCTOBER 23 2014.......SUNRISE   731 AM CDT   SUNSET   631 PM CDT
OCTOBER 24 2014.......SUNRISE   732 AM CDT   SUNSET   630 PM CDT


-  INDICATES NEGATIVE NUMBERS.
R  INDICATES RECORD WAS SET OR TIED.
MM INDICATES DATA IS MISSING.
T  INDICATES TRACE AMOUNT.




$$
