000
CDUS43 KUNR 200831
CLIGCC


CLIMATE REPORT
NATIONAL WEATHER SERVICE RAPID CITY SD
131 AM MST SAT DEC 20 2014


...................................

...THE GILLETTE AIRPORT WY CLIMATE SUMMARY FOR DECEMBER 19 2014...

CLIMATE NORMAL PERIOD 1981 TO 2010
CLIMATE RECORD PERIOD 9999 TO 9999


WEATHER ITEM   OBSERVED TIME   NORMAL DEPARTURE LAST
                VALUE   (LST)  VALUE  FROM      YEAR
                                      NORMAL
......................................................
TEMPERATURE (F)
 YESTERDAY
  MAXIMUM         40   1132 AM  35      5       33
  MINIMUM         14    415 AM  13      1       -4
  AVERAGE         27            24      3       15

PRECIPITATION (IN)
  YESTERDAY        0.00          0.01  -0.01     0.12
  MONTH TO DATE    0.13          0.27  -0.14     0.38
  SINCE DEC 1      0.13          0.27  -0.14     0.38
  SINCE JAN 1     18.07         13.76   4.31    18.98

DEGREE DAYS
 HEATING
  YESTERDAY       38            41     -3       50
  MONTH TO DATE  603           776   -173      900
  SINCE DEC 1    603           776   -173      900
  SINCE JUL 1   2386          2651   -265     2612

 COOLING
  YESTERDAY        0             0      0        0
  MONTH TO DATE    0             0      0        0
  SINCE DEC 1      0             0      0        0
  SINCE JAN 1    412           502    -90      615
......................................................


WIND (MPH)
  HIGHEST WIND SPEED    20   HIGHEST WIND DIRECTION    SW (230)
  HIGHEST GUST SPEED    24   HIGHEST GUST DIRECTION    SW (230)
  AVERAGE WIND SPEED     7.2


SKY COVER
  AVERAGE SKY COVER 0.1


WEATHER CONDITIONS
 THE FOLLOWING WEATHER WAS RECORDED YESTERDAY.
  NO SIGNIFICANT WEATHER WAS OBSERVED.


RELATIVE HUMIDITY (PERCENT)
 HIGHEST    80           400 AM
 LOWEST     44          1100 AM
 AVERAGE    62

..........................................................




SUNRISE AND SUNSET
DECEMBER 20 2014......SUNRISE   734 AM MST   SUNSET   425 PM MST
DECEMBER 21 2014......SUNRISE   735 AM MST   SUNSET   426 PM MST


-  INDICATES NEGATIVE NUMBERS.
R  INDICATES RECORD WAS SET OR TIED.
MM INDICATES DATA IS MISSING.
T  INDICATES TRACE AMOUNT.




$$
