000
CDUS43 KUNR 230832
CLIGCC


CLIMATE REPORT
NATIONAL WEATHER SERVICE RAPID CITY SD
230 AM MDT SAT AUG 23 2014


...................................

...THE GILLETTE AIRPORT WY CLIMATE SUMMARY FOR AUGUST 22 2014...

CLIMATE NORMAL PERIOD 1981 TO 2010
CLIMATE RECORD PERIOD 9999 TO 9999


WEATHER ITEM   OBSERVED TIME   NORMAL DEPARTURE LAST
                VALUE   (LST)  VALUE  FROM      YEAR
                                      NORMAL
......................................................
TEMPERATURE (F)
 YESTERDAY
  MAXIMUM         81    257 PM  85     -4       87
  MINIMUM         56    340 AM  52      4       63
  AVERAGE         69            68      1       75

PRECIPITATION (IN)
  YESTERDAY        0.44          0.02   0.42      T
  MONTH TO DATE    0.73          0.72   0.01     0.99
  SINCE JUN 1      4.24          4.59  -0.35     6.39
  SINCE JAN 1     13.84         10.25   3.59    13.43

DEGREE DAYS
 HEATING
  YESTERDAY        0             1     -1        0
  MONTH TO DATE    0            19    -19        0
  SINCE JUN 1    205           180     25      117
  SINCE JUL 1     13            38    -25        0

 COOLING
  YESTERDAY        4             5     -1       10
  MONTH TO DATE  142           143     -1      151
  SINCE JUN 1    336           417    -81      415
  SINCE JAN 1    344           425    -81      423
......................................................


WIND (MPH)
  HIGHEST WIND SPEED    30   HIGHEST WIND DIRECTION     N (340)
  HIGHEST GUST SPEED    38   HIGHEST GUST DIRECTION     N (340)
  AVERAGE WIND SPEED     8.4


SKY COVER
  AVERAGE SKY COVER 0.7


WEATHER CONDITIONS
 THE FOLLOWING WEATHER WAS RECORDED YESTERDAY.
  THUNDERSTORM
  HEAVY RAIN
  RAIN
  LIGHT RAIN
  FOG


RELATIVE HUMIDITY (PERCENT)
 HIGHEST    97          1000 PM
 LOWEST     36           300 PM
 AVERAGE    67

..........................................................




SUNRISE AND SUNSET
AUGUST 23 2014........SUNRISE   615 AM MDT   SUNSET   754 PM MDT
AUGUST 24 2014........SUNRISE   616 AM MDT   SUNSET   752 PM MDT


-  INDICATES NEGATIVE NUMBERS.
R  INDICATES RECORD WAS SET OR TIED.
MM INDICATES DATA IS MISSING.
T  INDICATES TRACE AMOUNT.




$$
