000
CDUS43 KUNR 160848
CLIGCC


CLIMATE REPORT
NATIONAL WEATHER SERVICE RAPID CITY SD
248 AM MDT WED APR 16 2014


...................................

...THE GILLETTE AIRPORT WY CLIMATE SUMMARY FOR APRIL 15 2014...

CLIMATE NORMAL PERIOD 1981 TO 2010
CLIMATE RECORD PERIOD 9999 TO 9999


WEATHER ITEM   OBSERVED TIME   NORMAL DEPARTURE LAST
                VALUE   (LST)  VALUE  FROM      YEAR
                                      NORMAL
......................................................
TEMPERATURE (F)
 YESTERDAY
  MAXIMUM         63    140 PM  56      7       28
  MINIMUM         34   1052 PM  29      5       14
  AVERAGE         49            42      7       21

PRECIPITATION (IN)
  YESTERDAY        0.19          0.04   0.15      T
  MONTH TO DATE    0.33          0.54  -0.21     0.85
  SINCE MAR 1      1.42          1.50  -0.08     1.13
  SINCE JAN 1      2.70          2.28   0.42     2.26

DEGREE DAYS
 HEATING
  YESTERDAY       16            23     -7       44
  MONTH TO DATE  361           370     -9      446
  SINCE MAR 1   1325          1309     16     1410
  SINCE JUL 1   6970          6717    253     6533

 COOLING
  YESTERDAY        0             0      0        0
  MONTH TO DATE    0             0      0        0
  SINCE MAR 1      0             0      0        0
  SINCE JAN 1      0             0      0        0
......................................................


WIND (MPH)
  HIGHEST WIND SPEED    24   HIGHEST WIND DIRECTION    NW (310)
  HIGHEST GUST SPEED    31   HIGHEST GUST DIRECTION     N (350)
  AVERAGE WIND SPEED    14.9


SKY COVER
  AVERAGE SKY COVER 0.4


WEATHER CONDITIONS
 THE FOLLOWING WEATHER WAS RECORDED YESTERDAY.
  LIGHT RAIN
  LIGHT SNOW
  FOG


RELATIVE HUMIDITY (PERCENT)
 HIGHEST    92          1000 PM
 LOWEST     19           200 PM
 AVERAGE    56

..........................................................




SUNRISE AND SUNSET
APRIL 16 2014.........SUNRISE   617 AM MDT   SUNSET   748 PM MDT
APRIL 17 2014.........SUNRISE   615 AM MDT   SUNSET   749 PM MDT


-  INDICATES NEGATIVE NUMBERS.
R  INDICATES RECORD WAS SET OR TIED.
MM INDICATES DATA IS MISSING.
T  INDICATES TRACE AMOUNT.




$$
