000
CDUS43 KUNR 060837
CLIGCC


CLIMATE REPORT
NATIONAL WEATHER SERVICE RAPID CITY SD
132 AM MST FRI MAR 6 2015


...................................

...THE GILLETTE AIRPORT WY CLIMATE SUMMARY FOR MARCH 5 2015...

CLIMATE NORMAL PERIOD 1981 TO 2010
CLIMATE RECORD PERIOD 9999 TO 9999


WEATHER ITEM   OBSERVED TIME   NORMAL DEPARTURE LAST
                VALUE   (LST)  VALUE  FROM      YEAR
                                      NORMAL
......................................................
TEMPERATURE (F)
 YESTERDAY
  MAXIMUM         43    328 PM  43      0       51
  MINIMUM         15    127 AM  20     -5       33
  AVERAGE         29            32     -3       42

PRECIPITATION (IN)
  YESTERDAY        0.00          0.02  -0.02     0.00
  MONTH TO DATE    0.04          0.11  -0.07     0.16
  SINCE MAR 1      0.04          0.11  -0.07     0.16
  SINCE JAN 1      0.89          0.89   0.00     1.44

DEGREE DAYS
 HEATING
  YESTERDAY       36            33      3       23
  MONTH TO DATE  233           168     65      229
  SINCE MAR 1    233           168     65      229
  SINCE JUL 1   5323          5576   -253     5874

 COOLING
  YESTERDAY        0             0      0        0
  MONTH TO DATE    0             0      0        0
  SINCE MAR 1      0             0      0        0
  SINCE JAN 1      0             0      0        0
......................................................


WIND (MPH)
  HIGHEST WIND SPEED    22   HIGHEST WIND DIRECTION     W (280)
  HIGHEST GUST SPEED    27   HIGHEST GUST DIRECTION     W (290)
  AVERAGE WIND SPEED    13.4


SKY COVER
  AVERAGE SKY COVER 0.1


WEATHER CONDITIONS
 THE FOLLOWING WEATHER WAS RECORDED YESTERDAY.
  NO SIGNIFICANT WEATHER WAS OBSERVED.


RELATIVE HUMIDITY (PERCENT)
 HIGHEST    63           600 PM
 LOWEST     36           300 PM
 AVERAGE    50

..........................................................




SUNRISE AND SUNSET
MARCH  6 2015.........SUNRISE   631 AM MST   SUNSET   557 PM MST
MARCH  7 2015.........SUNRISE   629 AM MST   SUNSET   558 PM MST


-  INDICATES NEGATIVE NUMBERS.
R  INDICATES RECORD WAS SET OR TIED.
MM INDICATES DATA IS MISSING.
T  INDICATES TRACE AMOUNT.




$$
