000
CDUS43 KUNR 300831
CLIGCC


CLIMATE REPORT
NATIONAL WEATHER SERVICE RAPID CITY SD
231 AM MDT TUE AUG 30 2016


...................................

...THE GILLETTE AIRPORT WY CLIMATE SUMMARY FOR AUGUST 29 2016...

CLIMATE NORMAL PERIOD 1981 TO 2010
CLIMATE RECORD PERIOD 9999 TO 9999


WEATHER ITEM   OBSERVED TIME   NORMAL DEPARTURE LAST
                VALUE   (LST)  VALUE  FROM      YEAR
                                      NORMAL
......................................................
TEMPERATURE (F)
 YESTERDAY
  MAXIMUM         88    420 PM  83      5       96
  MINIMUM         48    352 AM  50     -2       56
  AVERAGE         68            66      2       76

PRECIPITATION (IN)
  YESTERDAY        0.00          0.03  -0.03     0.00
  MONTH TO DATE    1.56          0.89   0.67     1.87
  SINCE JUN 1      3.32          4.76  -1.44     6.02
  SINCE JAN 1      9.16         10.42  -1.26    13.14

DEGREE DAYS
 HEATING
  YESTERDAY        0             3     -3        0
  MONTH TO DATE   47            33     14       43
  SINCE JUN 1     88           194   -106      104
  SINCE JUL 1     54            52      2       65

 COOLING
  YESTERDAY        3             4     -1       11
  MONTH TO DATE  132           172    -40      194
  SINCE JUN 1    526           446     80      432
  SINCE JAN 1    526           454     72      432
......................................................


WIND (MPH)
  HIGHEST WIND SPEED    24   HIGHEST WIND DIRECTION    SE (140)
  HIGHEST GUST SPEED    29   HIGHEST GUST DIRECTION    SE (120)
  AVERAGE WIND SPEED     8.3


SKY COVER
  AVERAGE SKY COVER 0.0


WEATHER CONDITIONS
 THE FOLLOWING WEATHER WAS RECORDED YESTERDAY.
  NO SIGNIFICANT WEATHER WAS OBSERVED.


RELATIVE HUMIDITY (PERCENT)
 HIGHEST    80           400 AM
 LOWEST     18           400 PM
 AVERAGE    49

..........................................................




SUNRISE AND SUNSET
AUGUST 30 2016........SUNRISE   623 AM MDT   SUNSET   741 PM MDT
AUGUST 31 2016........SUNRISE   624 AM MDT   SUNSET   739 PM MDT


-  INDICATES NEGATIVE NUMBERS.
R  INDICATES RECORD WAS SET OR TIED.
MM INDICATES DATA IS MISSING.
T  INDICATES TRACE AMOUNT.




$$
