000
CDUS43 KUNR 280836
CLIGCC


CLIMATE REPORT
NATIONAL WEATHER SERVICE RAPID CITY SD
236 AM MDT SUN MAY 28 2017


...................................

...THE GILLETTE AIRPORT WY CLIMATE SUMMARY FOR MAY 27 2017...

CLIMATE NORMAL PERIOD 1981 TO 2010
CLIMATE RECORD PERIOD 9999 TO 9999


WEATHER ITEM   OBSERVED TIME   NORMAL DEPARTURE LAST
                VALUE   (LST)  VALUE  FROM      YEAR
                                      NORMAL
......................................................
TEMPERATURE (F)
 YESTERDAY
  MAXIMUM         66    447 PM  69     -3       67
  MINIMUM         42    446 AM  43     -1       41
  AVERAGE         54            56     -2       54

PRECIPITATION (IN)
  YESTERDAY        0.00          0.08  -0.08     0.00
  MONTH TO DATE    1.25          2.10  -0.85     0.45
  SINCE MAR 1      6.35          4.53   1.82     4.11
  SINCE JAN 1      7.19          5.31   1.88     5.62

DEGREE DAYS
 HEATING
  YESTERDAY       11             9      2       11
  MONTH TO DATE  343           350     -7      372
  SINCE MAR 1   1696          1958   -262     1767
  SINCE JUL 1   6453          7366   -913     6498

 COOLING
  YESTERDAY        0             0      0        0
  MONTH TO DATE    4             0      4        0
  SINCE MAR 1      4             0      4        0
  SINCE JAN 1      4             0      4        0
......................................................


WIND (MPH)
  HIGHEST WIND SPEED    23   HIGHEST WIND DIRECTION    NW (310)
  HIGHEST GUST SPEED    30   HIGHEST GUST DIRECTION     W (290)
  AVERAGE WIND SPEED    12.7


SKY COVER
  AVERAGE SKY COVER 0.4


WEATHER CONDITIONS
 THE FOLLOWING WEATHER WAS RECORDED YESTERDAY.
  NO SIGNIFICANT WEATHER WAS OBSERVED.


RELATIVE HUMIDITY (PERCENT)
 HIGHEST    96           500 AM
 LOWEST     32           300 PM
 AVERAGE    64

..........................................................




SUNRISE AND SUNSET
MAY 28 2017...........SUNRISE   523 AM MDT   SUNSET   836 PM MDT
MAY 29 2017...........SUNRISE   523 AM MDT   SUNSET   837 PM MDT


-  INDICATES NEGATIVE NUMBERS.
R  INDICATES RECORD WAS SET OR TIED.
MM INDICATES DATA IS MISSING.
T  INDICATES TRACE AMOUNT.




$$
