000
CDUS43 KDDC 291006
CLIGCK


CLIMATE REPORT
NATIONAL WEATHER SERVICE DODGE CITY KS
505 AM CDT FRI MAY 29 2015


...................................

...THE GARDEN CITY REGIONAL ARPT KS CLIMATE SUMMARY FOR MAY 28 2015...

CLIMATE NORMAL PERIOD 1981 TO 2010
CLIMATE RECORD PERIOD 1948 TO 2015


WEATHER ITEM   OBSERVED TIME   RECORD YEAR NORMAL DEPARTURE LAST
                VALUE   (LST)  VALUE       VALUE  FROM      YEAR
                                                  NORMAL
..................................................................
TEMPERATURE (F)
 YESTERDAY
  MAXIMUM         78    312 PM 101    1974  80     -2       91
  MINIMUM         56   1159 PM  40    1992  54      2       56
  AVERAGE         67                        67      0       74

PRECIPITATION (IN)
  YESTERDAY        0.59          0.64 1975   0.11   0.48     0.00
  MONTH TO DATE    7.37                      2.55   4.82     0.69
  SINCE MAR 1      8.05                      5.73   2.32     1.20
  SINCE JAN 1      8.82                      6.61   2.21     1.36

DEGREE DAYS
 HEATING
  YESTERDAY        0                         2     -2
  MONTH TO DATE  161                       124     37
  SINCE MAR 1   1041                      1162   -121
  SINCE JUL 1   4949                      5186   -237

 COOLING
  YESTERDAY        2                         4     -2
  MONTH TO DATE   23                        63    -40
  SINCE MAR 1     30                        75    -45
  SINCE JAN 1     30                        75    -45
..................................................................


WIND (MPH)
  HIGHEST WIND SPEED    32   HIGHEST WIND DIRECTION    SE (150)
  HIGHEST GUST SPEED    39   HIGHEST GUST DIRECTION    SE (150)
  AVERAGE WIND SPEED    14.4



WEATHER CONDITIONS
 THE FOLLOWING WEATHER WAS RECORDED YESTERDAY.
  THUNDERSTORM
  HEAVY RAIN
  RAIN
  LIGHT RAIN
  FOG


RELATIVE HUMIDITY (PERCENT)
 HIGHEST    93          1200 AM
 LOWEST     49          1100 AM
 AVERAGE    71

..........................................................


THE GARDEN CITY REGIONAL ARPT KS CLIMATE NORMALS FOR TODAY
                         NORMAL    RECORD    YEAR
 MAXIMUM TEMPERATURE (F)   80       104      2011
 MINIMUM TEMPERATURE (F)   55        36      1992


SUNRISE AND SUNSET
MAY 29 2015...........SUNRISE   624 AM CDT   SUNSET   857 PM CDT
MAY 30 2015...........SUNRISE   623 AM CDT   SUNSET   858 PM CDT


-  INDICATES NEGATIVE NUMBERS.
R  INDICATES RECORD WAS SET OR TIED.
MM INDICATES DATA IS MISSING.
T  INDICATES TRACE AMOUNT.




$$
