000
CDUS43 KDDC 071006
CLIGCK


CLIMATE REPORT
NATIONAL WEATHER SERVICE DODGE CITY KS
505 AM CDT TUE JUL 7 2015


...................................

...THE GARDEN CITY REGIONAL ARPT KS CLIMATE SUMMARY FOR JULY 6 2015...

CLIMATE NORMAL PERIOD 1981 TO 2010
CLIMATE RECORD PERIOD 1948 TO 2015


WEATHER ITEM   OBSERVED TIME   RECORD YEAR NORMAL DEPARTURE LAST
                VALUE   (LST)  VALUE       VALUE  FROM      YEAR
                                                  NORMAL
..................................................................
TEMPERATURE (F)
 YESTERDAY
  MAXIMUM         78   1110 AM 106    1973  92    -14       98
  MINIMUM         66   1159 PM  54    1997  64      2       61
  AVERAGE         72                        78     -6       80

PRECIPITATION (IN)
  YESTERDAY        0.01          1.56 1969   0.09  -0.08     0.00
  MONTH TO DATE    1.15                      0.58   0.57     0.04
  SINCE JUN 1      3.70                      4.06  -0.36    10.92
  SINCE JAN 1     12.52                     11.00   1.52    12.28

DEGREE DAYS
 HEATING
  YESTERDAY        0                         0      0
  MONTH TO DATE    0                         0      0
  SINCE JUN 1      0                        16    -16
  SINCE JUL 1      0                         0      0

 COOLING
  YESTERDAY        7                        13     -6
  MONTH TO DATE   74                        75     -1
  SINCE JUN 1    420                       327     93
  SINCE JAN 1    450                       416     34
..................................................................


WIND (MPH)
  HIGHEST WIND SPEED    31   HIGHEST WIND DIRECTION     N (360)
  HIGHEST GUST SPEED    39   HIGHEST GUST DIRECTION     N (360)
  AVERAGE WIND SPEED    17.3



WEATHER CONDITIONS
 THE FOLLOWING WEATHER WAS RECORDED YESTERDAY.
  LIGHT RAIN
  FOG
  HAZE


RELATIVE HUMIDITY (PERCENT)
 HIGHEST    90           600 AM
 LOWEST     53          1000 PM
 AVERAGE    72

..........................................................


THE GARDEN CITY REGIONAL ARPT KS CLIMATE NORMALS FOR TODAY
                         NORMAL    RECORD    YEAR
 MAXIMUM TEMPERATURE (F)   92       106      1991
 MINIMUM TEMPERATURE (F)   64        54      1952


SUNRISE AND SUNSET
JULY  7 2015..........SUNRISE   627 AM CDT   SUNSET   908 PM CDT
JULY  8 2015..........SUNRISE   628 AM CDT   SUNSET   908 PM CDT


-  INDICATES NEGATIVE NUMBERS.
R  INDICATES RECORD WAS SET OR TIED.
MM INDICATES DATA IS MISSING.
T  INDICATES TRACE AMOUNT.




$$
