000
CDUS43 KDDC 290706
CLIGCK


CLIMATE REPORT
NATIONAL WEATHER SERVICE DODGE CITY KS
206 AM CDT FRI APR 29 2016


...................................

...THE GARDEN CITY REGIONAL ARPT KS CLIMATE SUMMARY FOR APRIL 28 2016...

CLIMATE NORMAL PERIOD 1981 TO 2010
CLIMATE RECORD PERIOD 1948 TO 2016


WEATHER ITEM   OBSERVED TIME   RECORD YEAR NORMAL DEPARTURE LAST
                VALUE   (LST)  VALUE       VALUE  FROM      YEAR
                                                  NORMAL
..................................................................
TEMPERATURE (F)
 YESTERDAY
  MAXIMUM         60    533 PM  90    1951  71    -11       68
  MINIMUM         38    615 AM  29    1969  43     -5       33
  AVERAGE         49                        57     -8       51

PRECIPITATION (IN)
  YESTERDAY        T             0.44 1994   0.07  -0.07     0.00
  MONTH TO DATE    3.29                      1.58   1.71     0.36
  SINCE MAR 1      3.29                      3.04   0.25     0.68
  SINCE JAN 1      3.51                      3.92  -0.41     1.45

DEGREE DAYS
 HEATING
  YESTERDAY       16                         9      7
  MONTH TO DATE  285                       359    -74
  SINCE MAR 1    804                      1023   -219
  SINCE JUL 1   4217                      5047   -830

 COOLING
  YESTERDAY        0                         1     -1
  MONTH TO DATE    5                         9     -4
  SINCE MAR 1      5                         9     -4
  SINCE JAN 1      6                         9     -3
..................................................................


WIND (MPH)
  HIGHEST WIND SPEED    26   HIGHEST WIND DIRECTION    NE (60)
  HIGHEST GUST SPEED    34   HIGHEST GUST DIRECTION    NE (60)
  AVERAGE WIND SPEED    12.4



WEATHER CONDITIONS
 THE FOLLOWING WEATHER WAS RECORDED YESTERDAY.
  NO SIGNIFICANT WEATHER WAS OBSERVED.


RELATIVE HUMIDITY (PERCENT)
 HIGHEST    85           500 AM
 LOWEST     43           200 PM
 AVERAGE    64

..........................................................


THE GARDEN CITY REGIONAL ARPT KS CLIMATE NORMALS FOR TODAY
                         NORMAL    RECORD    YEAR
 MAXIMUM TEMPERATURE (F)   72        91      1967
 MINIMUM TEMPERATURE (F)   44        28      1994


SUNRISE AND SUNSET
APRIL 29 2016.........SUNRISE   649 AM CDT   SUNSET   832 PM CDT
APRIL 30 2016.........SUNRISE   647 AM CDT   SUNSET   833 PM CDT


-  INDICATES NEGATIVE NUMBERS.
R  INDICATES RECORD WAS SET OR TIED.
MM INDICATES DATA IS MISSING.
T  INDICATES TRACE AMOUNT.




$$
