000
CDUS43 KDDC 282331
CLIGCK


CLIMATE REPORT
NATIONAL WEATHER SERVICE DODGE CITY KS
531 PM CST WED JAN 28 2015


...................................

...THE GARDEN CITY REGIONAL ARPT KS CLIMATE SUMMARY FOR JANUARY 28 2015...
VALID TODAY AS OF 0500 PM LOCAL TIME.

CLIMATE NORMAL PERIOD 1981 TO 2010
CLIMATE RECORD PERIOD 1948 TO 2015


WEATHER ITEM   OBSERVED TIME   RECORD YEAR NORMAL DEPARTURE LAST
                VALUE   (LST)  VALUE       VALUE  FROM      YEAR
                                                  NORMAL
..................................................................
TEMPERATURE (F)
 TODAY
  MAXIMUM         71    349 PM  75    1986  45     26       27
  MINIMUM         35    728 AM  -5    1966  18     17        8
  AVERAGE         53                        31     22       18

PRECIPITATION (IN)
  TODAY            0.00          0.17 2000   0.01  -0.01      T
  MONTH TO DATE    0.05                      0.30  -0.25     0.02
  SINCE DEC 1      0.10                      0.82  -0.72     0.03
  SINCE JAN 1      0.05                      0.30  -0.25     0.02

DEGREE DAYS
 HEATING
  TODAY           12                        34    -22       47
  MONTH TO DATE  901                       952    -51      940
  SINCE DEC 1   1883                      1986   -103     2017
  SINCE JUL 1   2922                      3075   -153     3061

 COOLING
  TODAY            0                         0      0        0
  MONTH TO DATE    0                         0      0        0
  SINCE DEC 1      0                         0      0        0
  SINCE JAN 1      0                         0      0        0
..................................................................


WIND (MPH)
  HIGHEST WIND SPEED    31   HIGHEST WIND DIRECTION     N (340)
  HIGHEST GUST SPEED    38   HIGHEST GUST DIRECTION     N (340)
  AVERAGE WIND SPEED    14.9



WEATHER CONDITIONS
 THE FOLLOWING WEATHER WAS RECORDED TODAY.
  NO SIGNIFICANT WEATHER WAS OBSERVED.


RELATIVE HUMIDITY (PERCENT)
 HIGHEST    89           600 AM
 LOWEST     18           400 PM
 AVERAGE    54

..........................................................


THE GARDEN CITY REGIONAL ARPT KS CLIMATE NORMALS FOR TOMORROW
                         NORMAL    RECORD    YEAR
 MAXIMUM TEMPERATURE (F)   45        71      1971
 MINIMUM TEMPERATURE (F)   18       -11      1949


SUNRISE AND SUNSET
JANUARY 28 2015.......SUNRISE   751 AM CST   SUNSET   601 PM CST
JANUARY 29 2015.......SUNRISE   750 AM CST   SUNSET   603 PM CST


-  INDICATES NEGATIVE NUMBERS.
R  INDICATES RECORD WAS SET OR TIED.
MM INDICATES DATA IS MISSING.
T  INDICATES TRACE AMOUNT.




$$
