000
CDUS43 KDDC 231006
CLIGCK


CLIMATE REPORT
NATIONAL WEATHER SERVICE DODGE CITY KS
505 AM CDT TUE SEP 23 2014


...................................

...THE GARDEN CITY REGIONAL ARPT KS CLIMATE SUMMARY FOR SEPTEMBER 22 2014...

CLIMATE NORMAL PERIOD 1981 TO 2010
CLIMATE RECORD PERIOD 1948 TO 2014


WEATHER ITEM   OBSERVED TIME   RECORD YEAR NORMAL DEPARTURE LAST
                VALUE   (LST)  VALUE       VALUE  FROM      YEAR
                                                  NORMAL
..................................................................
TEMPERATURE (F)
 YESTERDAY
  MAXIMUM         79    206 PM  92    1968  80     -1       87
  MINIMUM         51    635 AM  29    1995  51      0       52
  AVERAGE         65                        65      0       70

PRECIPITATION (IN)
  YESTERDAY        T             1.51 2004   0.05  -0.05     0.00
  MONTH TO DATE    1.47                      1.12   0.35     1.22
  SINCE SEP 1      1.47                      1.12   0.35     1.22
  SINCE JAN 1     19.12                     16.77   2.35    11.39

DEGREE DAYS
 HEATING
  YESTERDAY        0                         3     -3
  MONTH TO DATE   56                        32     24
  SINCE SEP 1     56                        32     24
  SINCE JUL 1     66                        36     30

 COOLING
  YESTERDAY        0                         4     -4
  MONTH TO DATE  127                       140    -13
  SINCE SEP 1    127                       140    -13
  SINCE JAN 1   1287                      1256     31
..................................................................


WIND (MPH)
  HIGHEST WIND SPEED    24   HIGHEST WIND DIRECTION     S (180)
  HIGHEST GUST SPEED    33   HIGHEST GUST DIRECTION     S (180)
  AVERAGE WIND SPEED    13.1



WEATHER CONDITIONS
 THE FOLLOWING WEATHER WAS RECORDED YESTERDAY.
  HAZE


RELATIVE HUMIDITY (PERCENT)
 HIGHEST    71           400 AM
 LOWEST     28           200 PM
 AVERAGE    50

..........................................................


THE GARDEN CITY REGIONAL ARPT KS CLIMATE NORMALS FOR TODAY
                         NORMAL    RECORD    YEAR
 MAXIMUM TEMPERATURE (F)   79        99      1984
 MINIMUM TEMPERATURE (F)   51        34      1989


SUNRISE AND SUNSET
SEPTEMBER 23 2014.....SUNRISE   731 AM CDT   SUNSET   738 PM CDT
SEPTEMBER 24 2014.....SUNRISE   732 AM CDT   SUNSET   737 PM CDT


-  INDICATES NEGATIVE NUMBERS.
R  INDICATES RECORD WAS SET OR TIED.
MM INDICATES DATA IS MISSING.
T  INDICATES TRACE AMOUNT.




$$
