000
CDUS43 KDDC 240705
CLIGCK


CLIMATE REPORT
NATIONAL WEATHER SERVICE DODGE CITY KS
205 AM CDT WED AUG 24 2016


...................................

...THE GARDEN CITY REGIONAL ARPT KS CLIMATE SUMMARY FOR AUGUST 23 2016...

CLIMATE NORMAL PERIOD 1981 TO 2010
CLIMATE RECORD PERIOD 1948 TO 2016


WEATHER ITEM   OBSERVED TIME   RECORD YEAR NORMAL DEPARTURE LAST
                VALUE   (LST)  VALUE       VALUE  FROM      YEAR
                                                  NORMAL
..................................................................
TEMPERATURE (F)
 YESTERDAY
  MAXIMUM         97    359 PM 105    2011  89      8       76
  MINIMUM         67    644 AM  50    1964  63      4       55
  AVERAGE         82                        76      6       66

PRECIPITATION (IN)
  YESTERDAY        0.00          1.25 1990   0.07  -0.07     0.00
  MONTH TO DATE    1.50                      1.95  -0.45     1.87
  SINCE JUN 1     14.15                      8.21   5.94    10.95
  SINCE JAN 1     19.61                     15.15   4.46    19.77

DEGREE DAYS
 HEATING
  YESTERDAY        0                         0      0
  MONTH TO DATE    0                         0      0
  SINCE JUN 1      2                        17    -15
  SINCE JUL 1      0                         1     -1

 COOLING
  YESTERDAY       17                        11      6
  MONTH TO DATE  266                       284    -18
  SINCE JUN 1   1043                       946     97
  SINCE JAN 1   1102                      1035     67
..................................................................


WIND (MPH)
  HIGHEST WIND SPEED    24   HIGHEST WIND DIRECTION     S (200)
  HIGHEST GUST SPEED    30   HIGHEST GUST DIRECTION     S (200)
  AVERAGE WIND SPEED    13.5



WEATHER CONDITIONS
 THE FOLLOWING WEATHER WAS RECORDED YESTERDAY.
  NO SIGNIFICANT WEATHER WAS OBSERVED.


RELATIVE HUMIDITY (PERCENT)
 HIGHEST    87           600 AM
 LOWEST     20           500 PM
 AVERAGE    54

..........................................................


THE GARDEN CITY REGIONAL ARPT KS CLIMATE NORMALS FOR TODAY
                         NORMAL    RECORD    YEAR
 MAXIMUM TEMPERATURE (F)   89       106      2011
                                             1964
 MINIMUM TEMPERATURE (F)   63        52      2015


SUNRISE AND SUNSET
AUGUST 24 2016........SUNRISE   706 AM CDT   SUNSET   823 PM CDT
AUGUST 25 2016........SUNRISE   707 AM CDT   SUNSET   822 PM CDT


-  INDICATES NEGATIVE NUMBERS.
R  INDICATES RECORD WAS SET OR TIED.
MM INDICATES DATA IS MISSING.
T  INDICATES TRACE AMOUNT.




$$
