000
CDUS43 KDDC 042327
CLIGCK


CLIMATE REPORT
NATIONAL WEATHER SERVICE DODGE CITY KS
526 PM CST SUN DEC 4 2016


...................................

...THE GARDEN CITY REGIONAL ARPT KS CLIMATE SUMMARY FOR DECEMBER 4 2016...
VALID TODAY AS OF 0500 PM LOCAL TIME.

CLIMATE NORMAL PERIOD 1981 TO 2010
CLIMATE RECORD PERIOD 1948 TO 2016


WEATHER ITEM   OBSERVED TIME   RECORD YEAR NORMAL DEPARTURE LAST
                VALUE   (LST)  VALUE       VALUE  FROM      YEAR
                                                  NORMAL
..................................................................
TEMPERATURE (F)
 TODAY
  MAXIMUM         51    343 PM  75    2007  47      4       58
                                      1965
  MINIMUM         20    755 AM   4    2009  21     -1       28
                                      1955
  AVERAGE         36                        34      2       43

PRECIPITATION (IN)
  TODAY            0.00          0.22 1977   0.02  -0.02     0.00
  MONTH TO DATE    0.03                      0.08  -0.05     0.00
  SINCE DEC 1      0.03                      0.08  -0.05     0.00
  SINCE JAN 1     20.12                     19.03   1.09    24.05

DEGREE DAYS
 HEATING
  TODAY           29                        31     -2       22
  MONTH TO DATE  125                       123      2      111
  SINCE DEC 1    125                       123      2      111
  SINCE JUL 1    813                      1212   -399      948

 COOLING
  TODAY            0                         0      0        0
  MONTH TO DATE    0                         0      0        0
  SINCE DEC 1      0                         0      0        0
  SINCE JAN 1   1433                      1298    135     1453
..................................................................


WIND (MPH)
  HIGHEST WIND SPEED    15   HIGHEST WIND DIRECTION    NW (320)
  HIGHEST GUST SPEED    18   HIGHEST GUST DIRECTION    NW (320)
  AVERAGE WIND SPEED     9.9



WEATHER CONDITIONS
 THE FOLLOWING WEATHER WAS RECORDED TODAY.
  FOG
  FOG W/VISIBILITY <= 1/4 MILE


RELATIVE HUMIDITY (PERCENT)
 HIGHEST   100          1200 AM
 LOWEST     24           400 PM
 AVERAGE    62

..........................................................


THE GARDEN CITY REGIONAL ARPT KS CLIMATE NORMALS FOR TOMORROW
                         NORMAL    RECORD    YEAR
 MAXIMUM TEMPERATURE (F)   46        72      1949
 MINIMUM TEMPERATURE (F)   20        -4      1972


SUNRISE AND SUNSET
DECEMBER  4 2016......SUNRISE   743 AM CST   SUNSET   523 PM CST
DECEMBER  5 2016......SUNRISE   744 AM CST   SUNSET   523 PM CST


-  INDICATES NEGATIVE NUMBERS.
R  INDICATES RECORD WAS SET OR TIED.
MM INDICATES DATA IS MISSING.
T  INDICATES TRACE AMOUNT.




$$
