000
CDUS43 KDDC 161015
CLIGCK


CLIMATE REPORT
NATIONAL WEATHER SERVICE DODGE CITY KS
515 AM CDT WED APR 16 2014


...................................

...THE GARDEN CITY REGIONAL ARPT KS CLIMATE SUMMARY FOR APRIL 15 2014...

CLIMATE NORMAL PERIOD 1981 TO 2010
CLIMATE RECORD PERIOD 1948 TO 2014


WEATHER ITEM   OBSERVED TIME   RECORD YEAR NORMAL DEPARTURE LAST
                VALUE   (LST)  VALUE       VALUE  FROM      YEAR
                                                  NORMAL
..................................................................
TEMPERATURE (F)
 YESTERDAY
  MAXIMUM         67    502 PM  95    2002  67      0       60
  MINIMUM         23    617 AM  16    1983  38    -15       36
  AVERAGE         45                        53     -8       48

PRECIPITATION (IN)
  YESTERDAY        0.00          1.00 1976   0.06  -0.06     0.00
  MONTH TO DATE    0.24                      0.78  -0.54     0.03
  SINCE MAR 1      0.28                      2.24  -1.96     0.11
  SINCE JAN 1      0.44                      3.12  -2.68     0.45

DEGREE DAYS
 HEATING
  YESTERDAY       20                        13      7
  MONTH TO DATE  236                       223     13
  SINCE MAR 1    977                       887     90
  SINCE JUL 1   5153                      4911    242

 COOLING
  YESTERDAY        0                         0      0
  MONTH TO DATE    4                         0      4
  SINCE MAR 1      4                         0      4
  SINCE JAN 1      4                         0      4
..................................................................


WIND (MPH)
  HIGHEST WIND SPEED    26   HIGHEST WIND DIRECTION     S (200)
  HIGHEST GUST SPEED    32   HIGHEST GUST DIRECTION     S (190)
  AVERAGE WIND SPEED    14.5



WEATHER CONDITIONS
 THE FOLLOWING WEATHER WAS RECORDED YESTERDAY.
  NO SIGNIFICANT WEATHER WAS OBSERVED.


RELATIVE HUMIDITY (PERCENT)
 HIGHEST    81           600 AM
 LOWEST     18           300 PM
 AVERAGE    50

..........................................................


THE GARDEN CITY REGIONAL ARPT KS CLIMATE NORMALS FOR TODAY
                         NORMAL    RECORD    YEAR
 MAXIMUM TEMPERATURE (F)   67        94      1964
 MINIMUM TEMPERATURE (F)   39        23      2000


SUNRISE AND SUNSET
APRIL 16 2014.........SUNRISE   706 AM CDT   SUNSET   820 PM CDT
APRIL 17 2014.........SUNRISE   705 AM CDT   SUNSET   821 PM CDT


-  INDICATES NEGATIVE NUMBERS.
R  INDICATES RECORD WAS SET OR TIED.
MM INDICATES DATA IS MISSING.
T  INDICATES TRACE AMOUNT.




$$
