000
CDUS41 KPHI 180600
CLIGED


CLIMATE REPORT
NATIONAL WEATHER SERVICE MOUNT HOLLY NJ
1257 AM EST THU JAN 18 2018


...................................

...THE GEORGETOWN DE CLIMATE SUMMARY FOR JANUARY 17 2018...

CLIMATE NORMAL PERIOD 1981 TO 2010
CLIMATE RECORD PERIOD 1948 TO 2018


WEATHER ITEM   OBSERVED TIME   RECORD YEAR NORMAL DEPARTURE LAST
                VALUE   (LST)  VALUE       VALUE  FROM      YEAR
                                                  NORMAL
..................................................................
TEMPERATURE (F)
 YESTERDAY
  MAXIMUM         39   1204 AM  63    1953  43     -4       53
  MINIMUM         24   1159 PM  -5    1982  26     -2       37
  AVERAGE         32                        35     -3       45

PRECIPITATION (IN)
  YESTERDAY        T             1.60 2010   0.09  -0.09     0.03
  MONTH TO DATE    1.19                      1.61  -0.42     2.17
  SINCE DEC 1      2.15                      4.90  -2.75     4.97
  SINCE JAN 1      1.19                      1.61  -0.42     2.17

DEGREE DAYS
 HEATING
  YESTERDAY       33                        30      3       20
  MONTH TO DATE  613                       507    106      449
  SINCE DEC 1   1467                      1305    162     1213
  SINCE JUL 1   2084                      2089     -5     1847

 COOLING
  YESTERDAY        0                         0      0        0
  MONTH TO DATE    0                         0      0        0
  SINCE DEC 1      0                         0      0        0
  SINCE JAN 1      0                         0      0        0
..................................................................


WIND (MPH)
  HIGHEST WIND SPEED    14   HIGHEST WIND DIRECTION     N (360)
  HIGHEST GUST SPEED    22   HIGHEST GUST DIRECTION     N (340)
  AVERAGE WIND SPEED     6.3


SKY COVER
  POSSIBLE SUNSHINE  MM
  AVERAGE SKY COVER 1.0


WEATHER CONDITIONS
 THE FOLLOWING WEATHER WAS RECORDED YESTERDAY.
  LIGHT SNOW
  FOG
  HAZE


RELATIVE HUMIDITY (PERCENT)
 HIGHEST    85           200 AM
 LOWEST     46           700 PM
 AVERAGE    66

..........................................................


THE GEORGETOWN DE CLIMATE NORMALS FOR TODAY
                         NORMAL    RECORD    YEAR
 MAXIMUM TEMPERATURE (F)   43        66      2006
                                             1990
 MINIMUM TEMPERATURE (F)   26       -12      1957


SUNRISE AND SUNSET
JANUARY 18 2018.......SUNRISE   717 AM EST   SUNSET   507 PM EST
JANUARY 19 2018.......SUNRISE   716 AM EST   SUNSET   509 PM EST


-  INDICATES NEGATIVE NUMBERS.
R  INDICATES RECORD WAS SET OR TIED.
MM INDICATES DATA IS MISSING.
T  INDICATES TRACE AMOUNT.




$$
