000
CDUS41 KPHI 280629
CLIGED


CLIMATE REPORT
NATIONAL WEATHER SERVICE MOUNT HOLLY NJ
228 AM EDT TUE MAR 28 2017


...................................

...THE GEORGETOWN DE CLIMATE SUMMARY FOR MARCH 27 2017...

CLIMATE NORMAL PERIOD 1981 TO 2010
CLIMATE RECORD PERIOD 1948 TO 2017


WEATHER ITEM   OBSERVED TIME   RECORD YEAR NORMAL DEPARTURE LAST
                VALUE   (LST)  VALUE       VALUE  FROM      YEAR
                                                  NORMAL
..................................................................
TEMPERATURE (F)
 YESTERDAY
  MAXIMUM         75    331 PM  83    2007  58     17       52
  MINIMUM         45    440 AM  18    1951  38      7       46
  AVERAGE         60                        48     12       49

PRECIPITATION (IN)
  YESTERDAY        0.00          2.25 1988   0.15  -0.15      T
  MONTH TO DATE    3.35                      3.43  -0.08     1.26
  SINCE MAR 1      3.35                      3.43  -0.08     1.26
  SINCE JAN 1      7.59                      9.14  -1.55     7.73

DEGREE DAYS
 HEATING
  YESTERDAY        5                        17    -12       16
  MONTH TO DATE  573                       567      6      407
  SINCE MAR 1    573                       567      6      407
  SINCE JUL 1   3258                      3847   -589     3085

 COOLING
  YESTERDAY        0                         0      0        0
  MONTH TO DATE    3                         0      3        2
  SINCE MAR 1      3                         0      3        2
  SINCE JAN 1      3                         0      3        2
..................................................................


WIND (MPH)
  HIGHEST WIND SPEED    23   HIGHEST WIND DIRECTION    SW (220)
  HIGHEST GUST SPEED    29   HIGHEST GUST DIRECTION    SW (220)
  AVERAGE WIND SPEED     9.4


SKY COVER
  POSSIBLE SUNSHINE  MM
  AVERAGE SKY COVER 0.5


WEATHER CONDITIONS
 THE FOLLOWING WEATHER WAS RECORDED YESTERDAY.
  FOG
  FOG W/VISIBILITY <= 1/4 MILE


RELATIVE HUMIDITY (PERCENT)
 HIGHEST   100           200 AM
 LOWEST     50           300 PM
 AVERAGE    75

..........................................................


THE GEORGETOWN DE CLIMATE NORMALS FOR TODAY
                         NORMAL    RECORD    YEAR
 MAXIMUM TEMPERATURE (F)   58        80      1960
 MINIMUM TEMPERATURE (F)   38        20      1966


SUNRISE AND SUNSET
MARCH 28 2017.........SUNRISE   652 AM EDT   SUNSET   721 PM EDT
MARCH 29 2017.........SUNRISE   651 AM EDT   SUNSET   722 PM EDT


-  INDICATES NEGATIVE NUMBERS.
R  INDICATES RECORD WAS SET OR TIED.
MM INDICATES DATA IS MISSING.
T  INDICATES TRACE AMOUNT.




$$
