000
CDUS41 KPHI 262131
CLIGED


CLIMATE REPORT
NATIONAL WEATHER SERVICE MOUNT HOLLY NJ
531 PM EDT MON SEP 26 2016


...................................

...THE GEORGETOWN DE CLIMATE SUMMARY FOR SEPTEMBER 26 2016...
VALID TODAY AS OF 0500 PM LOCAL TIME.

CLIMATE NORMAL PERIOD 1981 TO 2010
CLIMATE RECORD PERIOD 1948 TO 2016


WEATHER ITEM   OBSERVED TIME   RECORD YEAR NORMAL DEPARTURE LAST
                VALUE   (LST)  VALUE       VALUE  FROM      YEAR
                                                  NORMAL
..................................................................
TEMPERATURE (F)
 TODAY
  MAXIMUM         75    241 PM  92    1970  75      0       73
  MINIMUM         49    541 AM  37    1949  55     -6       66
  AVERAGE         62                        65     -3       70

PRECIPITATION (IN)
  TODAY            0.00          2.65 1992   0.13  -0.13     0.00
  MONTH TO DATE    3.34                      3.61  -0.27     1.37
  SINCE SEP 1      3.34                      3.61  -0.27     1.37
  SINCE JAN 1     32.70                     32.88  -0.18    26.57

SNOWFALL (IN)
  TODAY           MM            MM      MM  MM     MM       MM
  MONTH TO DATE   MM                        MM     MM       MM
  SINCE SEP 1     MM                        MM     MM       MM
  SINCE JUL 1     MM                        MM     MM       MM
  SNOW DEPTH      MM

DEGREE DAYS
 HEATING
  TODAY            3                         3      0        0
  MONTH TO DATE    7                        24    -17        1
  SINCE SEP 1      7                        24    -17        1
  SINCE JUL 1      7                        25    -18        1

 COOLING
  TODAY            0                         2     -2        5
  MONTH TO DATE  224                       134     90      194
  SINCE SEP 1    224                       134     90      194
  SINCE JAN 1   1438                      1163    275     1363
..................................................................


WIND (MPH)
  HIGHEST WIND SPEED    16   HIGHEST WIND DIRECTION    SE (130)
  HIGHEST GUST SPEED    23   HIGHEST GUST DIRECTION    SE (120)
  AVERAGE WIND SPEED     5.4


SKY COVER
  POSSIBLE SUNSHINE  MM
  AVERAGE SKY COVER 0.2


WEATHER CONDITIONS
 THE FOLLOWING WEATHER WAS RECORDED TODAY.
  NO SIGNIFICANT WEATHER WAS OBSERVED.


RELATIVE HUMIDITY (PERCENT)
 HIGHEST    96          1200 AM
 LOWEST     41          1200 PM
 AVERAGE    69

..........................................................


THE GEORGETOWN DE CLIMATE NORMALS FOR TOMORROW
                         NORMAL    RECORD    YEAR
 MAXIMUM TEMPERATURE (F)   74        93      1970
 MINIMUM TEMPERATURE (F)   54        36      1978


SUNRISE AND SUNSET
SEPTEMBER 26 2016.....SUNRISE   653 AM EDT   SUNSET   651 PM EDT
SEPTEMBER 27 2016.....SUNRISE   654 AM EDT   SUNSET   650 PM EDT


-  INDICATES NEGATIVE NUMBERS.
R  INDICATES RECORD WAS SET OR TIED.
MM INDICATES DATA IS MISSING.
T  INDICATES TRACE AMOUNT.




$$
