000
CDUS41 KPHI 210547
CLIGED


CLIMATE REPORT
NATIONAL WEATHER SERVICE MOUNT HOLLY NJ
146 AM EDT FRI JUL 21 2017


...................................

...THE GEORGETOWN DE CLIMATE SUMMARY FOR JULY 20 2017...

CLIMATE NORMAL PERIOD 1981 TO 2010
CLIMATE RECORD PERIOD 1948 TO 2017


WEATHER ITEM   OBSERVED TIME   RECORD YEAR NORMAL DEPARTURE LAST
                VALUE   (LST)  VALUE       VALUE  FROM      YEAR
                                                  NORMAL
..................................................................
TEMPERATURE (F)
 YESTERDAY
  MAXIMUM         96    202 PM 100    1977  87      9       85
  MINIMUM         74    530 AM  56    1976  68      6       67
  AVERAGE         85                        77      8       76

PRECIPITATION (IN)
  YESTERDAY        0.00          1.44 1971   0.12  -0.12     0.30
  MONTH TO DATE    4.23                      2.80   1.43     1.14
  SINCE JUN 1      6.04                      7.41  -1.37     4.13
  SINCE JAN 1     22.22                     24.35  -2.13    22.36

DEGREE DAYS
 HEATING
  YESTERDAY        0                         0      0        0
  MONTH TO DATE    0                         0      0        0
  SINCE JUN 1     12                        13     -1        1
  SINCE JUL 1      0                         0      0        0

 COOLING
  YESTERDAY       20                        12      8       11
  MONTH TO DATE  324                       235     89      278
  SINCE JUN 1    630                       474    156      497
  SINCE JAN 1    776                       568    208      587
..................................................................


WIND (MPH)
  HIGHEST WIND SPEED    14   HIGHEST WIND DIRECTION    SW (220)
  HIGHEST GUST SPEED    18   HIGHEST GUST DIRECTION    SW (220)
  AVERAGE WIND SPEED     5.6


SKY COVER
  POSSIBLE SUNSHINE  MM
  AVERAGE SKY COVER 0.1


WEATHER CONDITIONS
 THE FOLLOWING WEATHER WAS RECORDED YESTERDAY.
  FOG


RELATIVE HUMIDITY (PERCENT)
 HIGHEST    94          1200 AM
 LOWEST     42           200 PM
 AVERAGE    68

..........................................................


THE GEORGETOWN DE CLIMATE NORMALS FOR TODAY
                         NORMAL    RECORD    YEAR
 MAXIMUM TEMPERATURE (F)   87       101      1957
 MINIMUM TEMPERATURE (F)   68        50      1966


SUNRISE AND SUNSET
JULY 21 2017..........SUNRISE   554 AM EDT   SUNSET   821 PM EDT
JULY 22 2017..........SUNRISE   555 AM EDT   SUNSET   821 PM EDT


-  INDICATES NEGATIVE NUMBERS.
R  INDICATES RECORD WAS SET OR TIED.
MM INDICATES DATA IS MISSING.
T  INDICATES TRACE AMOUNT.




$$
