000
CDUS41 KPHI 050637
CLIGED


CLIMATE REPORT
NATIONAL WEATHER SERVICE MOUNT HOLLY NJ
236 AM EDT THU MAY 5 2016


...................................

...THE GEORGETOWN DE CLIMATE SUMMARY FOR MAY 4 2016...

CLIMATE NORMAL PERIOD 1981 TO 2010
CLIMATE RECORD PERIOD 1948 TO 2016


WEATHER ITEM   OBSERVED TIME   RECORD YEAR NORMAL DEPARTURE LAST
                VALUE   (LST)  VALUE       VALUE  FROM      YEAR
                                                  NORMAL
..................................................................
TEMPERATURE (F)
 YESTERDAY
  MAXIMUM         55    151 PM  89    2001  70    -15       84
                                      1965
  MINIMUM         50   1159 PM  30    1957  49      1       49
  AVERAGE         53                        59     -6       67

PRECIPITATION (IN)
  YESTERDAY        0.96          1.60 1972   0.10   0.86     0.00
  MONTH TO DATE    2.13                      0.35   1.78     0.24
  SINCE MAR 1      7.49                      8.03  -0.54     6.96
  SINCE JAN 1     13.96                     13.74   0.22    13.79

SNOWFALL (IN)
  YESTERDAY       MM            MM      MM  MM     MM       MM
  MONTH TO DATE   MM                        MM     MM       MM
  SINCE MAR 1     MM                        MM     MM       MM
  SINCE JUL 1     MM                        MM     MM       MM
  SNOW DEPTH      MM

DEGREE DAYS
 HEATING
  YESTERDAY       12                         7      5        0
  MONTH TO DATE   33                        29      4       27
  SINCE MAR 1    855                      1009   -154     1092
  SINCE JUL 1   3533                      4289   -756     4580

 COOLING
  YESTERDAY        0                         1     -1        2
  MONTH TO DATE    0                         4     -4        2
  SINCE MAR 1     21                        24     -3        7
  SINCE JAN 1     21                        24     -3        7
..................................................................


WIND (MPH)
  HIGHEST WIND SPEED    16   HIGHEST WIND DIRECTION    NE (60)
  HIGHEST GUST SPEED    20   HIGHEST GUST DIRECTION    NE (50)
  AVERAGE WIND SPEED    10.9


SKY COVER
  POSSIBLE SUNSHINE  MM
  AVERAGE SKY COVER 1.0


WEATHER CONDITIONS
 THE FOLLOWING WEATHER WAS RECORDED YESTERDAY.
  THUNDERSTORM
  HEAVY RAIN
  RAIN
  LIGHT RAIN
  FOG


RELATIVE HUMIDITY (PERCENT)
 HIGHEST   100           300 AM
 LOWEST     86           900 PM
 AVERAGE    93

..........................................................


THE GEORGETOWN DE CLIMATE NORMALS FOR TODAY
                         NORMAL    RECORD    YEAR
 MAXIMUM TEMPERATURE (F)   70        90      1955
 MINIMUM TEMPERATURE (F)   49        32      1966


SUNRISE AND SUNSET
MAY  5 2016...........SUNRISE   559 AM EDT   SUNSET   758 PM EDT
MAY  6 2016...........SUNRISE   558 AM EDT   SUNSET   759 PM EDT


-  INDICATES NEGATIVE NUMBERS.
R  INDICATES RECORD WAS SET OR TIED.
MM INDICATES DATA IS MISSING.
T  INDICATES TRACE AMOUNT.




$$
