000
CDUS41 KPHI 280627
CLIGED


CLIMATE REPORT
NATIONAL WEATHER SERVICE MOUNT HOLLY NJ
227 AM EDT SUN MAY 28 2017


...................................

...THE GEORGETOWN DE CLIMATE SUMMARY FOR MAY 27 2017...

CLIMATE NORMAL PERIOD 1981 TO 2010
CLIMATE RECORD PERIOD 1948 TO 2017


WEATHER ITEM   OBSERVED TIME   RECORD YEAR NORMAL DEPARTURE LAST
                VALUE   (LST)  VALUE       VALUE  FROM      YEAR
                                                  NORMAL
..................................................................
TEMPERATURE (F)
 YESTERDAY
  MAXIMUM         78    128 PM  95    1965  77      1       89
  MINIMUM         62   1134 PM  39    1967  56      6       68
  AVERAGE         70                        67      3       79

PRECIPITATION (IN)
  YESTERDAY        T             0.84 1961   0.13  -0.13     0.00
  MONTH TO DATE    4.37                      3.04   1.33     4.97
  SINCE MAR 1     11.22                     10.72   0.50    10.33
  SINCE JAN 1     15.46                     16.43  -0.97    16.80

DEGREE DAYS
 HEATING
  YESTERDAY        0                         2     -2        0
  MONTH TO DATE  109                       127    -18      159
  SINCE MAR 1    890                      1107   -217      981
  SINCE JUL 1   3575                      4387   -812     3659

 COOLING
  YESTERDAY        5                         4      1       14
  MONTH TO DATE   68                        58     10       36
  SINCE MAR 1    136                        78     58       57
  SINCE JAN 1    136                        78     58       57
..................................................................


WIND (MPH)
  HIGHEST WIND SPEED    14   HIGHEST WIND DIRECTION    NE (40)
  HIGHEST GUST SPEED    16   HIGHEST GUST DIRECTION    NE (50)
  AVERAGE WIND SPEED     3.9


SKY COVER
  POSSIBLE SUNSHINE  MM
  AVERAGE SKY COVER 0.7


WEATHER CONDITIONS
 THE FOLLOWING WEATHER WAS RECORDED YESTERDAY.
  LIGHT RAIN


RELATIVE HUMIDITY (PERCENT)
 HIGHEST    78           600 AM
 LOWEST     49          1000 AM
 AVERAGE    64

..........................................................


THE GEORGETOWN DE CLIMATE NORMALS FOR TODAY
                         NORMAL    RECORD    YEAR
 MAXIMUM TEMPERATURE (F)   77        93      1965
 MINIMUM TEMPERATURE (F)   57        39      1972


SUNRISE AND SUNSET
MAY 28 2017...........SUNRISE   540 AM EDT   SUNSET   818 PM EDT
MAY 29 2017...........SUNRISE   540 AM EDT   SUNSET   818 PM EDT


-  INDICATES NEGATIVE NUMBERS.
R  INDICATES RECORD WAS SET OR TIED.
MM INDICATES DATA IS MISSING.
T  INDICATES TRACE AMOUNT.




$$
