000
CDUS46 KOTX 170827
CLIGEG


CLIMATE REPORT
NATIONAL WEATHER SERVICE SPOKANE, WA
1227 AM PST TUE JAN 17 2017


...................................

...THE SPOKANE WA AIRPORT CLIMATE SUMMARY FOR JANUARY 16 2017...

CLIMATE NORMAL PERIOD 1981 TO 2010
CLIMATE RECORD PERIOD 1881 TO 2017


WEATHER ITEM   OBSERVED TIME   RECORD YEAR NORMAL DEPARTURE LAST
                VALUE   (LST)  VALUE       VALUE  FROM      YEAR
                                                  NORMAL
..................................................................
TEMPERATURE (F)
 YESTERDAY
  MAXIMUM         17    356 PM  51    2011  34    -17       34
  MINIMUM         -2    235 AM -30    1888  25    -27       30
  AVERAGE          8                        30    -22       32

PRECIPITATION (IN)
  YESTERDAY        T             0.66 1908   0.06  -0.06     0.30
                                      1890
  MONTH TO DATE    0.95                      1.01  -0.06     0.97
  SINCE OCT 1     10.24                      6.79   3.45     7.33
  SINCE JAN 1      0.95                      1.01  -0.06     0.97

SNOWFALL (IN)
  YESTERDAY        0.3           5.6  1982   0.4   -0.1      2.7
  MONTH TO DATE   11.5                       7.1    4.4      5.4
  SINCE DEC 1     30.5                      21.7    8.8     29.5
  SINCE JUL 1     33.8                      29.2    4.6     31.0
  SNOW DEPTH      10

DEGREE DAYS
 HEATING
  YESTERDAY       57                        35     22       33
  MONTH TO DATE  841                       584    257      603
  SINCE DEC 1   2130                      1751    379     1657
  SINCE JUL 1   3463                      3418     45     3091

 COOLING
  YESTERDAY        0                         0      0        0
  MONTH TO DATE    0                         0      0        0
  SINCE DEC 1      0                         0      0        0
  SINCE JAN 1      0                         0      0        0
..................................................................


WIND (MPH)
  HIGHEST WIND SPEED     9   HIGHEST WIND DIRECTION     W (290)
  HIGHEST GUST SPEED    10   HIGHEST GUST DIRECTION    NE (60)
  AVERAGE WIND SPEED     2.1


SKY COVER
  POSSIBLE SUNSHINE  MM
  AVERAGE SKY COVER 0.8


WEATHER CONDITIONS
 THE FOLLOWING WEATHER WAS RECORDED YESTERDAY.
  LIGHT SNOW
  FOG
  FOG W/VISIBILITY <= 1/4 MILE


RELATIVE HUMIDITY (PERCENT)
 HIGHEST   100           800 AM
 LOWEST     79          1200 AM
 AVERAGE    90

..........................................................


THE SPOKANE WA AIRPORT CLIMATE NORMALS FOR TODAY
                         NORMAL    RECORD    YEAR
 MAXIMUM TEMPERATURE (F)   35        51      1919
 MINIMUM TEMPERATURE (F)   25       -18      1950
                                             1888


SUNRISE AND SUNSET
JANUARY 17 2017.......SUNRISE   732 AM PST   SUNSET   429 PM PST
JANUARY 18 2017.......SUNRISE   731 AM PST   SUNSET   431 PM PST


-  INDICATES NEGATIVE NUMBERS.
R  INDICATES RECORD WAS SET OR TIED.
MM INDICATES DATA IS MISSING.
T  INDICATES TRACE AMOUNT.




$$
