628
CDUS46 KOTX 250925
CLIGEG


CLIMATE REPORT
NATIONAL WEATHER SERVICE SPOKANE, WA
224 AM PDT SUN SEP 25 2016


...................................

...THE SPOKANE WA AIRPORT CLIMATE SUMMARY FOR SEPTEMBER 24 2016...

CLIMATE NORMAL PERIOD 1981 TO 2010
CLIMATE RECORD PERIOD 1881 TO 2016


WEATHER ITEM   OBSERVED TIME   RECORD YEAR NORMAL DEPARTURE LAST
                VALUE   (LST)  VALUE       VALUE  FROM      YEAR
                                                  NORMAL
..................................................................
TEMPERATURE (F)
 YESTERDAY
  MAXIMUM         66    407 PM  90    2011  70     -4       76
  MINIMUM         41    620 AM  22    1926  44     -3       46
  AVERAGE         54                        57     -3       61

PRECIPITATION (IN)
  YESTERDAY        0.00          0.33 1977   0.02  -0.02     0.00
  MONTH TO DATE    0.20                      0.53  -0.33     0.52
  SINCE OCT 1     15.36                     16.42  -1.06    12.45
  SINCE JAN 1      9.00                     10.64  -1.64     7.72

SNOWFALL (IN)
  YESTERDAY        0.0           0.0  2002   0.0    0.0      0.0
                                      2001
                                      1999
  MONTH TO DATE    0.0                       0.0    0.0      0.0
  SINCE SEP 1      0.0                       0.0    0.0      0.0
  SINCE JUL 1      0.0                       0.0    0.0      0.0
  SNOW DEPTH       0

DEGREE DAYS
 HEATING
  YESTERDAY       11                         9      2        4
  MONTH TO DATE  156                       126     30      159
  SINCE SEP 1    156                       126     30      159
  SINCE JUL 1    186                       191     -5      175

 COOLING
  YESTERDAY        0                         1     -1        0
  MONTH TO DATE    2                        37    -35       20
  SINCE SEP 1      2                        37    -35       20
  SINCE JAN 1    489                       448     41      828
..................................................................


WIND (MPH)
  HIGHEST WIND SPEED    16   HIGHEST WIND DIRECTION     W (260)
  HIGHEST GUST SPEED    22   HIGHEST GUST DIRECTION     W (260)
  AVERAGE WIND SPEED     7.5


SKY COVER
  POSSIBLE SUNSHINE  MM
  AVERAGE SKY COVER 0.6


WEATHER CONDITIONS
 THE FOLLOWING WEATHER WAS RECORDED YESTERDAY.
  FOG
  FOG W/VISIBILITY <= 1/4 MILE


RELATIVE HUMIDITY (PERCENT)
 HIGHEST   100           800 AM
 LOWEST     30           400 PM
 AVERAGE    65

..........................................................


THE SPOKANE WA AIRPORT CLIMATE NORMALS FOR TODAY
                         NORMAL    RECORD    YEAR
 MAXIMUM TEMPERATURE (F)   69        93      1952
 MINIMUM TEMPERATURE (F)   44        25      1926


SUNRISE AND SUNSET
SEPTEMBER 25 2016.....SUNRISE   642 AM PDT   SUNSET   641 PM PDT
SEPTEMBER 26 2016.....SUNRISE   643 AM PDT   SUNSET   638 PM PDT


-  INDICATES NEGATIVE NUMBERS.
R  INDICATES RECORD WAS SET OR TIED.
MM INDICATES DATA IS MISSING.
T  INDICATES TRACE AMOUNT.




$$
