000
CDUS46 KOTX 220842
CLIGEG


CLIMATE REPORT
NATIONAL WEATHER SERVICE SPOKANE, WA
142 AM PDT FRI MAY 22 2015


...................................

...THE SPOKANE WA AIRPORT CLIMATE SUMMARY FOR MAY 21 2015...

CLIMATE NORMAL PERIOD 1981 TO 2010
CLIMATE RECORD PERIOD 1881 TO 2015


WEATHER ITEM   OBSERVED TIME   RECORD YEAR NORMAL DEPARTURE LAST
                VALUE   (LST)  VALUE       VALUE  FROM      YEAR
                                                  NORMAL
..................................................................
TEMPERATURE (F)
 YESTERDAY
  MAXIMUM         82    404 PM  92    1928  68     14       76
  MINIMUM         55    449 AM  33    2010  45     10       49
                                      1973
                                      1960
  AVERAGE         69                        57     12       63

PRECIPITATION (IN)
  YESTERDAY        T             2.19 2004   0.05  -0.05     0.00
  MONTH TO DATE    0.36                      1.01  -0.65     0.46
  SINCE OCT 1     11.00                     12.80  -1.80     9.63
  SINCE JAN 1      6.27                      7.02  -0.75     7.30

SNOWFALL (IN)
  YESTERDAY        0.0           T    1977   0.0    0.0      0.0
  MONTH TO DATE    0.0                       0.1   -0.1      0.0
  SINCE MAR 1      1.9                       4.6   -2.7      5.8
  SINCE JUL 1     17.6                      44.9  -27.3     37.6
  SNOW DEPTH       0

DEGREE DAYS
 HEATING
  YESTERDAY        0                         9     -9        2
  MONTH TO DATE  141                       243   -102      174
  SINCE MAR 1   1257                      1550   -293     1491
  SINCE JUL 1   5379                      6379  -1000     6534

 COOLING
  YESTERDAY        4                         0      4        0
  MONTH TO DATE    4                         0      4        3
  SINCE MAR 1      4                         0      4        3
  SINCE JAN 1      4                         0      4        3
..................................................................


WIND (MPH)
  HIGHEST WIND SPEED    16   HIGHEST WIND DIRECTION    NW (330)
  HIGHEST GUST SPEED    24   HIGHEST GUST DIRECTION     W (260)
  AVERAGE WIND SPEED     5.8


SKY COVER
  POSSIBLE SUNSHINE  MM
  AVERAGE SKY COVER 0.7


WEATHER CONDITIONS
 THE FOLLOWING WEATHER WAS RECORDED YESTERDAY.
  NO SIGNIFICANT WEATHER WAS OBSERVED.


RELATIVE HUMIDITY (PERCENT)
 HIGHEST    77           500 AM
 LOWEST     20           300 PM
 AVERAGE    49

..........................................................


THE SPOKANE WA AIRPORT CLIMATE NORMALS FOR TODAY
                         NORMAL    RECORD    YEAR
 MAXIMUM TEMPERATURE (F)   68        89      1958
 MINIMUM TEMPERATURE (F)   46        31      1966
                                             1960


SUNRISE AND SUNSET
MAY 22 2015...........SUNRISE   505 AM PDT   SUNSET   829 PM PDT
MAY 23 2015...........SUNRISE   504 AM PDT   SUNSET   831 PM PDT


-  INDICATES NEGATIVE NUMBERS.
R  INDICATES RECORD WAS SET OR TIED.
MM INDICATES DATA IS MISSING.
T  INDICATES TRACE AMOUNT.




$$
