000
CDUS46 KOTX 170834
CLIGEG


CLIMATE REPORT
NATIONAL WEATHER SERVICE SPOKANE, WA
134 AM PDT WED SEP 17 2014


...................................

...THE SPOKANE WA AIRPORT CLIMATE SUMMARY FOR SEPTEMBER 16 2014...

CLIMATE NORMAL PERIOD 1981 TO 2010
CLIMATE RECORD PERIOD 1881 TO 2014


WEATHER ITEM   OBSERVED TIME   RECORD YEAR NORMAL DEPARTURE LAST
                VALUE   (LST)  VALUE       VALUE  FROM      YEAR
                                                  NORMAL
..................................................................
TEMPERATURE (F)
 YESTERDAY
  MAXIMUM         85    348 PM  93    1938  73     12       72
  MINIMUM         56    616 AM  28    1965  47      9       54
  AVERAGE         71                        60     11       63

PRECIPITATION (IN)
  YESTERDAY        0.00          0.46 1910   0.02  -0.02      T
  MONTH TO DATE    0.22                      0.34  -0.12     0.33
  SINCE OCT 1     12.55                     16.23  -3.68    15.16
  SINCE JAN 1     10.22                     10.45  -0.23     7.80

SNOWFALL (IN)
  YESTERDAY        0.0           0.0  2002   0.0    0.0      0.0
                                      2001
                                      1999
  MONTH TO DATE    0.0                       0.0    0.0      0.0
  SINCE SEP 1      0.0                       0.0    0.0      0.0
  SINCE JUL 1      0.0                       0.0    0.0      0.0
  SNOW DEPTH       0

DEGREE DAYS
 HEATING
  YESTERDAY        0                         6     -6        2
  MONTH TO DATE   68                        66      2       11
  SINCE SEP 1     68                        66      2       11
  SINCE JUL 1     80                       131    -51       18

 COOLING
  YESTERDAY        6                         1      5        0
  MONTH TO DATE   15                        29    -14      108
  SINCE SEP 1     15                        29    -14      108
  SINCE JAN 1    621                       440    181      709
..................................................................


WIND (MPH)
  HIGHEST WIND SPEED    14   HIGHEST WIND DIRECTION    NE (50)
  HIGHEST GUST SPEED    16   HIGHEST GUST DIRECTION    NE (40)
  AVERAGE WIND SPEED     5.9


SKY COVER
  POSSIBLE SUNSHINE  MM
  AVERAGE SKY COVER 0.7


WEATHER CONDITIONS
 THE FOLLOWING WEATHER WAS RECORDED YESTERDAY.
  NO SIGNIFICANT WEATHER WAS OBSERVED.


RELATIVE HUMIDITY (PERCENT)
 HIGHEST    51           600 AM
 LOWEST     18           600 PM
 AVERAGE    35

..........................................................


THE SPOKANE WA AIRPORT CLIMATE NORMALS FOR TODAY
                         NORMAL    RECORD    YEAR
 MAXIMUM TEMPERATURE (F)   73        93      1938
 MINIMUM TEMPERATURE (F)   47        25      1965


SUNRISE AND SUNSET
SEPTEMBER 17 2014.....SUNRISE   630 AM PDT   SUNSET   658 PM PDT
SEPTEMBER 18 2014.....SUNRISE   632 AM PDT   SUNSET   656 PM PDT


-  INDICATES NEGATIVE NUMBERS.
R  INDICATES RECORD WAS SET OR TIED.
MM INDICATES DATA IS MISSING.
T  INDICATES TRACE AMOUNT.




$$
