988
CDUS46 KOTX 241245
CLIGEG


CLIMATE REPORT
NATIONAL WEATHER SERVICE SPOKANE, WA
545 AM PDT WED AUG 24 2016


...................................

...THE SPOKANE WA AIRPORT CLIMATE SUMMARY FOR AUGUST 23 2016...

CLIMATE NORMAL PERIOD 1981 TO 2010
CLIMATE RECORD PERIOD 1881 TO 2016


WEATHER ITEM   OBSERVED TIME   RECORD YEAR NORMAL DEPARTURE LAST
                VALUE   (LST)  VALUE       VALUE  FROM      YEAR
                                                  NORMAL
..................................................................
TEMPERATURE (F)
 YESTERDAY
  MAXIMUM         79    340 PM  99    1970  81     -2       85
                                      1969
  MINIMUM         50    512 AM  37    1992  55     -5       52
  AVERAGE         65                        68     -3       69

PRECIPITATION (IN)
  YESTERDAY        0.00          0.51 1903   0.02  -0.02     0.00
  MONTH TO DATE    0.16                      0.43  -0.27     0.04
  SINCE OCT 1     15.16                     15.73  -0.57    11.79
  SINCE JAN 1      8.80                      9.95  -1.15     7.06

SNOWFALL (IN)
  YESTERDAY        0.0           0.0  2002   0.0    0.0      0.0
                                      2001
                                      1999
  MONTH TO DATE    0.0                       0.0    0.0      0.0
  SINCE JUN 1      0.0                       0.0    0.0      0.0
  SINCE JUL 1      0.0                       0.0    0.0      0.0
  SNOW DEPTH       0

DEGREE DAYS
 HEATING
  YESTERDAY        0                         1     -1        0
  MONTH TO DATE   10                        18     -8        1
  SINCE JUN 1    140                       186    -46       31
  SINCE JUL 1     30                        50    -20        6

 COOLING
  YESTERDAY        0                         4     -4        4
  MONTH TO DATE  160                       139     21      199
  SINCE JUN 1    426                       368     58      724
  SINCE JAN 1    438                       382     56      756
..................................................................


WIND (MPH)
  HIGHEST WIND SPEED    12   HIGHEST WIND DIRECTION     N (350)
  HIGHEST GUST SPEED    17   HIGHEST GUST DIRECTION    SW (240)
  AVERAGE WIND SPEED     4.6


SKY COVER
  POSSIBLE SUNSHINE  MM
  AVERAGE SKY COVER 0.5


WEATHER CONDITIONS
 THE FOLLOWING WEATHER WAS RECORDED YESTERDAY.
  HAZE


RELATIVE HUMIDITY (PERCENT)
 HIGHEST    59           500 AM
 LOWEST     21           500 PM
 AVERAGE    40

..........................................................


THE SPOKANE WA AIRPORT CLIMATE NORMALS FOR TODAY
                         NORMAL    RECORD    YEAR
 MAXIMUM TEMPERATURE (F)   81       100      1966
 MINIMUM TEMPERATURE (F)   54        40      1992


SUNRISE AND SUNSET
AUGUST 24 2016........SUNRISE   559 AM PDT   SUNSET   745 PM PDT
AUGUST 25 2016........SUNRISE   600 AM PDT   SUNSET   743 PM PDT


-  INDICATES NEGATIVE NUMBERS.
R  INDICATES RECORD WAS SET OR TIED.
MM INDICATES DATA IS MISSING.
T  INDICATES TRACE AMOUNT.




$$
