000
CDUS46 KOTX 220820
CLIGEG


CLIMATE REPORT
NATIONAL WEATHER SERVICE SPOKANE, WA
1219 AM PST MON JAN 22 2018


...................................

...THE SPOKANE WA AIRPORT CLIMATE SUMMARY FOR JANUARY 21 2018...

CLIMATE NORMAL PERIOD 1981 TO 2010
CLIMATE RECORD PERIOD 1881 TO 2018


WEATHER ITEM   OBSERVED TIME   RECORD YEAR NORMAL DEPARTURE LAST
                VALUE   (LST)  VALUE       VALUE  FROM      YEAR
                                                  NORMAL
..................................................................
TEMPERATURE (F)
 YESTERDAY
  MAXIMUM         39    309 PM  49    1909  35      4       39
  MINIMUM         30    248 AM -13    1962  26      4       32
  AVERAGE         35                        30      5       36

PRECIPITATION (IN)
  YESTERDAY        0.05          1.26 1954   0.06  -0.01     0.03
  MONTH TO DATE    1.72                      1.29   0.43     1.63
  SINCE OCT 1      8.88                      7.07   1.81    10.92
  SINCE JAN 1      1.72                      1.29   0.43     1.63

SNOWFALL (IN)
  YESTERDAY        T            12.7  1954   0.3   -0.3       T
  MONTH TO DATE    6.8                       8.6   -1.8     12.3
  SINCE DEC 1     23.9                      23.2    0.7     31.3
  SINCE JUL 1     31.1                      30.7    0.4     34.6
  SNOW DEPTH       T

DEGREE DAYS
 HEATING
  YESTERDAY       30                        35     -5       29
  MONTH TO DATE  679                       759    -80     1004
  SINCE DEC 1   1858                      1926    -68     2293
  SINCE JUL 1   3398                      3593   -195     3626

 COOLING
  YESTERDAY        0                         0      0        0
  MONTH TO DATE    0                         0      0        0
  SINCE DEC 1      0                         0      0        0
  SINCE JAN 1      0                         0      0        0
..................................................................


WIND (MPH)
  HIGHEST WIND SPEED    20   HIGHEST WIND DIRECTION     S (200)
  HIGHEST GUST SPEED    25   HIGHEST GUST DIRECTION     S (200)
  AVERAGE WIND SPEED    11.0


SKY COVER
  POSSIBLE SUNSHINE  MM
  AVERAGE SKY COVER 0.8


WEATHER CONDITIONS
 THE FOLLOWING WEATHER WAS RECORDED YESTERDAY.
  LIGHT RAIN
  SNOW
  LIGHT SNOW
  FOG


RELATIVE HUMIDITY (PERCENT)
 HIGHEST    92          1200 AM
 LOWEST     59          1200 PM
 AVERAGE    76

..........................................................


THE SPOKANE WA AIRPORT CLIMATE NORMALS FOR TODAY
                         NORMAL    RECORD    YEAR
 MAXIMUM TEMPERATURE (F)   35        56      1919
 MINIMUM TEMPERATURE (F)   26       -11      1969


SUNRISE AND SUNSET
JANUARY 22 2018.......SUNRISE   728 AM PST   SUNSET   436 PM PST
JANUARY 23 2018.......SUNRISE   727 AM PST   SUNSET   438 PM PST


-  INDICATES NEGATIVE NUMBERS.
R  INDICATES RECORD WAS SET OR TIED.
MM INDICATES DATA IS MISSING.
T  INDICATES TRACE AMOUNT.




$$
