000
CDUS46 KOTX 040832
CLIGEG


CLIMATE REPORT
NATIONAL WEATHER SERVICE SPOKANE, WA
1232 AM PST WED MAR 4 2015


...................................

...THE SPOKANE WA AIRPORT CLIMATE SUMMARY FOR MARCH 3 2015...

CLIMATE NORMAL PERIOD 1981 TO 2010
CLIMATE RECORD PERIOD 1881 TO 2015


WEATHER ITEM   OBSERVED TIME   RECORD YEAR NORMAL DEPARTURE LAST
                VALUE   (LST)  VALUE       VALUE  FROM      YEAR
                                                  NORMAL
..................................................................
TEMPERATURE (F)
 YESTERDAY
  MAXIMUM         39    345 PM  63    1905  45     -6       39
  MINIMUM         18    549 AM -10    1891  28    -10       19
  AVERAGE         29                        36     -7       29

PRECIPITATION (IN)
  YESTERDAY        0.00          0.69 1947   0.06  -0.06     0.25
  MONTH TO DATE    0.04                      0.17  -0.13     0.74
  SINCE OCT 1      7.72                      9.07  -1.35     5.89
  SINCE JAN 1      2.99                      3.29  -0.30     3.56

SNOWFALL (IN)
  YESTERDAY        0.0           3.4  1916   0.2   -0.2      0.1
  MONTH TO DATE    0.9                       0.5    0.4      5.8
  SINCE MAR 1      0.9                       0.5    0.4      5.8
  SINCE JUL 1     16.6                      40.8  -24.2     37.6
  SNOW DEPTH       1

DEGREE DAYS
 HEATING
  YESTERDAY       36                        29      7       36
  MONTH TO DATE  101                        87     14      135
  SINCE MAR 1    101                        87     14      135
  SINCE JUL 1   4223                      4916   -693     5178

 COOLING
  YESTERDAY        0                         0      0        0
  MONTH TO DATE    0                         0      0        0
  SINCE MAR 1      0                         0      0        0
  SINCE JAN 1      0                         0      0        0
..................................................................


WIND (MPH)
  HIGHEST WIND SPEED    14   HIGHEST WIND DIRECTION     W (260)
  HIGHEST GUST SPEED    17   HIGHEST GUST DIRECTION     W (270)
  AVERAGE WIND SPEED     5.9


SKY COVER
  POSSIBLE SUNSHINE  MM
  AVERAGE SKY COVER 0.1


WEATHER CONDITIONS
 THE FOLLOWING WEATHER WAS RECORDED YESTERDAY.
  NO SIGNIFICANT WEATHER WAS OBSERVED.


RELATIVE HUMIDITY (PERCENT)
 HIGHEST    77           300 AM
 LOWEST     27           500 PM
 AVERAGE    52

..........................................................


THE SPOKANE WA AIRPORT CLIMATE NORMALS FOR TODAY
                         NORMAL    RECORD    YEAR
 MAXIMUM TEMPERATURE (F)   45        63      1987
 MINIMUM TEMPERATURE (F)   29        -7      1891


SUNRISE AND SUNSET
MARCH  4 2015.........SUNRISE   625 AM PST   SUNSET   539 PM PST
MARCH  5 2015.........SUNRISE   623 AM PST   SUNSET   541 PM PST


-  INDICATES NEGATIVE NUMBERS.
R  INDICATES RECORD WAS SET OR TIED.
MM INDICATES DATA IS MISSING.
T  INDICATES TRACE AMOUNT.




$$
