000
CDUS46 KOTX 200829
CLIGEG


CLIMATE REPORT
NATIONAL WEATHER SERVICE SPOKANE, WA
124 AM PDT MON OCT 20 2014


...................................

...THE SPOKANE WA AIRPORT CLIMATE SUMMARY FOR OCTOBER 19 2014...

CLIMATE NORMAL PERIOD 1981 TO 2010
CLIMATE RECORD PERIOD 1881 TO 2014


WEATHER ITEM   OBSERVED TIME   RECORD YEAR NORMAL DEPARTURE LAST
                VALUE   (LST)  VALUE       VALUE  FROM      YEAR
                                                  NORMAL
..................................................................
TEMPERATURE (F)
 YESTERDAY
  MAXIMUM         69    231 PM  73    1944  56     13       61
                                      1921
  MINIMUM         47    643 AM  15    1984  36     11       36
  AVERAGE         58                        46     12       49

PRECIPITATION (IN)
  YESTERDAY        0.00        1.41   1899  0.04  -0.04     0.00
  MONTH TO DATE    0.31                     0.57  -0.26     0.08
  SINCE OCT 1      0.31                     0.57  -0.26     0.08
  SINCE JAN 1     10.57                    11.35  -0.78     9.11

SNOWFALL (IN)
  YESTERDAY        0.0                      0.0    0.0      0.0
  MONTH TO DATE    0.0                      0.0    0.0      0.0
  SINCE SEP 1      0.0                      0.0    0.0      0.0
  SINCE JUL 1      0.0                      0.0    0.0      0.0
  SNOW DEPTH       0

DEGREE DAYS
 HEATING
  YESTERDAY        7                        19    -12       16
  MONTH TO DATE  170                       285   -115      352
  SINCE SEP 1    264                       468   -204      512
  SINCE JUL 1    276                       533   -257      519

 COOLING
  YESTERDAY        0                         0      0        0
  MONTH TO DATE    1                         0      1        0
  SINCE SEP 1     48                        38     10      108
  SINCE JAN 1    654                       449    205      709
..................................................................


WIND (MPH)
  HIGHEST WIND SPEED    16   HIGHEST WIND DIRECTION    NE (60)
  HIGHEST GUST SPEED    19   HIGHEST GUST DIRECTION    NE (60)
  AVERAGE WIND SPEED     8.9


SKY COVER
  POSSIBLE SUNSHINE  MM
  AVERAGE SKY COVER 0.6


WEATHER CONDITIONS
 THE FOLLOWING WEATHER WAS RECORDED YESTERDAY.
  FOG
  FOG W/VISIBILITY <= 1/4 MILE


RELATIVE HUMIDITY (PERCENT)
 HIGHEST   100           300 AM
 LOWEST     45           200 PM
 AVERAGE    73

..........................................................


THE SPOKANE WA AIRPORT CLIMATE NORMALS FOR TODAY
                         NORMAL    RECORD    YEAR
 MAXIMUM TEMPERATURE (F)   56        77      1940
 MINIMUM TEMPERATURE (F)   36        18      1984


SUNRISE AND SUNSET
OCTOBER 20 2014.......SUNRISE   716 AM PDT   SUNSET   553 PM PDT
OCTOBER 21 2014.......SUNRISE   718 AM PDT   SUNSET   551 PM PDT


-  INDICATES NEGATIVE NUMBERS.
R  INDICATES RECORD WAS SET OR TIED.
MM INDICATES DATA IS MISSING.
T  INDICATES TRACE AMOUNT.

$$
