000
CDUS45 KRIW 230740
CLIGEY


CLIMATE REPORT
NATIONAL WEATHER SERVICE RIVERTON WY
130 AM MDT SAT JUL 23 2016


...................................

...THE GREYBULL WY CLIMATE SUMMARY FOR JULY 22 2016...

CLIMATE NORMAL PERIOD 1981 TO 2010
CLIMATE RECORD PERIOD 1998 TO 2016


WEATHER ITEM   OBSERVED TIME   RECORD YEAR NORMAL DEPARTURE LAST
                VALUE   (LST)  VALUE       VALUE  FROM      YEAR
                                                  NORMAL
..................................................................
TEMPERATURE (F)
 YESTERDAY
  MAXIMUM        102    157 PM 105    2007  92     10       94
  MINIMUM         64    524 AM  54    2010  58      6       58
  AVERAGE         83                        75      8       76

PRECIPITATION (IN)
  YESTERDAY        T             0.12 2004   0.02  -0.02      T
  MONTH TO DATE    0.06                      0.52  -0.46      T
  SINCE JUN 1      0.23                      1.72  -1.49     0.25
  SINCE JAN 1      2.52                      4.89  -2.37     1.83

DEGREE DAYS
 HEATING
  YESTERDAY        0                         0      0        0
  MONTH TO DATE    2                         1      1        0
  SINCE JUN 1      7                        71    -64        0
  SINCE JUL 1      2                         1      1        0

 COOLING
  YESTERDAY       18                        10      8       11
  MONTH TO DATE  203                       188     15      190
  SINCE JUN 1    465                       294    171      435
  SINCE JAN 1    476                       314    162      440
..................................................................


WIND (MPH)
  HIGHEST WIND SPEED    38   HIGHEST WIND DIRECTION    NW (310)
  HIGHEST GUST SPEED    47   HIGHEST GUST DIRECTION    NW (310)
  AVERAGE WIND SPEED     6.7


SKY COVER
  POSSIBLE SUNSHINE  MM
  AVERAGE SKY COVER 0.1


WEATHER CONDITIONS
 THE FOLLOWING WEATHER WAS RECORDED YESTERDAY.
  LIGHT RAIN
  HAZE


RELATIVE HUMIDITY (PERCENT)
 HIGHEST    43           500 AM
 LOWEST      9           200 PM
 AVERAGE    26

..........................................................


THE GREYBULL WY CLIMATE NORMALS FOR TODAY
                         NORMAL    RECORD    YEAR
 MAXIMUM TEMPERATURE (F)   92       105      2007
                                             2003
 MINIMUM TEMPERATURE (F)   58        54      2004


SUNRISE AND SUNSET
JULY 23 2016..........SUNRISE   550 AM MDT   SUNSET   847 PM MDT
JULY 24 2016..........SUNRISE   551 AM MDT   SUNSET   846 PM MDT


-  INDICATES NEGATIVE NUMBERS.
R  INDICATES RECORD WAS SET OR TIED.
MM INDICATES DATA IS MISSING.
T  INDICATES TRACE AMOUNT.




$$
