000
CDUS45 KRIW 260732
CLIGEY


CLIMATE REPORT
NATIONAL WEATHER SERVICE RIVERTON WY
1231 AM MST SUN FEB 26 2017


...................................

...THE GREYBULL WY CLIMATE SUMMARY FOR FEBRUARY 25 2017...

CLIMATE NORMAL PERIOD 1981 TO 2010
CLIMATE RECORD PERIOD 1998 TO 2017


WEATHER ITEM   OBSERVED TIME   RECORD YEAR NORMAL DEPARTURE LAST
                VALUE   (LST)  VALUE       VALUE  FROM      YEAR
                                                  NORMAL
..................................................................
TEMPERATURE (F)
 YESTERDAY
  MAXIMUM         34    438 PM  64    1999  41     -7       52
  MINIMUM         21   1131 PM -18    2003  16      5       14
  AVERAGE         28                        28      0       33

PRECIPITATION (IN)
  YESTERDAY        0.00          0.02 2000   0.01  -0.01     0.00
                                      2000
                                      2015
  MONTH TO DATE    0.10                      0.16  -0.06      T
  SINCE DEC 1      0.24                      0.67  -0.43     0.12
  SINCE JAN 1      0.21                      0.39  -0.18     0.11

DEGREE DAYS
 HEATING
  YESTERDAY       37                        37      0       32
  MONTH TO DATE 1011                      1053    -42      769
  SINCE DEC 1   4554                      4010    544     3539
  SINCE JUL 1   5929                      5867     62     5056

 COOLING
  YESTERDAY        0                         0      0        0
  MONTH TO DATE    0                         0      0        0
  SINCE DEC 1      0                         0      0        0
  SINCE JAN 1      0                         0      0        0
..................................................................


WIND (MPH)
  HIGHEST WIND SPEED    18   HIGHEST WIND DIRECTION     W (280)
  HIGHEST GUST SPEED    24   HIGHEST GUST DIRECTION     W (280)
  AVERAGE WIND SPEED     8.1


SKY COVER
  POSSIBLE SUNSHINE  MM
  AVERAGE SKY COVER 0.5


WEATHER CONDITIONS
 THE FOLLOWING WEATHER WAS RECORDED YESTERDAY.
  NO SIGNIFICANT WEATHER WAS OBSERVED.


RELATIVE HUMIDITY (PERCENT)
 HIGHEST    96           500 AM
 LOWEST     32           500 PM
 AVERAGE    64

..........................................................


THE GREYBULL WY CLIMATE NORMALS FOR TODAY
                         NORMAL    RECORD    YEAR
 MAXIMUM TEMPERATURE (F)   42        60      2016
 MINIMUM TEMPERATURE (F)   16       -16      2014


SUNRISE AND SUNSET
FEBRUARY 26 2017......SUNRISE   654 AM MST   SUNSET   557 PM MST
FEBRUARY 27 2017......SUNRISE   652 AM MST   SUNSET   558 PM MST


-  INDICATES NEGATIVE NUMBERS.
R  INDICATES RECORD WAS SET OR TIED.
MM INDICATES DATA IS MISSING.
T  INDICATES TRACE AMOUNT.




$$
