000
CDUS45 KRIW 240737
CLIGEY


CLIMATE REPORT
NATIONAL WEATHER SERVICE RIVERTON WY
136 AM MDT TUE OCT 24 2017


...................................

...THE GREYBULL WY CLIMATE SUMMARY FOR OCTOBER 23 2017...

CLIMATE NORMAL PERIOD 1981 TO 2010
CLIMATE RECORD PERIOD 1998 TO 2017


WEATHER ITEM   OBSERVED TIME   RECORD YEAR NORMAL DEPARTURE LAST
                VALUE   (LST)  VALUE       VALUE  FROM      YEAR
                                                  NORMAL
..................................................................
TEMPERATURE (F)
 YESTERDAY
  MAXIMUM         59    243 PM  70    2014  57      2       65
                                      2011
                                      1999
  MINIMUM         32   1159 PM  20    2006  30      2       33
                                      2002
  AVERAGE         46                        43      3       49

PRECIPITATION (IN)
  YESTERDAY        0.00          0.07 2001   0.02  -0.02     0.00
  MONTH TO DATE    T                         0.52  -0.52     0.97
  SINCE SEP 1      2.00                      1.40   0.60     3.73
  SINCE JAN 1      3.98                      6.85  -2.87     6.61

DEGREE DAYS
 HEATING
  YESTERDAY       19                        22     -3       16
  MONTH TO DATE  415                       401     14      344
  SINCE SEP 1    646                       611     35      488
  SINCE JUL 1    646                       632     14      507

 COOLING
  YESTERDAY        0                         0      0        0
  MONTH TO DATE    0                         0      0        0
  SINCE SEP 1     62                        36     26       42
  SINCE JAN 1    824                       669    155      887
..................................................................


WIND (MPH)
  HIGHEST WIND SPEED    29   HIGHEST WIND DIRECTION     N (340)
  HIGHEST GUST SPEED    37   HIGHEST GUST DIRECTION    NW (320)
  AVERAGE WIND SPEED    14.2


SKY COVER
  POSSIBLE SUNSHINE  MM
  AVERAGE SKY COVER 0.1


WEATHER CONDITIONS
 THE FOLLOWING WEATHER WAS RECORDED YESTERDAY.
  NO SIGNIFICANT WEATHER WAS OBSERVED.


RELATIVE HUMIDITY (PERCENT)
 HIGHEST    47          1100 PM
 LOWEST     17           200 PM
 AVERAGE    32

..........................................................


THE GREYBULL WY CLIMATE NORMALS FOR TODAY
                         NORMAL    RECORD    YEAR
 MAXIMUM TEMPERATURE (F)   57        77      2014
 MINIMUM TEMPERATURE (F)   29        22      2006


SUNRISE AND SUNSET
OCTOBER 24 2017.......SUNRISE   740 AM MDT   SUNSET   613 PM MDT
OCTOBER 25 2017.......SUNRISE   741 AM MDT   SUNSET   611 PM MDT


-  INDICATES NEGATIVE NUMBERS.
R  INDICATES RECORD WAS SET OR TIED.
MM INDICATES DATA IS MISSING.
T  INDICATES TRACE AMOUNT.




$$
