000
CDUS45 KRIW 250735
CLIGEY


CLIMATE REPORT
NATIONAL WEATHER SERVICE RIVERTON WY
135 AM MDT FRI JUL 25 2014


...................................

...THE GREYBULL WY CLIMATE SUMMARY FOR JULY 24 2014...

CLIMATE NORMAL PERIOD 1981 TO 2010
CLIMATE RECORD PERIOD 1998 TO 2014


WEATHER ITEM   OBSERVED TIME   RECORD YEAR NORMAL DEPARTURE LAST
                VALUE   (LST)  VALUE       VALUE  FROM      YEAR
                                                  NORMAL
..................................................................
TEMPERATURE (F)
 YESTERDAY
  MAXIMUM        105R   232 PM 104    2007  92     13       94
  MINIMUM         66    452 AM  49    2004  58      8       61
  AVERAGE         86                        75     11       78

PRECIPITATION (IN)
  YESTERDAY        0.00          T    2012   0.02  -0.02     0.00
                                      2007
                                      2006
  MONTH TO DATE    0.21                      0.55  -0.34     0.27
  SINCE JUN 1      1.15                      1.75  -0.60     0.67
  SINCE JAN 1      2.85                      4.92  -2.07     2.57

DEGREE DAYS
 HEATING
  YESTERDAY        0                         0      0        0
  MONTH TO DATE    0                         1     -1        0
  SINCE JUN 1     56                        71    -15       36
  SINCE JUL 1      0                         1     -1        0

 COOLING
  YESTERDAY       21                        10     11       13
  MONTH TO DATE  283                       208     75      319
  SINCE JUN 1    332                       314     18      492
  SINCE JAN 1    374                       334     40      519
..................................................................


WIND (MPH)
  HIGHEST WIND SPEED    37   HIGHEST WIND DIRECTION     W (290)
  HIGHEST GUST SPEED    45   HIGHEST GUST DIRECTION     W (290)
  AVERAGE WIND SPEED    10.0


SKY COVER
  POSSIBLE SUNSHINE  MM
  AVERAGE SKY COVER 0.0


WEATHER CONDITIONS
 THE FOLLOWING WEATHER WAS RECORDED YESTERDAY.
  NO SIGNIFICANT WEATHER WAS OBSERVED.


RELATIVE HUMIDITY (PERCENT)
 HIGHEST    45           500 AM
 LOWEST      5           500 PM
 AVERAGE    25

..........................................................


THE GREYBULL WY CLIMATE NORMALS FOR TODAY
                         NORMAL    RECORD    YEAR
 MAXIMUM TEMPERATURE (F)   92       100      2011
 MINIMUM TEMPERATURE (F)   58        51      2005


SUNRISE AND SUNSET
JULY 25 2014..........SUNRISE   552 AM MDT   SUNSET   845 PM MDT
JULY 26 2014..........SUNRISE   553 AM MDT   SUNSET   844 PM MDT


-  INDICATES NEGATIVE NUMBERS.
R  INDICATES RECORD WAS SET OR TIED.
MM INDICATES DATA IS MISSING.
T  INDICATES TRACE AMOUNT.




$$
