000
CDUS45 KRIW 270741
CLIGEY


CLIMATE REPORT
NATIONAL WEATHER SERVICE RIVERTON WY
1241 AM MST FRI FEB 27 2015


...................................

...THE GREYBULL WY CLIMATE SUMMARY FOR FEBRUARY 26 2015...

CLIMATE NORMAL PERIOD 1981 TO 2010
CLIMATE RECORD PERIOD 1998 TO 2015


WEATHER ITEM   OBSERVED TIME   RECORD YEAR NORMAL DEPARTURE LAST
                VALUE   (LST)  VALUE       VALUE  FROM      YEAR
                                                  NORMAL
..................................................................
TEMPERATURE (F)
 YESTERDAY
  MAXIMUM         23    211 PM  58    2006  42    -19       18
  MINIMUM         12   1111 PM -16    2014  16     -4      -16
  AVERAGE         18                        29    -11        1

PRECIPITATION (IN)
  YESTERDAY        T   R         T    2012   0.00   0.00     0.00
                                      2009
                                      2004
  MONTH TO DATE    0.04                      0.16  -0.12     0.22
  SINCE DEC 1      0.47                      0.67  -0.20     0.29
  SINCE JAN 1      0.26                      0.39  -0.13     0.26

DEGREE DAYS
 HEATING
  YESTERDAY       47                        36     11       64
  MONTH TO DATE  809                      1089   -280     1308
  SINCE DEC 1   3722                      4046   -324     3973
  SINCE JUL 1   5555                      5903   -348     5781

 COOLING
  YESTERDAY        0                         0      0        0
  MONTH TO DATE    0                         0      0        0
  SINCE DEC 1      0                         0      0        0
  SINCE JAN 1      0                         0      0        0
..................................................................


WIND (MPH)
  HIGHEST WIND SPEED    20   HIGHEST WIND DIRECTION    NW (330)
  HIGHEST GUST SPEED    24   HIGHEST GUST DIRECTION    NW (320)
  AVERAGE WIND SPEED     9.9


SKY COVER
  POSSIBLE SUNSHINE  MM
  AVERAGE SKY COVER 0.9


WEATHER CONDITIONS
 THE FOLLOWING WEATHER WAS RECORDED YESTERDAY.
  LIGHT SNOW
  HAZE


RELATIVE HUMIDITY (PERCENT)
 HIGHEST    70          1100 PM
 LOWEST     45           100 PM
 AVERAGE    58

..........................................................


THE GREYBULL WY CLIMATE NORMALS FOR TODAY
                         NORMAL    RECORD    YEAR
 MAXIMUM TEMPERATURE (F)   42        67      2006
 MINIMUM TEMPERATURE (F)   17       -10      2014


SUNRISE AND SUNSET
FEBRUARY 27 2015......SUNRISE   653 AM MST   SUNSET   557 PM MST
FEBRUARY 28 2015......SUNRISE   652 AM MST   SUNSET   559 PM MST


-  INDICATES NEGATIVE NUMBERS.
R  INDICATES RECORD WAS SET OR TIED.
MM INDICATES DATA IS MISSING.
T  INDICATES TRACE AMOUNT.




$$
