000
CDUS45 KRIW 160739
CLIGEY


CLIMATE REPORT
NATIONAL WEATHER SERVICE RIVERTON WY
138 AM MDT TUE SEP 16 2014


...................................

...THE GREYBULL WY CLIMATE SUMMARY FOR SEPTEMBER 15 2014...

CLIMATE NORMAL PERIOD 1981 TO 2010
CLIMATE RECORD PERIOD 1998 TO 2014


WEATHER ITEM   OBSERVED TIME   RECORD YEAR NORMAL DEPARTURE LAST
                VALUE   (LST)  VALUE       VALUE  FROM      YEAR
                                                  NORMAL
..................................................................
TEMPERATURE (F)
 YESTERDAY
  MAXIMUM         79    408 PM  96    2000  76      3       73
  MINIMUM         40    614 AM  35    2003  43     -3       58
  AVERAGE         60                        59      1       66

PRECIPITATION (IN)
  YESTERDAY        0.00          0.41 2006   0.03  -0.03     0.00
  MONTH TO DATE    0.45                      0.44   0.01      T
  SINCE SEP 1      0.45                      0.44   0.01      T
  SINCE JAN 1      4.31                      5.89  -1.58     2.62

DEGREE DAYS
 HEATING
  YESTERDAY        5                         6     -1        0
  MONTH TO DATE  116                        61     55        7
  SINCE SEP 1    116                        61     55        7
  SINCE JUL 1    143                        82     61        7

 COOLING
  YESTERDAY        0                         1     -1        1
  MONTH TO DATE   12                        31    -19       88
  SINCE SEP 1     12                        31    -19       88
  SINCE JAN 1    667                       664      3      997
..................................................................


WIND (MPH)
  HIGHEST WIND SPEED    10   HIGHEST WIND DIRECTION     W (290)
  HIGHEST GUST SPEED    12   HIGHEST GUST DIRECTION    NW (300)
  AVERAGE WIND SPEED     3.4


SKY COVER
  POSSIBLE SUNSHINE  MM
  AVERAGE SKY COVER 0.0


WEATHER CONDITIONS
 THE FOLLOWING WEATHER WAS RECORDED YESTERDAY.
  NO SIGNIFICANT WEATHER WAS OBSERVED.


RELATIVE HUMIDITY (PERCENT)
 HIGHEST    92           600 AM
 LOWEST     23           400 PM
 AVERAGE    58

..........................................................


THE GREYBULL WY CLIMATE NORMALS FOR TODAY
                         NORMAL    RECORD    YEAR
 MAXIMUM TEMPERATURE (F)   75        96      2000
 MINIMUM TEMPERATURE (F)   43        38      2005
                                             1999


SUNRISE AND SUNSET
SEPTEMBER 16 2014.....SUNRISE   652 AM MDT   SUNSET   721 PM MDT
SEPTEMBER 17 2014.....SUNRISE   654 AM MDT   SUNSET   719 PM MDT


-  INDICATES NEGATIVE NUMBERS.
R  INDICATES RECORD WAS SET OR TIED.
MM INDICATES DATA IS MISSING.
T  INDICATES TRACE AMOUNT.




$$
