000
CDUS45 KRIW 010739
CLIGEY


CLIMATE REPORT
NATIONAL WEATHER SERVICE RIVERTON WY
136 AM MDT WED JUL 1 2015


...................................

...THE GREYBULL WY CLIMATE SUMMARY FOR JUNE 30 2015...

CLIMATE NORMAL PERIOD 1981 TO 2010
CLIMATE RECORD PERIOD 1998 TO 2015


WEATHER ITEM   OBSERVED TIME   RECORD YEAR NORMAL DEPARTURE LAST
                VALUE   (LST)  VALUE       VALUE  FROM      YEAR
                                                  NORMAL
..................................................................
TEMPERATURE (F)
 YESTERDAY
  MAXIMUM         97    447 PM 100    2002  87     10       76
  MINIMUM         70    442 AM  48    2005  55     15       60
  AVERAGE         84                        71     13       68

PRECIPITATION (IN)
  YESTERDAY        T             0.28 1999   0.01  -0.01     0.00
  MONTH TO DATE    0.25                      1.20  -0.95     0.94
  SINCE JUN 1      0.25                      1.20  -0.95     0.94
  SINCE JAN 1      1.83                      4.37  -2.54     2.64

DEGREE DAYS
 HEATING
  YESTERDAY        0                         1     -1        0
  MONTH TO DATE    0                        71    -71       56
  SINCE JUN 1      0                        70    -70       56
  SINCE JUL 1   7119                      7750   -631     7640

 COOLING
  YESTERDAY       19                         6     13        3
  MONTH TO DATE  245                       106    139       49
  SINCE JUN 1    245                       106    139       49
  SINCE JAN 1    250                       126    124       91
..................................................................


WIND (MPH)
  HIGHEST WIND SPEED    25   HIGHEST WIND DIRECTION    NW (300)
  HIGHEST GUST SPEED    34   HIGHEST GUST DIRECTION     N (350)
  AVERAGE WIND SPEED     8.7


SKY COVER
  POSSIBLE SUNSHINE  MM
  AVERAGE SKY COVER 0.1


WEATHER CONDITIONS
 THE FOLLOWING WEATHER WAS RECORDED YESTERDAY.
  NO SIGNIFICANT WEATHER WAS OBSERVED.


RELATIVE HUMIDITY (PERCENT)
 HIGHEST    53           500 AM
 LOWEST     14           500 PM
 AVERAGE    34

..........................................................


THE GREYBULL WY CLIMATE NORMALS FOR TODAY
                         NORMAL    RECORD    YEAR
 MAXIMUM TEMPERATURE (F)   87       103      2012
 MINIMUM TEMPERATURE (F)   55        51      1999


SUNRISE AND SUNSET
JULY  1 2015..........SUNRISE   531 AM MDT   SUNSET   901 PM MDT
JULY  2 2015..........SUNRISE   532 AM MDT   SUNSET   901 PM MDT


-  INDICATES NEGATIVE NUMBERS.
R  INDICATES RECORD WAS SET OR TIED.
MM INDICATES DATA IS MISSING.
T  INDICATES TRACE AMOUNT.




$$
