000
CDUS43 KIND 230534
CLIGEZ


CLIMATE REPORT
NATIONAL WEATHER SERVICE INDIANAPOLIS IN
1234 AM EST SUN NOV 23 2014


...................................

...THE SHELBYVILLE IN CLIMATE SUMMARY FOR NOVEMBER 22 2014...

CLIMATE NORMAL PERIOD 1981 TO 2010
CLIMATE RECORD PERIOD 9999 TO 9999


WEATHER ITEM   OBSERVED TIME   NORMAL DEPARTURE LAST
                VALUE   (LST)  VALUE  FROM      YEAR
                                      NORMAL
......................................................
TEMPERATURE (F)
 YESTERDAY
  MAXIMUM         57    416 PM  50      7       53
  MINIMUM         32   1235 AM  32      0       35
  AVERAGE         45            41      4       44

PRECIPITATION (IN)
  YESTERDAY        0.04          0.13  -0.09     0.04
  MONTH TO DATE    0.82          2.74  -1.92     1.52
  SINCE SEP 1      7.31          9.02  -1.71     7.83
  SINCE JAN 1     34.22         39.30  -5.08    29.24

DEGREE DAYS
 HEATING
  YESTERDAY       20            24     -4       21
  MONTH TO DATE  620           431    189      435
  SINCE SEP 1    986           860    126      772
  SINCE JUL 1    991           866    125      780

 COOLING
  YESTERDAY        0             0      0        0
  MONTH TO DATE    0             0      0        0
  SINCE SEP 1    110           107      3      194
  SINCE JAN 1   1080           913    167     1179
......................................................


WIND (MPH)
  HIGHEST WIND SPEED    20   HIGHEST WIND DIRECTION     S (190)
  HIGHEST GUST SPEED    25   HIGHEST GUST DIRECTION     S (180)
  AVERAGE WIND SPEED    11.5


SKY COVER
  AVERAGE SKY COVER 1.0


WEATHER CONDITIONS
 THE FOLLOWING WEATHER WAS RECORDED YESTERDAY.
  RAIN
  LIGHT RAIN


RELATIVE HUMIDITY (PERCENT)
 HIGHEST    76           700 AM
 LOWEST     49          1200 AM
 AVERAGE    63

..........................................................


THE SHELBYVILLE IN CLIMATE NORMALS FOR TODAY
                         NORMAL
 MAXIMUM TEMPERATURE (F)   49
 MINIMUM TEMPERATURE (F)   32


SUNRISE AND SUNSET
NOVEMBER 23 2014......SUNRISE   736 AM EST   SUNSET   523 PM EST
NOVEMBER 24 2014......SUNRISE   737 AM EST   SUNSET   522 PM EST


-  INDICATES NEGATIVE NUMBERS.
R  INDICATES RECORD WAS SET OR TIED.
MM INDICATES DATA IS MISSING.
T  INDICATES TRACE AMOUNT.




$$
