000
CDUS43 KIND 230531
CLIGEZ


CLIMATE REPORT
NATIONAL WEATHER SERVICE INDIANAPOLIS IN
130 AM EDT SAT MAY 23 2015


...................................

...THE SHELBYVILLE IN CLIMATE SUMMARY FOR MAY 22 2015...

CLIMATE NORMAL PERIOD 1981 TO 2010
CLIMATE RECORD PERIOD 9999 TO 9999


WEATHER ITEM   OBSERVED TIME   NORMAL DEPARTURE LAST
                VALUE   (LST)  VALUE  FROM      YEAR
                                      NORMAL
......................................................
TEMPERATURE (F)
 YESTERDAY
  MAXIMUM         78    315 PM  75      3       79
  MINIMUM         45    425 AM  55    -10       61
  AVERAGE         62            65     -3       70

PRECIPITATION (IN)
  YESTERDAY        0.00          0.16  -0.16     0.00
  MONTH TO DATE    1.27          3.97  -2.70     4.13
  SINCE MAR 1      9.80         11.72  -1.92    11.59
  SINCE JAN 1     12.82         16.47  -3.65    15.47

DEGREE DAYS
 HEATING
  YESTERDAY        3             3      0        0
  MONTH TO DATE   59           115    -56      103
  SINCE MAR 1   1113          1212    -99     1204
  SINCE JUL 1   5554          5375    179     5702

 COOLING
  YESTERDAY        0             3     -3        5
  MONTH TO DATE  102            37     65       78
  SINCE MAR 1    110            50     60       88
  SINCE JAN 1    110            50     60       88
......................................................


WIND (MPH)
  HIGHEST WIND SPEED    17   HIGHEST WIND DIRECTION     W (290)
  HIGHEST GUST SPEED    28   HIGHEST GUST DIRECTION     W (290)
  AVERAGE WIND SPEED     7.6


SKY COVER
  AVERAGE SKY COVER 0.1


WEATHER CONDITIONS
 THE FOLLOWING WEATHER WAS RECORDED YESTERDAY.
  NO SIGNIFICANT WEATHER WAS OBSERVED.


RELATIVE HUMIDITY (PERCENT)
 HIGHEST    82           300 AM
 LOWEST     29           300 PM
 AVERAGE    56

..........................................................


THE SHELBYVILLE IN CLIMATE NORMALS FOR TODAY
                         NORMAL
 MAXIMUM TEMPERATURE (F)   76
 MINIMUM TEMPERATURE (F)   55


SUNRISE AND SUNSET
MAY 23 2015...........SUNRISE   623 AM EDT   SUNSET   858 PM EDT
MAY 24 2015...........SUNRISE   622 AM EDT   SUNSET   858 PM EDT


-  INDICATES NEGATIVE NUMBERS.
R  INDICATES RECORD WAS SET OR TIED.
MM INDICATES DATA IS MISSING.
T  INDICATES TRACE AMOUNT.




$$
