000
CDUS43 KIND 270532
CLIGEZ


CLIMATE REPORT
NATIONAL WEATHER SERVICE INDIANAPOLIS IN
131 AM EDT FRI MAY 27 2016


...................................

...THE SHELBYVILLE IN CLIMATE SUMMARY FOR MAY 26 2016...

CLIMATE NORMAL PERIOD 1981 TO 2010
CLIMATE RECORD PERIOD 9999 TO 9999


WEATHER ITEM   OBSERVED TIME   NORMAL DEPARTURE LAST
                VALUE   (LST)  VALUE  FROM      YEAR
                                      NORMAL
......................................................
TEMPERATURE (F)
 YESTERDAY
  MAXIMUM         78    523 PM  77      1       84
  MINIMUM         64   1131 PM  56      8       68
  AVERAGE         71            66      5       76

PRECIPITATION (IN)
  YESTERDAY        0.01          0.14  -0.13     0.47
  MONTH TO DATE    2.24          4.59  -2.35     1.80
  SINCE MAR 1     11.82         12.34  -0.52    10.33
  SINCE JAN 1     16.46         17.09  -0.63    13.35

DEGREE DAYS
 HEATING
  YESTERDAY        0             2     -2        0
  MONTH TO DATE  134           126      8       59
  SINCE MAR 1    902          1223   -321     1113
  SINCE JUL 1   4071          5386  -1315     5554

 COOLING
  YESTERDAY        6             4      2       11
  MONTH TO DATE   39            50    -11      138
  SINCE MAR 1     59            63     -4      146
  SINCE JAN 1     59            63     -4      146
......................................................


WIND (MPH)
  HIGHEST WIND SPEED    26   HIGHEST WIND DIRECTION    SW (240)
  HIGHEST GUST SPEED    34   HIGHEST GUST DIRECTION    SW (230)
  AVERAGE WIND SPEED     9.3


SKY COVER
  AVERAGE SKY COVER 0.5


WEATHER CONDITIONS
 THE FOLLOWING WEATHER WAS RECORDED YESTERDAY.
  LIGHT RAIN


RELATIVE HUMIDITY (PERCENT)
 HIGHEST    87          1100 PM
 LOWEST     62           500 PM
 AVERAGE    75

..........................................................


THE SHELBYVILLE IN CLIMATE NORMALS FOR TODAY
                         NORMAL
 MAXIMUM TEMPERATURE (F)   77
 MINIMUM TEMPERATURE (F)   56


SUNRISE AND SUNSET
MAY 27 2016...........SUNRISE   620 AM EDT   SUNSET   901 PM EDT
MAY 28 2016...........SUNRISE   619 AM EDT   SUNSET   902 PM EDT


-  INDICATES NEGATIVE NUMBERS.
R  INDICATES RECORD WAS SET OR TIED.
MM INDICATES DATA IS MISSING.
T  INDICATES TRACE AMOUNT.




$$
