000
CDUS43 KIND 230531
CLIGEZ


CLIMATE REPORT
NATIONAL WEATHER SERVICE INDIANAPOLIS IN
130 AM EDT TUE MAY 23 2017


...................................

...THE SHELBYVILLE IN CLIMATE SUMMARY FOR MAY 22 2017...

CLIMATE NORMAL PERIOD 1981 TO 2010
CLIMATE RECORD PERIOD 9999 TO 9999


WEATHER ITEM   OBSERVED TIME   NORMAL DEPARTURE LAST
                VALUE   (LST)  VALUE  FROM      YEAR
                                      NORMAL
......................................................
TEMPERATURE (F)
 YESTERDAY
  MAXIMUM         73    406 PM  75     -2       82
  MINIMUM         50    608 AM  55     -5       49
  AVERAGE         62            65     -3       66

PRECIPITATION (IN)
  YESTERDAY        0.00          0.16  -0.16     0.00
  MONTH TO DATE    4.65          3.97   0.68     2.23
  SINCE MAR 1     11.91         11.72   0.19    11.81
  SINCE JAN 1     17.35         16.47   0.88    16.45

DEGREE DAYS
 HEATING
  YESTERDAY        3             3      0        0
  MONTH TO DATE  113           115     -2      133
  SINCE MAR 1    917          1212   -295      901
  SINCE JUL 1   4100          5375  -1275     4070

 COOLING
  YESTERDAY        0             3     -3        1
  MONTH TO DATE   70            37     33       20
  SINCE MAR 1    130            50     80       40
  SINCE JAN 1    130            50     80       40
......................................................


WIND (MPH)
  HIGHEST WIND SPEED    21   HIGHEST WIND DIRECTION    NW (300)
  HIGHEST GUST SPEED    24   HIGHEST GUST DIRECTION    NW (310)
  AVERAGE WIND SPEED     5.8


SKY COVER
  AVERAGE SKY COVER 0.0


WEATHER CONDITIONS
 THE FOLLOWING WEATHER WAS RECORDED YESTERDAY.
  NO SIGNIFICANT WEATHER WAS OBSERVED.


RELATIVE HUMIDITY (PERCENT)
 HIGHEST    74           500 AM
 LOWEST     31           500 PM
 AVERAGE    53

..........................................................


THE SHELBYVILLE IN CLIMATE NORMALS FOR TODAY
                         NORMAL
 MAXIMUM TEMPERATURE (F)   76
 MINIMUM TEMPERATURE (F)   55


SUNRISE AND SUNSET
MAY 23 2017...........SUNRISE   622 AM EDT   SUNSET   858 PM EDT
MAY 24 2017...........SUNRISE   622 AM EDT   SUNSET   859 PM EDT


-  INDICATES NEGATIVE NUMBERS.
R  INDICATES RECORD WAS SET OR TIED.
MM INDICATES DATA IS MISSING.
T  INDICATES TRACE AMOUNT.




$$
