000
CDUS43 KIND 270535
CLIGEZ


CLIMATE REPORT
NATIONAL WEATHER SERVICE INDIANAPOLIS IN
134 AM EDT MON MAR 27 2017


...................................

...THE SHELBYVILLE IN CLIMATE SUMMARY FOR MARCH 26 2017...

CLIMATE NORMAL PERIOD 1981 TO 2010
CLIMATE RECORD PERIOD 9999 TO 9999


WEATHER ITEM   OBSERVED TIME   NORMAL DEPARTURE LAST
                VALUE   (LST)  VALUE  FROM      YEAR
                                      NORMAL
......................................................
TEMPERATURE (F)
 YESTERDAY
  MAXIMUM         66    152 PM  56     10       64
  MINIMUM         50   1159 PM  35     15       33
  AVERAGE         58            46     12       49

PRECIPITATION (IN)
  YESTERDAY        0.73          0.13   0.60     0.00
  MONTH TO DATE    3.36          2.73   0.63     3.62
  SINCE MAR 1      3.36          2.73   0.63     3.62
  SINCE JAN 1      8.80          7.48   1.32     8.26

DEGREE DAYS
 HEATING
  YESTERDAY        7            19    -12       16
  MONTH TO DATE  577           629    -52      394
  SINCE MAR 1    577           629    -52      394
  SINCE JUL 1   3760          4792  -1032     3563

 COOLING
  YESTERDAY        0             0      0        0
  MONTH TO DATE    4             0      4        0
  SINCE MAR 1      4             0      4        0
  SINCE JAN 1      4             0      4        0
......................................................


WIND (MPH)
  HIGHEST WIND SPEED    21   HIGHEST WIND DIRECTION     S (180)
  HIGHEST GUST SPEED    27   HIGHEST GUST DIRECTION     S (180)
  AVERAGE WIND SPEED    11.5


SKY COVER
  AVERAGE SKY COVER 0.8


WEATHER CONDITIONS
 THE FOLLOWING WEATHER WAS RECORDED YESTERDAY.
  THUNDERSTORM
  HEAVY RAIN
  RAIN
  LIGHT RAIN
  FOG


RELATIVE HUMIDITY (PERCENT)
 HIGHEST    93           600 AM
 LOWEST     67           200 PM
 AVERAGE    80

..........................................................


THE SHELBYVILLE IN CLIMATE NORMALS FOR TODAY
                         NORMAL
 MAXIMUM TEMPERATURE (F)   57
 MINIMUM TEMPERATURE (F)   36


SUNRISE AND SUNSET
MARCH 27 2017.........SUNRISE   735 AM EDT   SUNSET   803 PM EDT
MARCH 28 2017.........SUNRISE   733 AM EDT   SUNSET   804 PM EDT


-  INDICATES NEGATIVE NUMBERS.
R  INDICATES RECORD WAS SET OR TIED.
MM INDICATES DATA IS MISSING.
T  INDICATES TRACE AMOUNT.




$$
