000
CDUS43 KIND 110535
CLIGEZ


CLIMATE REPORT
NATIONAL WEATHER SERVICE INDIANAPOLIS IN
132 AM EDT FRI JUL 11 2014


...................................

...THE SHELBYVILLE IN CLIMATE SUMMARY FOR JULY 10 2014...

CLIMATE NORMAL PERIOD 1981 TO 2010
CLIMATE RECORD PERIOD 9999 TO 9999


WEATHER ITEM   OBSERVED TIME   NORMAL DEPARTURE LAST
                VALUE   (LST)  VALUE  FROM      YEAR
                                      NORMAL
......................................................
TEMPERATURE (F)
 YESTERDAY
  MAXIMUM         82    422 PM  85     -3       88
  MINIMUM         59    600 AM  64     -5       72
  AVERAGE         71            74     -3       80

PRECIPITATION (IN)
  YESTERDAY        0.00          0.17  -0.17      T
  MONTH TO DATE    0.64          1.40  -0.76     0.47
  SINCE JUN 1      6.04          5.80   0.24     4.95
  SINCE JAN 1     21.53         23.58  -2.05    17.26

DEGREE DAYS
 HEATING
  YESTERDAY        0             0      0        0
  MONTH TO DATE    0             0      0        0
  SINCE JUN 1      1            15    -14        5
  SINCE JUL 1      0             0      0        0

 COOLING
  YESTERDAY        6             9     -3       15
  MONTH TO DATE   76            90    -14      101
  SINCE JUN 1    392           299     93      367
  SINCE JAN 1    555           380    175      535
......................................................


WIND (MPH)
  HIGHEST WIND SPEED    10   HIGHEST WIND DIRECTION     N (360)
  HIGHEST GUST SPEED    21   HIGHEST GUST DIRECTION     E (90)
  AVERAGE WIND SPEED     4.8


SKY COVER
  AVERAGE SKY COVER 0.1


WEATHER CONDITIONS
 THE FOLLOWING WEATHER WAS RECORDED YESTERDAY.
  NO SIGNIFICANT WEATHER WAS OBSERVED.


RELATIVE HUMIDITY (PERCENT)
 HIGHEST    90           100 AM
 LOWEST     42           600 PM
 AVERAGE    66

..........................................................


THE SHELBYVILLE IN CLIMATE NORMALS FOR TODAY
                         NORMAL
 MAXIMUM TEMPERATURE (F)   85
 MINIMUM TEMPERATURE (F)   64


SUNRISE AND SUNSET
JULY 11 2014..........SUNRISE   625 AM EDT   SUNSET   912 PM EDT
JULY 12 2014..........SUNRISE   626 AM EDT   SUNSET   911 PM EDT


-  INDICATES NEGATIVE NUMBERS.
R  INDICATES RECORD WAS SET OR TIED.
MM INDICATES DATA IS MISSING.
T  INDICATES TRACE AMOUNT.




$$
