000
CDUS43 KIND 100533
CLIGEZ


CLIMATE REPORT
NATIONAL WEATHER SERVICE INDIANAPOLIS IN
1233 AM EST SAT DEC 10 2016


...................................

...THE SHELBYVILLE IN CLIMATE SUMMARY FOR DECEMBER 9 2016...

CLIMATE NORMAL PERIOD 1981 TO 2010
CLIMATE RECORD PERIOD 9999 TO 9999


WEATHER ITEM   OBSERVED TIME   NORMAL DEPARTURE LAST
                VALUE   (LST)  VALUE  FROM      YEAR
                                      NORMAL
......................................................
TEMPERATURE (F)
 YESTERDAY
  MAXIMUM         28        MM  41    -13       57
  MINIMUM         21        MM  26     -5       41
  AVERAGE         25            33     -8       49

PRECIPITATION (IN)
  YESTERDAY        T             0.11  -0.11     0.00
  MONTH TO DATE    0.58          1.00  -0.42     0.28
  SINCE DEC 1      0.58          1.00  -0.42     0.28
  SINCE JAN 1     41.93         41.29   0.64    39.35

DEGREE DAYS
 HEATING
  YESTERDAY       40            32      8       16
  MONTH TO DATE  273           270      3      230
  SINCE DEC 1    273           270      3      230
  SINCE JUL 1    959          1345   -386      957

 COOLING
  YESTERDAY        0             0      0        0
  MONTH TO DATE    0             0      0        0
  SINCE DEC 1      0             0      0        0
  SINCE JAN 1   1470           913    557     1229
......................................................


WIND (MPH)
  HIGHEST WIND SPEED    13   HIGHEST WIND DIRECTION     W (260)
  HIGHEST GUST SPEED    20   HIGHEST GUST DIRECTION     W (260)
  AVERAGE WIND SPEED     9.2


SKY COVER
  AVERAGE SKY COVER 0.8


WEATHER CONDITIONS
 THE FOLLOWING WEATHER WAS RECORDED YESTERDAY.
  LIGHT SNOW


RELATIVE HUMIDITY (PERCENT)
 HIGHEST    77           300 AM
 LOWEST     57          1200 PM
 AVERAGE    67

..........................................................


THE SHELBYVILLE IN CLIMATE NORMALS FOR TODAY
                         NORMAL
 MAXIMUM TEMPERATURE (F)   41
 MINIMUM TEMPERATURE (F)   26


SUNRISE AND SUNSET
DECEMBER 10 2016......SUNRISE   753 AM EST   SUNSET   519 PM EST
DECEMBER 11 2016......SUNRISE   754 AM EST   SUNSET   519 PM EST


-  INDICATES NEGATIVE NUMBERS.
R  INDICATES RECORD WAS SET OR TIED.
MM INDICATES DATA IS MISSING.
T  INDICATES TRACE AMOUNT.




$$
