000
CDUS43 KFGF 180726
CLIGFK


CLIMATE REPORT
NATIONAL WEATHER SERVICE EASTERN NORTH DAKOTA/GRAND FORKS
226 AM CDT THU SEP 18 2014


...................................

...THE GRAND FORKS INTL AP ND CLIMATE SUMMARY FOR SEPTEMBER 17 2014...

CLIMATE NORMAL PERIOD 1981 TO 2010
CLIMATE RECORD PERIOD 1941 TO 2014


WEATHER ITEM   OBSERVED TIME   RECORD YEAR NORMAL DEPARTURE LAST
                VALUE   (LST)  VALUE       VALUE  FROM      YEAR
                                                  NORMAL
..................................................................
TEMPERATURE (F)
 YESTERDAY
  MAXIMUM         66    256 PM  92    1998  69     -3       65
  MINIMUM         41    637 AM  25    1959  44     -3       50
  AVERAGE         54                        56     -2       58

PRECIPITATION (IN)
  YESTERDAY        0.00          1.60 1950   0.07  -0.07     0.00
  MONTH TO DATE    0.63                      1.23  -0.60     0.57
  SINCE SEP 1      0.63                      1.23  -0.60     0.57
  SINCE JAN 1     21.31                     16.46   4.85    14.80

SNOWFALL (IN)
  YESTERDAY        0.0           0.0    MM   0.0    0.0      0.0
  MONTH TO DATE    0.0                       0.0    0.0      0.0
  SINCE SEP 1      0.0                       0.0    0.0      0.0
  SINCE JUL 1      0.0                       0.0    0.0      0.0
  SNOW DEPTH       0

DEGREE DAYS
 HEATING
  YESTERDAY       11                         9      2        7
  MONTH TO DATE  130                       110     20       67
  SINCE SEP 1    130                       110     20       67
  SINCE JUL 1    184                       192     -8      149

 COOLING
  YESTERDAY        0                         1     -1        0
  MONTH TO DATE    5                        23    -18       30
  SINCE SEP 1      5                        23    -18       30
  SINCE JAN 1    366                       375     -9      478
..................................................................


WIND (MPH)
  HIGHEST WIND SPEED    17   HIGHEST WIND DIRECTION     N (10)
  HIGHEST GUST SPEED    23   HIGHEST GUST DIRECTION     N (360)
  AVERAGE WIND SPEED     7.9


SKY COVER
  POSSIBLE SUNSHINE  MM
  AVERAGE SKY COVER 0.1


WEATHER CONDITIONS
 THE FOLLOWING WEATHER WAS RECORDED YESTERDAY.
  NO SIGNIFICANT WEATHER WAS OBSERVED.


RELATIVE HUMIDITY (PERCENT)
 HIGHEST    93           600 AM
 LOWEST     52           500 PM
 AVERAGE    73

..........................................................


THE GRAND FORKS INTL AP ND CLIMATE NORMALS FOR TODAY
                         NORMAL    RECORD    YEAR
 MAXIMUM TEMPERATURE (F)   69        87      1989
 MINIMUM TEMPERATURE (F)   43        32      2012


SUNRISE AND SUNSET
SEPTEMBER 18 2014.....SUNRISE   710 AM CDT   SUNSET   735 PM CDT
SEPTEMBER 19 2014.....SUNRISE   711 AM CDT   SUNSET   733 PM CDT


-  INDICATES NEGATIVE NUMBERS.
R  INDICATES RECORD WAS SET OR TIED.
MM INDICATES DATA IS MISSING.
T  INDICATES TRACE AMOUNT.




$$
