000
CDUS43 KFGF 182253
CLIGFK


CLIMATE REPORT
NATIONAL WEATHER SERVICE EASTERN NORTH DAKOTA/GRAND FORKS
447 PM CST THU DEC 18 2014


...................................

...THE GRAND FORKS INTL AP ND CLIMATE SUMMARY FOR DECEMBER 18 2014...
VALID TODAY AS OF 0400 PM LOCAL TIME.

CLIMATE NORMAL PERIOD 1981 TO 2010
CLIMATE RECORD PERIOD 1941 TO 2014


WEATHER ITEM   OBSERVED TIME   RECORD YEAR NORMAL DEPARTURE LAST
                VALUE   (LST)  VALUE       VALUE  FROM      YEAR
                                                  NORMAL
..................................................................
TEMPERATURE (F)
 TODAY
  MAXIMUM         19    359 PM  51    2011  19      0       22
  MINIMUM          2    340 AM -28    1955   2      0       -1
  AVERAGE         11                        10      1       11

PRECIPITATION (IN)
  TODAY            0.00          0.25 1958   0.02  -0.02      T
  MONTH TO DATE    0.04                      0.35  -0.31     0.64
  SINCE DEC 1      0.04                      0.35  -0.31     0.64
  SINCE JAN 1     22.69                     20.55   2.14    19.47

SNOWFALL (IN)
  TODAY            0.0           3.9  1992   0.3   -0.3       T
  MONTH TO DATE    0.6                       6.0   -5.4     17.4
  SINCE DEC 1      0.6                       6.0   -5.4     17.4
  SINCE JUL 1      4.6                      15.2  -10.6     19.0
  SNOW DEPTH       0

DEGREE DAYS
 HEATING
  TODAY           54                        55     -1       54
  MONTH TO DATE  841                       928    -87     1146
  SINCE DEC 1    841                       928    -87     1146
  SINCE JUL 1   2985                      3127   -142     3257

 COOLING
  TODAY            0                         0      0        0
  MONTH TO DATE    0                         0      0        0
  SINCE DEC 1      0                         0      0        0
  SINCE JAN 1    395                       379     16      487
..................................................................


WIND (MPH)
  HIGHEST WIND SPEED    16   HIGHEST WIND DIRECTION    SE (150)
  HIGHEST GUST SPEED    18   HIGHEST GUST DIRECTION    SE (150)
  AVERAGE WIND SPEED     6.2


SKY COVER
  POSSIBLE SUNSHINE  MM
  AVERAGE SKY COVER 0.6


WEATHER CONDITIONS
 THE FOLLOWING WEATHER WAS RECORDED TODAY.
  FOG


RELATIVE HUMIDITY (PERCENT)
 HIGHEST    95           300 AM
 LOWEST     77           400 PM
 AVERAGE    86

..........................................................


THE GRAND FORKS INTL AP ND CLIMATE NORMALS FOR TOMORROW
                         NORMAL    RECORD    YEAR
 MAXIMUM TEMPERATURE (F)   19        44      2006
 MINIMUM TEMPERATURE (F)    1       -30      1955


SUNRISE AND SUNSET
DECEMBER 18 2014......SUNRISE   814 AM CST   SUNSET   437 PM CST
DECEMBER 19 2014......SUNRISE   814 AM CST   SUNSET   437 PM CST


-  INDICATES NEGATIVE NUMBERS.
R  INDICATES RECORD WAS SET OR TIED.
MM INDICATES DATA IS MISSING.
T  INDICATES TRACE AMOUNT.




$$
