000
CDUS43 KFGF 060720
CLIGFK


CLIMATE REPORT
NATIONAL WEATHER SERVICE EASTERN NORTH DAKOTA/GRAND FORKS
219 AM CDT MON JUL 6 2015


...................................

...THE GRAND FORKS INTL AP ND CLIMATE SUMMARY FOR JULY 5 2015...

CLIMATE NORMAL PERIOD 1981 TO 2010
CLIMATE RECORD PERIOD 1941 TO 2015


WEATHER ITEM   OBSERVED TIME   RECORD YEAR NORMAL DEPARTURE LAST
                VALUE   (LST)  VALUE       VALUE  FROM      YEAR
                                                  NORMAL
..................................................................
TEMPERATURE (F)
 YESTERDAY
  MAXIMUM         77    453 PM 104    1988  80     -3       92
  MINIMUM         61   1159 PM  37    1983  56      5       68
  AVERAGE         69                        68      1       80

PRECIPITATION (IN)
  YESTERDAY        0.92          1.96 1988   0.12   0.80     0.00
  MONTH TO DATE    0.92                      0.60   0.32     0.18
  SINCE JUN 1      3.43                      4.08  -0.65     6.78
  SINCE JAN 1      9.74                      9.80  -0.06    13.96

SNOWFALL (IN)
  YESTERDAY        0.0          MM      MM   0.0    0.0      0.0
  MONTH TO DATE    0.0                       0.0    0.0      0.0
  SINCE JUN 1      0.0                       0.0    0.0      0.0
  SINCE JUL 1      0.0                       0.0    0.0      0.0
  SNOW DEPTH       0

DEGREE DAYS
 HEATING
  YESTERDAY        0                         1     -1        0
  MONTH TO DATE    0                         6     -6       14
  SINCE JUN 1     58                       109    -51       60
  SINCE JUL 1      0                         6     -6       14

 COOLING
  YESTERDAY        4                         4      0       15
  MONTH TO DATE   23                        20      3       18
  SINCE JUN 1     88                        95     -7       85
  SINCE JAN 1     94                       112    -18      138
..................................................................


WIND (MPH)
  HIGHEST WIND SPEED    16   HIGHEST WIND DIRECTION     N (350)
  HIGHEST GUST SPEED    20   HIGHEST GUST DIRECTION     N (350)
  AVERAGE WIND SPEED     9.5


SKY COVER
  POSSIBLE SUNSHINE  MM
  AVERAGE SKY COVER 0.9


WEATHER CONDITIONS
 THE FOLLOWING WEATHER WAS RECORDED YESTERDAY.
  THUNDERSTORM
  HEAVY RAIN
  RAIN
  LIGHT RAIN
  FOG
  HAZE


RELATIVE HUMIDITY (PERCENT)
 HIGHEST   100          1200 PM
 LOWEST     69           500 PM
 AVERAGE    85

..........................................................


THE GRAND FORKS INTL AP ND CLIMATE NORMALS FOR TODAY
                         NORMAL    RECORD    YEAR
 MAXIMUM TEMPERATURE (F)   80        97      1988
 MINIMUM TEMPERATURE (F)   56        42      1942


SUNRISE AND SUNSET
JULY  6 2015..........SUNRISE   537 AM CDT   SUNSET   930 PM CDT
JULY  7 2015..........SUNRISE   538 AM CDT   SUNSET   929 PM CDT


-  INDICATES NEGATIVE NUMBERS.
R  INDICATES RECORD WAS SET OR TIED.
MM INDICATES DATA IS MISSING.
T  INDICATES TRACE AMOUNT.




$$
