007
CDUS43 KFGF 070639
CLIGFK


CLIMATE REPORT
NATIONAL WEATHER SERVICE EASTERN NORTH DAKOTA/GRAND FORKS
1237 AM CST SUN FEB 7 2016


...................................

...THE GRAND FORKS INTL AP ND CLIMATE SUMMARY FOR FEBRUARY 6 2016...

CLIMATE NORMAL PERIOD 1981 TO 2010
CLIMATE RECORD PERIOD 1941 TO 2016


WEATHER ITEM   OBSERVED TIME   RECORD YEAR NORMAL DEPARTURE LAST
                VALUE   (LST)  VALUE       VALUE  FROM      YEAR
                                                  NORMAL
..................................................................
TEMPERATURE (F)
 YESTERDAY
  MAXIMUM         41    845 PM  47    2002  19     22       18
                                      1991
  MINIMUM         20    608 AM -34    1967  -1     21       12
  AVERAGE         31                         9     22       15

PRECIPITATION (IN)
  YESTERDAY        T             0.11 2010   0.02  -0.02     0.02
                                      2010
                                      2013
  MONTH TO DATE    0.02                      0.09  -0.07     0.02
  SINCE DEC 1      1.40                      1.25   0.15     0.66
  SINCE JAN 1      0.34                      0.64  -0.30     0.44

SNOWFALL (IN)
  YESTERDAY        0.0           1.5  1988   0.2   -0.2      0.3
  MONTH TO DATE    0.5                       1.4   -0.9      0.3
  SINCE DEC 1     21.1                      22.8   -1.7      5.9
  SINCE JUL 1     23.8                      32.0   -8.2      9.9
  SNOW DEPTH       1

DEGREE DAYS
 HEATING
  YESTERDAY       34                        56    -22       50
  MONTH TO DATE  249                       339    -90      346
  SINCE DEC 1   3306                      3806   -500     3420
  SINCE JUL 1   4971                      6005  -1034     5564

 COOLING
  YESTERDAY        0                         0      0        0
  MONTH TO DATE    0                         0      0        0
  SINCE DEC 1      0                         0      0        0
  SINCE JAN 1      0                         0      0        0
..................................................................


WIND (MPH)
  HIGHEST WIND SPEED    24   HIGHEST WIND DIRECTION     W (280)
  HIGHEST GUST SPEED    28   HIGHEST GUST DIRECTION     W (270)
  AVERAGE WIND SPEED    12.0


SKY COVER
  POSSIBLE SUNSHINE  MM
  AVERAGE SKY COVER 0.6


WEATHER CONDITIONS
 THE FOLLOWING WEATHER WAS RECORDED YESTERDAY.
  NO SIGNIFICANT WEATHER WAS OBSERVED.


RELATIVE HUMIDITY (PERCENT)
 HIGHEST    84          1200 AM
 LOWEST     70           300 PM
 AVERAGE    77

..........................................................


THE GRAND FORKS INTL AP ND CLIMATE NORMALS FOR TODAY
                         NORMAL    RECORD    YEAR
 MAXIMUM TEMPERATURE (F)   20        55      1991
 MINIMUM TEMPERATURE (F)   -1       -29      1994


SUNRISE AND SUNSET
FEBRUARY  7 2016......SUNRISE   748 AM CST   SUNSET   538 PM CST
FEBRUARY  8 2016......SUNRISE   747 AM CST   SUNSET   539 PM CST


-  INDICATES NEGATIVE NUMBERS.
R  INDICATES RECORD WAS SET OR TIED.
MM INDICATES DATA IS MISSING.
T  INDICATES TRACE AMOUNT.




$$
