000
CDUS43 KFGF 170725
CLIGFK


CLIMATE REPORT
NATIONAL WEATHER SERVICE EASTERN NORTH DAKOTA/GRAND FORKS
125 AM CST FRI NOV 17 2017


...................................

...THE GRAND FORKS INTL AP ND CLIMATE SUMMARY FOR NOVEMBER 16 2017...

CLIMATE NORMAL PERIOD 1981 TO 2010
CLIMATE RECORD PERIOD 1948 TO 2017


WEATHER ITEM   OBSERVED TIME   RECORD YEAR NORMAL DEPARTURE LAST
                VALUE   (LST)  VALUE       VALUE  FROM      YEAR
                                                  NORMAL
..................................................................
TEMPERATURE (F)
 YESTERDAY
  MAXIMUM         33   1159 PM  62    2001  35     -2       57
  MINIMUM         22    246 AM  -6    1959  17      5       30
  AVERAGE         28                        26      2       44

PRECIPITATION (IN)
  YESTERDAY        T             0.42 1987   0.03  -0.03     0.00
  MONTH TO DATE    0.83                      0.60   0.23     0.01
  SINCE SEP 1      5.40                      4.62   0.78     5.27
  SINCE JAN 1     16.45                     19.85  -3.40    23.79

SNOWFALL (IN)
  YESTERDAY        T             3.2  1955   0.3   -0.3      0.0
  MONTH TO DATE    4.1                       3.3    0.8      0.0
  SINCE SEP 1      4.3                       4.8   -0.5      0.0
  SINCE JUL 1      4.3                       4.8   -0.5      0.0
  SNOW DEPTH       3

DEGREE DAYS
 HEATING
  YESTERDAY       37                        39     -2       21
  MONTH TO DATE  701                       555    146      283
  SINCE SEP 1   1444                      1504    -60     1007
  SINCE JUL 1   1463                      1586   -123     1035

 COOLING
  YESTERDAY        0                         0      0        0
  MONTH TO DATE    0                         0      0        0
  SINCE SEP 1     36                        27      9       30
  SINCE JAN 1    411                       379     32      434
..................................................................


WIND (MPH)
  HIGHEST WIND SPEED    30   HIGHEST WIND DIRECTION    SE (140)
  HIGHEST GUST SPEED    40   HIGHEST GUST DIRECTION     S (160)
  AVERAGE WIND SPEED    16.9


SKY COVER
  POSSIBLE SUNSHINE  MM
  AVERAGE SKY COVER 1.0


WEATHER CONDITIONS
 THE FOLLOWING WEATHER WAS RECORDED YESTERDAY.
  LIGHT SNOW
  FOG


RELATIVE HUMIDITY (PERCENT)
 HIGHEST    92          1200 AM
 LOWEST     78           800 PM
 AVERAGE    85

..........................................................


THE GRAND FORKS INTL AP ND CLIMATE NORMALS FOR TODAY
                         NORMAL    RECORD    YEAR
 MAXIMUM TEMPERATURE (F)   34        64      1953
 MINIMUM TEMPERATURE (F)   16        -5      1989


SUNRISE AND SUNSET
NOVEMBER 17 2017......SUNRISE   738 AM CST   SUNSET   449 PM CST
NOVEMBER 18 2017......SUNRISE   740 AM CST   SUNSET   448 PM CST


-  INDICATES NEGATIVE NUMBERS.
R  INDICATES RECORD WAS SET OR TIED.
MM INDICATES DATA IS MISSING.
T  INDICATES TRACE AMOUNT.




$$
