000
CDUS41 KALY 220626
CLIGFL


CLIMATE REPORT
NATIONAL WEATHER SERVICE ALBANY NY
125 AM EST MON JAN 22 2018


...................................

...THE GLENS FALLS NY CLIMATE SUMMARY FOR JANUARY 21 2018...

CLIMATE NORMAL PERIOD 1981 TO 2010
CLIMATE RECORD PERIOD 1949 TO 2018


WEATHER ITEM   OBSERVED TIME   RECORD YEAR NORMAL DEPARTURE LAST
                VALUE   (LST)  VALUE       VALUE  FROM      YEAR
                                                  NORMAL
..................................................................
TEMPERATURE (F)
 YESTERDAY
  MAXIMUM         43    113 PM  53    2006  28     15       48
  MINIMUM         20    106 AM -27    1994   7     13       30
  AVERAGE         32                        17     15       39

PRECIPITATION (IN)
  YESTERDAY        0.00          1.43 1979   0.10  -0.10     0.00
  MONTH TO DATE    1.49                      1.94  -0.45     1.14
  SINCE DEC 1      3.81                      4.99  -1.18     4.01
  SINCE JAN 1      1.49                      1.94  -0.45     1.14

DEGREE DAYS
 HEATING
  YESTERDAY       33                        48    -15       26
  MONTH TO DATE 1044                       988     56      777
  SINCE DEC 1   2418                      2228    190     1922
  SINCE JUL 1   3829                      3926    -97     3238

 COOLING
  YESTERDAY        0                         0      0        0
  MONTH TO DATE    0                         0      0        0
  SINCE DEC 1      0                         0      0        0
  SINCE JAN 1      0                         0      0        0
..................................................................


WIND (MPH)
  HIGHEST WIND SPEED    13   HIGHEST WIND DIRECTION     S (160)
  HIGHEST GUST SPEED    15   HIGHEST GUST DIRECTION     S (160)
  AVERAGE WIND SPEED     2.8


SKY COVER
  AVERAGE SKY COVER 0.5



RELATIVE HUMIDITY (PERCENT)
 HIGHEST   100          1200 AM
 LOWEST     62          1200 PM
 AVERAGE    81

..........................................................


THE GLENS FALLS NY CLIMATE NORMALS FOR TODAY
                         NORMAL    RECORD    YEAR
 MAXIMUM TEMPERATURE (F)   28        54      1959
 MINIMUM TEMPERATURE (F)    7       -25      1984


SUNRISE AND SUNSET
JANUARY 22 2018.......SUNRISE   719 AM EST   SUNSET   453 PM EST
JANUARY 23 2018.......SUNRISE   719 AM EST   SUNSET   454 PM EST


-  INDICATES NEGATIVE NUMBERS.
R  INDICATES RECORD WAS SET OR TIED.
MM INDICATES DATA IS MISSING.
T  INDICATES TRACE AMOUNT.




$$
