000
CDUS41 KALY 210622
CLIGFL


CLIMATE REPORT
NATIONAL WEATHER SERVICE ALBANY NY
222 AM EDT MON APR 21 2014


...................................

...THE GLENS FALLS NY CLIMATE SUMMARY FOR APRIL 20 2014...

CLIMATE NORMAL PERIOD 1981 TO 2010
CLIMATE RECORD PERIOD 1949 TO 2014


WEATHER ITEM   OBSERVED TIME   RECORD YEAR NORMAL DEPARTURE LAST
                VALUE   (LST)  VALUE       VALUE  FROM      YEAR
                                                  NORMAL
..................................................................
TEMPERATURE (F)
 YESTERDAY
  MAXIMUM         65    406 PM  83    1954  59      6       51
  MINIMUM         28    517 AM  22    1974  34     -6       35
  AVERAGE         47                        47      0       43

PRECIPITATION (IN)
  YESTERDAY        0.00          0.72 1950   0.09  -0.09     0.09
  MONTH TO DATE    1.93                      1.95  -0.02     2.58
  SINCE MAR 1      4.65                      4.89  -0.24     5.69
  SINCE JAN 1      9.18                      9.83  -0.65     7.99

DEGREE DAYS
 HEATING
  YESTERDAY       18                        18      0       22
  MONTH TO DATE  374                       448    -74      438
  SINCE MAR 1   1684                      1491    193     1424
  SINCE JUL 1   7453                      7111    342     6525

 COOLING
  YESTERDAY        0                         0      0        0
  MONTH TO DATE    0                         0      0        0
  SINCE MAR 1      0                         0      0        0
  SINCE JAN 1      0                         0      0        0
..................................................................


WIND (MPH)
  HIGHEST WIND SPEED    13   HIGHEST WIND DIRECTION     S (190)
  HIGHEST GUST SPEED    20   HIGHEST GUST DIRECTION    SW (210)
  AVERAGE WIND SPEED     4.3


SKY COVER
  AVERAGE SKY COVER 0.0



RELATIVE HUMIDITY (PERCENT)
 HIGHEST    85           400 AM
 LOWEST     17           300 PM
 AVERAGE    51

..........................................................


THE GLENS FALLS NY CLIMATE NORMALS FOR TODAY
                         NORMAL    RECORD    YEAR
 MAXIMUM TEMPERATURE (F)   60        82      1954
 MINIMUM TEMPERATURE (F)   35        23      1956


SUNRISE AND SUNSET
APRIL 21 2014.........SUNRISE   603 AM EDT   SUNSET   744 PM EDT
APRIL 22 2014.........SUNRISE   601 AM EDT   SUNSET   746 PM EDT


-  INDICATES NEGATIVE NUMBERS.
R  INDICATES RECORD WAS SET OR TIED.
MM INDICATES DATA IS MISSING.
T  INDICATES TRACE AMOUNT.




$$
