000
CDUS44 KSHV 280850
CLIGGG


CLIMATE REPORT
NATIONAL WEATHER SERVICE SHREVEPORT, LA
350 AM CDT TUE MAR 28 2017


...................................

...THE LONGVIEW CLIMATE SUMMARY FOR MARCH 27 2017...

CLIMATE NORMAL PERIOD 1981 TO 2010
CLIMATE RECORD PERIOD 1902 TO 2017


WEATHER ITEM   OBSERVED TIME   RECORD YEAR NORMAL DEPARTURE LAST
                VALUE   (LST)  VALUE       VALUE  FROM      YEAR
                                                  NORMAL
..................................................................
TEMPERATURE (F)
 YESTERDAY
  MAXIMUM         81    344 PM  88    1991  72      9       76
  MINIMUM         64   1159 PM  26    1955  49     15       50
  AVERAGE         73                        60     13       63

PRECIPITATION (IN)
  YESTERDAY        0.00          2.60 1906   0.13  -0.13     0.00
  MONTH TO DATE    2.00                      3.81  -1.81    10.54
  SINCE DEC 1     14.77                     15.66  -0.89    20.88
  SINCE JAN 1      9.97                     11.17  -1.20    14.82

SNOWFALL (IN)
  YESTERDAY        0.0
  MONTH TO DATE    0.0
  SINCE MAR 1      0.0
  SINCE JUL 1      0.0
  SNOW DEPTH       0

DEGREE DAYS
 HEATING
  YESTERDAY        0                         6     -6        2
  MONTH TO DATE  144                       232    -88      128
  SINCE MAR 1    144                       232    -88      128
  SINCE JUL 1   1245                      2136   -891     1577

 COOLING
  YESTERDAY        8                         1      7        0
  MONTH TO DATE   79                        27     52       24
  SINCE MAR 1     79                        27     52       24
  SINCE JAN 1    150                        39    111       30
..................................................................


WIND (MPH)
  HIGHEST WIND SPEED    24   HIGHEST WIND DIRECTION     S (180)
  HIGHEST GUST SPEED    32   HIGHEST GUST DIRECTION     S (180)
  AVERAGE WIND SPEED     8.1


SKY COVER
  POSSIBLE SUNSHINE  MM
  AVERAGE SKY COVER 0.4


WEATHER CONDITIONS
 THE FOLLOWING WEATHER WAS RECORDED YESTERDAY.
  FOG
  HAZE


RELATIVE HUMIDITY (PERCENT)
 HIGHEST    93           700 AM
 LOWEST     62           300 PM
 AVERAGE    78

..........................................................


THE LONGVIEW CLIMATE NORMALS FOR TODAY
                         NORMAL    RECORD    YEAR
 MAXIMUM TEMPERATURE (F)   72        86      1907
 MINIMUM TEMPERATURE (F)   49        26      1931


SUNRISE AND SUNSET
MARCH 28 2017.........SUNRISE   712 AM CDT   SUNSET   736 PM CDT
MARCH 29 2017.........SUNRISE   711 AM CDT   SUNSET   737 PM CDT


-  INDICATES NEGATIVE NUMBERS.
R  INDICATES RECORD WAS SET OR TIED.
MM INDICATES DATA IS MISSING.
T  INDICATES TRACE AMOUNT.




$$
