000
CDUS44 KSHV 230849
CLIGGG


CLIMATE REPORT
NATIONAL WEATHER SERVICE SHREVEPORT, LA
249 AM CST THU FEB 23 2017


...................................

...THE LONGVIEW CLIMATE SUMMARY FOR FEBRUARY 22 2017...

CLIMATE NORMAL PERIOD 1981 TO 2010
CLIMATE RECORD PERIOD 1902 TO 2017


WEATHER ITEM   OBSERVED TIME   RECORD YEAR NORMAL DEPARTURE LAST
                VALUE   (LST)  VALUE       VALUE  FROM      YEAR
                                                  NORMAL
..................................................................
TEMPERATURE (F)
 YESTERDAY
  MAXIMUM         79    456 PM  89    1996  64     15       65
  MINIMUM         50    718 AM  21    1964  41      9       52
  AVERAGE         65                        52     13       59

PRECIPITATION (IN)
  YESTERDAY        0.00          1.90 1994   0.15  -0.15     0.18
  MONTH TO DATE    2.36                      3.13  -0.77     1.97
  SINCE DEC 1     12.66                     10.94   1.72     9.75
  SINCE JAN 1      7.86                      6.45   1.41     3.69

SNOWFALL (IN)
  YESTERDAY        0.0
  MONTH TO DATE    0.0
  SINCE DEC 1      0.0
  SINCE JUL 1      0.0
  SNOW DEPTH       0

DEGREE DAYS
 HEATING
  YESTERDAY        0                        13    -13        6
  MONTH TO DATE  141                       347   -206      241
  SINCE DEC 1    907                      1458   -551     1160
  SINCE JUL 1   1067                      1830   -763     1360

 COOLING
  YESTERDAY        0                         0      0        0
  MONTH TO DATE   30                         0     30        6
  SINCE DEC 1     67                        10     57       28
  SINCE JAN 1     49                         4     45        6
..................................................................


WIND (MPH)
  HIGHEST WIND SPEED    12   HIGHEST WIND DIRECTION     S (160)
  HIGHEST GUST SPEED    15   HIGHEST GUST DIRECTION     S (160)
  AVERAGE WIND SPEED     4.4


SKY COVER
  POSSIBLE SUNSHINE  MM
  AVERAGE SKY COVER 0.1


WEATHER CONDITIONS
 THE FOLLOWING WEATHER WAS RECORDED YESTERDAY.
  NO SIGNIFICANT WEATHER WAS OBSERVED.


RELATIVE HUMIDITY (PERCENT)
 HIGHEST   100           600 AM
 LOWEST     48           400 PM
 AVERAGE    74

..........................................................


THE LONGVIEW CLIMATE NORMALS FOR TODAY
                         NORMAL    RECORD    YEAR
 MAXIMUM TEMPERATURE (F)   64        90      1996
 MINIMUM TEMPERATURE (F)   41        24      1914


SUNRISE AND SUNSET
FEBRUARY 23 2017......SUNRISE   653 AM CST   SUNSET   612 PM CST
FEBRUARY 24 2017......SUNRISE   652 AM CST   SUNSET   613 PM CST


-  INDICATES NEGATIVE NUMBERS.
R  INDICATES RECORD WAS SET OR TIED.
MM INDICATES DATA IS MISSING.
T  INDICATES TRACE AMOUNT.




$$
