000
CDUS44 KSHV 250842
CLIGGG


CLIMATE REPORT
NATIONAL WEATHER SERVICE SHREVEPORT, LA
242 AM CST SUN JAN 25 2015


...................................

...THE LONGVIEW CLIMATE SUMMARY FOR JANUARY 24 2015...

CLIMATE NORMAL PERIOD 1981 TO 2010
CLIMATE RECORD PERIOD 1902 TO 2015


WEATHER ITEM   OBSERVED TIME   RECORD YEAR NORMAL DEPARTURE LAST
                VALUE   (LST)  VALUE       VALUE  FROM      YEAR
                                                  NORMAL
..................................................................
TEMPERATURE (F)
 YESTERDAY
  MAXIMUM         59    412 PM  83    1972  58      1       42
  MINIMUM         31    735 AM   8    1963  36     -5       27
  AVERAGE         45                        47     -2       35

PRECIPITATION (IN)
  YESTERDAY        0.00          1.95 1938   0.12  -0.12     0.00
  MONTH TO DATE    5.42                      2.50   2.92     0.47
  SINCE DEC 1      7.72                      6.99   0.73     4.62
  SINCE JAN 1      5.42                      2.50   2.92     0.47

SNOWFALL (IN)
  YESTERDAY        0.0
  MONTH TO DATE    0.0
  SINCE DEC 1      0.0
  SINCE JUL 1      0.0
  SNOW DEPTH       0

DEGREE DAYS
 HEATING
  YESTERDAY       20                        18      2       30
  MONTH TO DATE  539                       454     85      487
  SINCE DEC 1    981                       988     -7     1060
  SINCE JUL 1   1391                      1360     31     1488

 COOLING
  YESTERDAY        0                         0      0        0
  MONTH TO DATE    0                         0      0        0
  SINCE DEC 1      5                         6     -1       11
  SINCE JAN 1      0                         0      0        0
..................................................................


WIND (MPH)
  HIGHEST WIND SPEED    13   HIGHEST WIND DIRECTION     W (280)
  HIGHEST GUST SPEED    16   HIGHEST GUST DIRECTION    SW (220)
  AVERAGE WIND SPEED     6.5


SKY COVER
  POSSIBLE SUNSHINE  MM
  AVERAGE SKY COVER 0.0


WEATHER CONDITIONS
 THE FOLLOWING WEATHER WAS RECORDED YESTERDAY.
  NO SIGNIFICANT WEATHER WAS OBSERVED.


RELATIVE HUMIDITY (PERCENT)
 HIGHEST    85           700 AM
 LOWEST     36           200 PM
 AVERAGE    61

..........................................................


THE LONGVIEW CLIMATE NORMALS FOR TODAY
                         NORMAL    RECORD    YEAR
 MAXIMUM TEMPERATURE (F)   58        83      1972
 MINIMUM TEMPERATURE (F)   36        15      1963


SUNRISE AND SUNSET
JANUARY 25 2015.......SUNRISE   717 AM CST   SUNSET   545 PM CST
JANUARY 26 2015.......SUNRISE   717 AM CST   SUNSET   546 PM CST


-  INDICATES NEGATIVE NUMBERS.
R  INDICATES RECORD WAS SET OR TIED.
MM INDICATES DATA IS MISSING.
T  INDICATES TRACE AMOUNT.




$$
