000
CDUS44 KSHV 220832
CLIGGG


CLIMATE REPORT
NATIONAL WEATHER SERVICE SHREVEPORT, LA
231 AM CST SAT NOV 22 2014


...................................

...THE LONGVIEW CLIMATE SUMMARY FOR NOVEMBER 21 2014...

CLIMATE NORMAL PERIOD 1981 TO 2010
CLIMATE RECORD PERIOD 1902 TO 2014


WEATHER ITEM   OBSERVED TIME   RECORD YEAR NORMAL DEPARTURE LAST
                VALUE   (LST)  VALUE       VALUE  FROM      YEAR
                                                  NORMAL
..................................................................
TEMPERATURE (F)
 YESTERDAY
  MAXIMUM         62    238 PM  83    1909  65     -3       76
  MINIMUM         56   1230 AM  26    1937  43     13       59
  AVERAGE         59                        54      5       68

PRECIPITATION (IN)
  YESTERDAY        0.44          4.45 1902   0.15   0.29     0.06
  MONTH TO DATE    2.60                      3.09  -0.49     0.88
  SINCE DEC 1     39.01                     46.15  -7.14    37.41
  SINCE JAN 1     34.86                     41.66  -6.80    33.06

SNOWFALL (IN)
  YESTERDAY        0.0
  MONTH TO DATE    0.0
  SINCE SEP 1      0.0
  SINCE JUL 1      0.0
  SNOW DEPTH       0

DEGREE DAYS
 HEATING
  YESTERDAY        6                        11     -5        0
  MONTH TO DATE  316                       166    150      178
  SINCE SEP 1    337                       255     82      227
  SINCE JUL 1    337                       255     82      227

 COOLING
  YESTERDAY        0                         0      0        3
  MONTH TO DATE    3                        22    -19       15
  SINCE SEP 1    593                       477    116      632
  SINCE JAN 1   2447                      2417     30     2727
..................................................................


WIND (MPH)
  HIGHEST WIND SPEED    18   HIGHEST WIND DIRECTION    SE (150)
  HIGHEST GUST SPEED    24   HIGHEST GUST DIRECTION     S (160)
  AVERAGE WIND SPEED    10.6


SKY COVER
  POSSIBLE SUNSHINE  MM
  AVERAGE SKY COVER 1.0


WEATHER CONDITIONS
 THE FOLLOWING WEATHER WAS RECORDED YESTERDAY.
  HEAVY RAIN
  RAIN
  LIGHT RAIN
  FOG


RELATIVE HUMIDITY (PERCENT)
 HIGHEST    97           300 PM
 LOWEST     78           900 PM
 AVERAGE    88

..........................................................


THE LONGVIEW CLIMATE NORMALS FOR TODAY
                         NORMAL    RECORD    YEAR
 MAXIMUM TEMPERATURE (F)   65        85      1967
 MINIMUM TEMPERATURE (F)   43        26      1903


SUNRISE AND SUNSET
NOVEMBER 22 2014......SUNRISE   655 AM CST   SUNSET   515 PM CST
NOVEMBER 23 2014......SUNRISE   655 AM CST   SUNSET   515 PM CST


-  INDICATES NEGATIVE NUMBERS.
R  INDICATES RECORD WAS SET OR TIED.
MM INDICATES DATA IS MISSING.
T  INDICATES TRACE AMOUNT.




$$
