000
CDUS44 KSHV 242243
CLIGGG


CLIMATE REPORT
NATIONAL WEATHER SERVICE SHREVEPORT, LA
443 PM CST MON NOV 24 2014


...................................

...THE LONGVIEW CLIMATE SUMMARY FOR NOVEMBER 24 2014...
VALID TODAY AS OF 0400 PM LOCAL TIME.

CLIMATE NORMAL PERIOD 1981 TO 2010
CLIMATE RECORD PERIOD 1902 TO 2014


WEATHER ITEM   OBSERVED TIME   RECORD YEAR NORMAL DEPARTURE LAST
                VALUE   (LST)  VALUE       VALUE  FROM      YEAR
                                                  NORMAL
..................................................................
TEMPERATURE (F)
 TODAY
  MAXIMUM         63    339 PM  90    1910  64     -1       44
  MINIMUM         41    643 AM  21    1916  42     -1       34
  AVERAGE         52                        53     -1       39

PRECIPITATION (IN)
  TODAY            0.00          2.30 1940   0.15  -0.15     0.10
  MONTH TO DATE    4.25                      3.53   0.72     3.09
  SINCE DEC 1     40.66                     46.59  -5.93    39.62
  SINCE JAN 1     36.51                     42.10  -5.59    35.27

SNOWFALL (IN)
  TODAY            0.0
  MONTH TO DATE    0.0
  SINCE SEP 1      0.0
  SINCE JUL 1      0.0
  SNOW DEPTH       0

DEGREE DAYS
 HEATING
  TODAY           13                        12      1       26
  MONTH TO DATE  331                       201    130      232
  SINCE SEP 1    352                       290     62      281
  SINCE JUL 1    352                       290     62      281

 COOLING
  TODAY            0                         0      0        0
  MONTH TO DATE    3                        22    -19       15
  SINCE SEP 1    593                       477    116      632
  SINCE JAN 1   2447                      2417     30     2727
..................................................................


WIND (MPH)
  HIGHEST WIND SPEED    25   HIGHEST WIND DIRECTION    NW (310)
  HIGHEST GUST SPEED    33   HIGHEST GUST DIRECTION    NW (300)
  AVERAGE WIND SPEED    11.4


SKY COVER
  POSSIBLE SUNSHINE  MM
  AVERAGE SKY COVER 0.1


WEATHER CONDITIONS
 THE FOLLOWING WEATHER WAS RECORDED TODAY.
  NO SIGNIFICANT WEATHER WAS OBSERVED.


RELATIVE HUMIDITY (PERCENT)
 HIGHEST    76           700 AM
 LOWEST     21           300 PM
 AVERAGE    49

..........................................................


THE LONGVIEW CLIMATE NORMALS FOR TOMORROW
                         NORMAL    RECORD    YEAR
 MAXIMUM TEMPERATURE (F)   64        86      1910
 MINIMUM TEMPERATURE (F)   42        21      1938


SUNRISE AND SUNSET
NOVEMBER 24 2014......SUNRISE   656 AM CST   SUNSET   515 PM CST
NOVEMBER 25 2014......SUNRISE   657 AM CST   SUNSET   514 PM CST


-  INDICATES NEGATIVE NUMBERS.
R  INDICATES RECORD WAS SET OR TIED.
MM INDICATES DATA IS MISSING.
T  INDICATES TRACE AMOUNT.




$$
