000
CDUS44 KSHV 200838
CLIGGG


CLIMATE REPORT
NATIONAL WEATHER SERVICE SHREVEPORT, LA
238 AM CST TUE FEB 20 2018


...................................

...THE LONGVIEW CLIMATE SUMMARY FOR FEBRUARY 19 2018...

CLIMATE NORMAL PERIOD 1981 TO 2010
CLIMATE RECORD PERIOD 1902 TO 2018


WEATHER ITEM   OBSERVED TIME   RECORD YEAR NORMAL DEPARTURE LAST
                VALUE   (LST)  VALUE       VALUE  FROM      YEAR
                                                  NORMAL
..................................................................
TEMPERATURE (F)
 YESTERDAY
  MAXIMUM         80R   235 PM  80    2017  63     17       80
  MINIMUM         65    750 AM  12    1910  40     25       58
  AVERAGE         73                        51     22       69

PRECIPITATION (IN)
  YESTERDAY        T             2.60 1911   0.15  -0.15     0.00
  MONTH TO DATE    3.10                      2.68   0.42     1.14
  SINCE DEC 1     11.18                     10.49   0.69    11.44
  SINCE JAN 1      5.85                      6.00  -0.15     6.64

SNOWFALL (IN)
  YESTERDAY        0.0
  MONTH TO DATE    T
  SINCE DEC 1      1.5
  SINCE JUL 1      1.5
  SNOW DEPTH       0

DEGREE DAYS
 HEATING
  YESTERDAY        0                        14    -14        0
  MONTH TO DATE  287                       306    -19      139
  SINCE DEC 1   1466                      1417     49      905
  SINCE JUL 1   1746                      1789    -43     1065

 COOLING
  YESTERDAY        8                         0      8        4
  MONTH TO DATE   14                         0     14       30
  SINCE DEC 1     21                        10     11       67
  SINCE JAN 1     17                         4     13       49
..................................................................


WIND (MPH)
  HIGHEST WIND SPEED    26   HIGHEST WIND DIRECTION     S (190)
  HIGHEST GUST SPEED    35   HIGHEST GUST DIRECTION     S (160)
  AVERAGE WIND SPEED    15.5


SKY COVER
  POSSIBLE SUNSHINE  MM
  AVERAGE SKY COVER 0.8


WEATHER CONDITIONS
 THE FOLLOWING WEATHER WAS RECORDED YESTERDAY.
  LIGHT RAIN


RELATIVE HUMIDITY (PERCENT)
 HIGHEST    93          1200 AM
 LOWEST     56           500 PM
 AVERAGE    75

..........................................................


THE LONGVIEW CLIMATE NORMALS FOR TODAY
                         NORMAL    RECORD    YEAR
 MAXIMUM TEMPERATURE (F)   63        83      1925
 MINIMUM TEMPERATURE (F)   40        20      1921


SUNRISE AND SUNSET
FEBRUARY 20 2018......SUNRISE   656 AM CST   SUNSET   609 PM CST
FEBRUARY 21 2018......SUNRISE   655 AM CST   SUNSET   610 PM CST


-  INDICATES NEGATIVE NUMBERS.
R  INDICATES RECORD WAS SET OR TIED.
MM INDICATES DATA IS MISSING.
T  INDICATES TRACE AMOUNT.




$$
