000
CDUS44 KSHV 262132
CLIGGG


CLIMATE REPORT
NATIONAL WEATHER SERVICE SHREVEPORT, LA
431 PM CDT WED JUL 26 2017


...................................

...THE LONGVIEW CLIMATE SUMMARY FOR JULY 26 2017...
VALID TODAY AS OF 0400 PM LOCAL TIME.

CLIMATE NORMAL PERIOD 1981 TO 2010
CLIMATE RECORD PERIOD 1902 TO 2017


WEATHER ITEM   OBSERVED TIME   RECORD YEAR NORMAL DEPARTURE LAST
                VALUE   (LST)  VALUE       VALUE  FROM      YEAR
                                                  NORMAL
..................................................................
TEMPERATURE (F)
 TODAY
  MAXIMUM         95    259 PM 106    1954  94      1       94
  MINIMUM         75    507 AM  63    1911  74      1       73
  AVERAGE         85                        84      1       84

PRECIPITATION (IN)
  TODAY            0.00          3.50 1991   0.08  -0.08     0.00
  MONTH TO DATE    2.33                      2.55  -0.22     1.26
  SINCE DEC 1     34.74                     31.78   2.96    40.33
  SINCE JAN 1     29.94                     27.29   2.65    34.27

DEGREE DAYS
 HEATING
  TODAY            0                         0      0        0
  MONTH TO DATE    0                         0      0        0
  SINCE JUN 1      0                         0      0        0
  SINCE JUL 1      0                         0      0        0

 COOLING
  TODAY           20                        19      1       19
  MONTH TO DATE  501                       481     20      540
  SINCE JUN 1    947                       920     27     1022
  SINCE JAN 1   1460                      1299    161     1384
..................................................................


WIND (MPH)
  HIGHEST WIND SPEED    15   HIGHEST WIND DIRECTION     W (250)
  HIGHEST GUST SPEED    21   HIGHEST GUST DIRECTION     W (250)
  AVERAGE WIND SPEED     8.1


SKY COVER
  POSSIBLE SUNSHINE  MM
  AVERAGE SKY COVER 0.3


WEATHER CONDITIONS
 THE FOLLOWING WEATHER WAS RECORDED TODAY.
  FOG


RELATIVE HUMIDITY (PERCENT)
 HIGHEST   100           500 AM
 LOWEST     52           100 PM
 AVERAGE    76

..........................................................


THE LONGVIEW CLIMATE NORMALS FOR TOMORROW
                         NORMAL    RECORD    YEAR
 MAXIMUM TEMPERATURE (F)   94       105      1934
 MINIMUM TEMPERATURE (F)   74        63      2004


SUNRISE AND SUNSET
JULY 26 2017..........SUNRISE   630 AM CDT   SUNSET   821 PM CDT
JULY 27 2017..........SUNRISE   630 AM CDT   SUNSET   820 PM CDT


-  INDICATES NEGATIVE NUMBERS.
R  INDICATES RECORD WAS SET OR TIED.
MM INDICATES DATA IS MISSING.
T  INDICATES TRACE AMOUNT.




$$
