000
CDUS44 KSHV 010731
CLIGGG


CLIMATE REPORT
NATIONAL WEATHER SERVICE SHREVEPORT, LA
231 AM CDT MON SEP 1 2014


...................................

...THE LONGVIEW CLIMATE SUMMARY FOR AUGUST 31 2014...

CLIMATE NORMAL PERIOD 1981 TO 2010
CLIMATE RECORD PERIOD 1902 TO 2014


WEATHER ITEM   OBSERVED TIME   RECORD YEAR NORMAL DEPARTURE LAST
                VALUE   (LST)  VALUE       VALUE  FROM      YEAR
                                                  NORMAL
..................................................................
TEMPERATURE (F)
 YESTERDAY
  MAXIMUM         95    225 PM 108    2000  92      3      102
  MINIMUM         73    607 AM  59    1915  69      4       76
  AVERAGE         84                        81      3       89

PRECIPITATION (IN)
  YESTERDAY        0.00          1.00 1944   0.12  -0.12     0.00
  MONTH TO DATE    0.23                      3.02  -2.79     1.06
  SINCE DEC 1     30.17                     35.14  -4.97    24.68
  SINCE JAN 1     26.02                     30.65  -4.63    20.33

SNOWFALL (IN)
  YESTERDAY        0.0
  MONTH TO DATE    0.0
  SINCE JUN 1      0.0
  SINCE JUL 1      0.0
  SNOW DEPTH       0

DEGREE DAYS
 HEATING
  YESTERDAY        0                         0      0        0
  MONTH TO DATE    0                         0      0        0
  SINCE JUN 1      0                         0      0        0
  SINCE JUL 1      0                         0      0        0

 COOLING
  YESTERDAY       19                        16      3       24
  MONTH TO DATE  554                       550      4      639
  SINCE JUN 1   1500                      1561    -61     1707
  SINCE JAN 1   1854                      1940    -86     2095
..................................................................


WIND (MPH)
  HIGHEST WIND SPEED    23   HIGHEST WIND DIRECTION     S (170)
  HIGHEST GUST SPEED    28   HIGHEST GUST DIRECTION     S (190)
  AVERAGE WIND SPEED     9.3


SKY COVER
  POSSIBLE SUNSHINE  MM
  AVERAGE SKY COVER 0.4


WEATHER CONDITIONS
 THE FOLLOWING WEATHER WAS RECORDED YESTERDAY.
  NO SIGNIFICANT WEATHER WAS OBSERVED.


RELATIVE HUMIDITY (PERCENT)
 HIGHEST    93           500 AM
 LOWEST     46           200 PM
 AVERAGE    70

..........................................................


THE LONGVIEW CLIMATE NORMALS FOR TODAY
                         NORMAL    RECORD    YEAR
 MAXIMUM TEMPERATURE (F)   92       108      2000
 MINIMUM TEMPERATURE (F)   69        54      1967


SUNRISE AND SUNSET
SEPTEMBER  1 2014.....SUNRISE   654 AM CDT   SUNSET   743 PM CDT
SEPTEMBER  2 2014.....SUNRISE   655 AM CDT   SUNSET   742 PM CDT


-  INDICATES NEGATIVE NUMBERS.
R  INDICATES RECORD WAS SET OR TIED.
MM INDICATES DATA IS MISSING.
T  INDICATES TRACE AMOUNT.




$$
