000
CDUS45 KGGW 111332
CLIGGW


CLIMATE REPORT
NATIONAL WEATHER SERVICE GLASGOW MT
631 AM MST SUN DEC 11 2016


...................................

...THE GLASGOW MT CLIMATE SUMMARY FOR DECEMBER 11 2016...
VALID AS OF 0600 AM LOCAL TIME.

CLIMATE NORMAL PERIOD 1981 TO 2010
CLIMATE RECORD PERIOD 1893 TO 2016


WEATHER ITEM   OBSERVED TIME   RECORD YEAR NORMAL DEPARTURE LAST
                VALUE   (LST)  VALUE       VALUE  FROM      YEAR
                                                  NORMAL
..................................................................
TEMPERATURE (F)
 TODAY
  MINIMUM        -12    620 AM -33    1927   8    -20       27

PRECIPITATION (IN)
  TODAY            T             0.37 1931   0.01  -0.01     0.19
  MONTH TO DATE    0.24                      0.12   0.12     0.19
  SINCE OCT 1      3.41                      1.27   2.14     2.46
  SINCE JAN 1     20.74                     11.38   9.36    12.52

SNOWFALL (IN)
  TODAY            T             4.1  1931   0.2   -0.2      3.1
  MONTH TO DATE    6.1                       2.3    3.8      3.1
  SINCE DEC 1      6.1                       2.3    3.8      3.1
  SINCE JUL 1      6.5                       8.9   -2.4      4.1
  SNOW DEPTH       4  (12Z / 5AM MST)

DEGREE DAYS
 HEATING
  TODAY           71                        48     23       36
  MONTH TO DATE  588                       505     83      331
  SINCE DEC 1    588                       505     83      331
  SINCE JUL 1   2207                      2498   -291     1993

 COOLING
  TODAY            0                         0      0        0
  MONTH TO DATE    0                         0      0        0
  SINCE DEC 1      0                         0      0        0
  SINCE JAN 1    434                       533    -99      619
..................................................................





WEATHER CONDITIONS
 THE FOLLOWING WEATHER WAS RECORDED TODAY.
  NO SIGNIFICANT WEATHER WAS OBSERVED.


RELATIVE HUMIDITY (PERCENT)
 HIGHEST    91           300 AM

..........................................................


THE GLASGOW MT CLIMATE NORMALS FOR TOMORROW
                         NORMAL    RECORD    YEAR
 MAXIMUM TEMPERATURE (F)   27        57      1924
 MINIMUM TEMPERATURE (F)    7       -41      1922


SUNRISE AND SUNSET
DECEMBER 11 2016......SUNRISE   748 AM MST   SUNSET   412 PM MST
DECEMBER 12 2016......SUNRISE   749 AM MST   SUNSET   413 PM MST


-  INDICATES NEGATIVE NUMBERS.
R  INDICATES RECORD WAS SET OR TIED.
MM INDICATES DATA IS MISSING.
T  INDICATES TRACE AMOUNT.




$$
