000
CDUS45 KGGW 181332
CLIGGW


CLIMATE REPORT
NATIONAL WEATHER SERVICE GLASGOW MT
631 AM MST THU JAN 18 2018


...................................

...THE GLASGOW MT CLIMATE SUMMARY FOR JANUARY 18 2018...
VALID AS OF 0600 AM LOCAL TIME.

CLIMATE NORMAL PERIOD 1981 TO 2010
CLIMATE RECORD PERIOD 1893 TO 2018


WEATHER ITEM   OBSERVED TIME   RECORD YEAR NORMAL DEPARTURE LAST
                VALUE   (LST)  VALUE       VALUE  FROM      YEAR
                                                  NORMAL
..................................................................
TEMPERATURE (F)
 TODAY
  MINIMUM         13   1217 AM -45    1950   4      9       22

PRECIPITATION (IN)
  TODAY            0.00          0.16 2011   0.01  -0.01     0.00
  MONTH TO DATE    0.34                      0.25   0.09     0.43
  SINCE OCT 1      2.14                      1.80   0.34     3.96
  SINCE JAN 1      0.34                      0.25   0.09     0.43

SNOWFALL (IN)
  TODAY            0.0           3.5  2011   0.2   -0.2      0.0
  MONTH TO DATE    6.3                       5.3    1.0     11.6
  SINCE DEC 1     19.4                      13.3    6.1     20.8
  SINCE JUL 1     21.0                      19.9    1.1     21.2
  SNOW DEPTH       3

DEGREE DAYS
 HEATING
  TODAY           47                        51     -4       34
  MONTH TO DATE 1075                       933    142     1152
  SINCE DEC 1   2552                      2442    110     2789
  SINCE JUL 1   4487                      4435     52     4408

 COOLING
  TODAY            0                         0      0        0
  MONTH TO DATE    0                         0      0        0
  SINCE DEC 1      0                         0      0        0
  SINCE JAN 1      0                         0      0        0
..................................................................





WEATHER CONDITIONS
 THE FOLLOWING WEATHER WAS RECORDED TODAY.
  NO SIGNIFICANT WEATHER WAS OBSERVED.


RELATIVE HUMIDITY (PERCENT)
 HIGHEST    84           300 AM

..........................................................


THE GLASGOW MT CLIMATE NORMALS FOR TOMORROW
                         NORMAL    RECORD    YEAR
 MAXIMUM TEMPERATURE (F)   23        61      1919
 MINIMUM TEMPERATURE (F)    4       -43      1936


SUNRISE AND SUNSET
JANUARY 18 2018.......SUNRISE   750 AM MST   SUNSET   445 PM MST
JANUARY 19 2018.......SUNRISE   749 AM MST   SUNSET   446 PM MST


-  INDICATES NEGATIVE NUMBERS.
R  INDICATES RECORD WAS SET OR TIED.
MM INDICATES DATA IS MISSING.
T  INDICATES TRACE AMOUNT.




$$
