000
CDUS45 KGGW 231231
CLIGGW


CLIMATE REPORT
NATIONAL WEATHER SERVICE GLASGOW MT
631 AM MDT SUN JUL 23 2017


...................................

...THE GLASGOW MT CLIMATE SUMMARY FOR JULY 23 2017...
VALID AS OF 0600 AM LOCAL TIME.

CLIMATE NORMAL PERIOD 1981 TO 2010
CLIMATE RECORD PERIOD 1893 TO 2017


WEATHER ITEM   OBSERVED TIME   RECORD YEAR NORMAL DEPARTURE LAST
                VALUE   (LST)  VALUE       VALUE  FROM      YEAR
                                                  NORMAL
..................................................................
TEMPERATURE (F)
 TODAY
  MINIMUM         59    423 AM  36    1911  58      1       61

PRECIPITATION (IN)
  TODAY            0.00          1.03 2012   0.05  -0.05      T
  MONTH TO DATE    0.48                      1.40  -0.92     2.84
  SINCE OCT 1      6.76                      9.10  -2.34    17.54
  SINCE JAN 1      3.23                      7.55  -4.32    14.56

SNOWFALL (IN)
  TODAY            0.0           0.0  2002   0.0    0.0      0.0
                                      2001
                                      2000
  MONTH TO DATE    0.0                       0.0    0.0      0.0
  SINCE JUN 1      0.0                       0.0    0.0      0.0
  SINCE JUL 1      0.0                       0.0    0.0      0.0
  SNOW DEPTH       0

DEGREE DAYS
 HEATING
  TODAY            3                         0      3        0
  MONTH TO DATE    3                        15    -12        8
  SINCE JUN 1     50                       120    -70       40
  SINCE JUL 1      3                        15    -12        8

 COOLING
  TODAY            0                         8     -8        6
  MONTH TO DATE  270                       143    127      107
  SINCE JUN 1    350                       218    132      176
  SINCE JAN 1    365                       235    130      187
..................................................................





WEATHER CONDITIONS
 THE FOLLOWING WEATHER WAS RECORDED TODAY.
  NO SIGNIFICANT WEATHER WAS OBSERVED.


RELATIVE HUMIDITY (PERCENT)
 HIGHEST    62           400 AM

..........................................................


THE GLASGOW MT CLIMATE NORMALS FOR TOMORROW
                         NORMAL    RECORD    YEAR
 MAXIMUM TEMPERATURE (F)   87       108      1929
 MINIMUM TEMPERATURE (F)   58        42      1901


SUNRISE AND SUNSET
JULY 23 2017..........SUNRISE   531 AM MDT   SUNSET   854 PM MDT
JULY 24 2017..........SUNRISE   532 AM MDT   SUNSET   853 PM MDT


-  INDICATES NEGATIVE NUMBERS.
R  INDICATES RECORD WAS SET OR TIED.
MM INDICATES DATA IS MISSING.
T  INDICATES TRACE AMOUNT.




$$
