000
CDUS45 KGGW 050017
CLIGGW


CLIMATE REPORT
NATIONAL WEATHER SERVICE GLASGOW MT
516 PM MST WED MAR 4 2015


...................................

...THE GLASGOW MT CLIMATE SUMMARY FOR MARCH 4 2015...
VALID TODAY AS OF 0500 PM LOCAL TIME.

CLIMATE NORMAL PERIOD 1981 TO 2010
CLIMATE RECORD PERIOD 1893 TO 2015


WEATHER ITEM   OBSERVED TIME   RECORD YEAR NORMAL DEPARTURE LAST
                VALUE   (LST)  VALUE       VALUE  FROM      YEAR
                                                  NORMAL
..................................................................
TEMPERATURE (F)
 TODAY
  MAXIMUM         19        MM  66    1987  36    -17       20
  MINIMUM         -5        MM -28    1917  16    -21        7
  AVERAGE          7                        26    -19       14

PRECIPITATION (IN)
  TODAY            0.00          0.20 1897   0.01  -0.01     0.01
  MONTH TO DATE    0.01                      0.04  -0.03     0.16
  SINCE OCT 1      2.33                      2.22   0.11     1.96
  SINCE JAN 1      1.07                      0.67   0.40     0.51

SNOWFALL (IN)
  TODAY            0.0           3.5  2013   0.2   -0.2      0.2
  MONTH TO DATE    0.2                       0.7   -0.5      2.7
  SINCE MAR 1      0.2                       0.7   -0.5      2.7
  SINCE JUL 1     35.3                      27.7    7.6     26.5
  SNOW DEPTH       0   (12Z/5AM MST)

DEGREE DAYS
 HEATING
  TODAY           58                        39     19       51
  MONTH TO DATE  196                       160     36      258
  SINCE MAR 1    196                       160     36      258
  SINCE JUL 1   6280                      6530   -250     6906

 COOLING
  TODAY            0                         0      0        0
  MONTH TO DATE    0                         0      0        0
  SINCE MAR 1      0                         0      0        0
  SINCE JAN 1      0                         0      0        0
..................................................................


WIND (MPH)
  HIGHEST WIND SPEED    12   HIGHEST WIND DIRECTION    NW (330)
  HIGHEST GUST SPEED    MM   HIGHEST GUST DIRECTION    MM
  AVERAGE WIND SPEED     6.5


SKY COVER
  POSSIBLE SUNSHINE  MM
  AVERAGE SKY COVER 0.1


WEATHER CONDITIONS
 THE FOLLOWING WEATHER WAS RECORDED TODAY.
  NO SIGNIFICANT WEATHER WAS OBSERVED.


RELATIVE HUMIDITY (PERCENT)
 HIGHEST    75           700 AM
 LOWEST     37           400 PM
 AVERAGE    56

..........................................................


THE GLASGOW MT CLIMATE NORMALS FOR TOMORROW
                         NORMAL    RECORD    YEAR
 MAXIMUM TEMPERATURE (F)   36        69      1987
 MINIMUM TEMPERATURE (F)   16       -28      1955
                                             1945
                                             1899


SUNRISE AND SUNSET
MARCH  4 2015.........SUNRISE   642 AM MST   SUNSET   555 PM MST
MARCH  5 2015.........SUNRISE   640 AM MST   SUNSET   557 PM MST


-  INDICATES NEGATIVE NUMBERS.
R  INDICATES RECORD WAS SET OR TIED.
MM INDICATES DATA IS MISSING.
T  INDICATES TRACE AMOUNT.




$$
