100
CDUS45 KGGW 240740
CLIGGW


CLIMATE REPORT
NATIONAL WEATHER SERVICE GLASGOW MT
140 AM MDT MON APR 24 2017


...................................

...THE GLASGOW MT CLIMATE SUMMARY FOR APRIL 23 2017...

CLIMATE NORMAL PERIOD 1981 TO 2010
CLIMATE RECORD PERIOD 1893 TO 2017


WEATHER ITEM   OBSERVED TIME   RECORD YEAR NORMAL DEPARTURE LAST
                VALUE   (LST)  VALUE       VALUE  FROM      YEAR
                                                  NORMAL
..................................................................
TEMPERATURE (F)
 YESTERDAY
  MAXIMUM         45    301 PM  88    2012  61    -16       62
  MINIMUM         32   1159 PM  10    1931  34     -2       43
  AVERAGE         39                        48     -9       53

PRECIPITATION (IN)
  YESTERDAY        0.04          0.97 1957   0.04   0.00     0.00
  MONTH TO DATE    0.46                      0.59  -0.13     0.87
  SINCE OCT 1      5.50                      3.19   2.31     4.99
  SINCE JAN 1      1.97                      1.64   0.33     2.01

SNOWFALL (IN)
  YESTERDAY        0.0           0.2  1960   0.0    0.0      0.0
  MONTH TO DATE    0.0                       1.6   -1.6      1.5
  SINCE MAR 1      6.2                       6.3   -0.1      4.4
  SINCE JUL 1     37.7                      33.3    4.4     25.9
  SNOW DEPTH       0

DEGREE DAYS
 HEATING
  YESTERDAY       26                        17      9       12
  MONTH TO DATE  436                       490    -54      390
  SINCE MAR 1   1391                      1524   -133     1162
  SINCE JUL 1   7498                      7894   -396     6627

 COOLING
  YESTERDAY        0                         0      0        0
  MONTH TO DATE    0                         0      0        0
  SINCE MAR 1      0                         0      0        0
  SINCE JAN 1      0                         0      0        0
..................................................................


WIND (MPH)
  HIGHEST WIND SPEED    30   HIGHEST WIND DIRECTION     E (110)
  HIGHEST GUST SPEED    37   HIGHEST GUST DIRECTION     E (100)
  AVERAGE WIND SPEED    21.6


SKY COVER
  POSSIBLE SUNSHINE  MM
  AVERAGE SKY COVER 1.0


WEATHER CONDITIONS
 THE FOLLOWING WEATHER WAS RECORDED YESTERDAY.
  LIGHT RAIN
  FOG


RELATIVE HUMIDITY (PERCENT)
 HIGHEST    92          1100 PM
 LOWEST     62           400 PM
 AVERAGE    77

..........................................................


THE GLASGOW MT CLIMATE NORMALS FOR TODAY
                         NORMAL    RECORD    YEAR
 MAXIMUM TEMPERATURE (F)   61        87      1962
 MINIMUM TEMPERATURE (F)   35        15      1931


SUNRISE AND SUNSET
APRIL 24 2017.........SUNRISE   559 AM MDT   SUNSET   811 PM MDT
APRIL 25 2017.........SUNRISE   558 AM MDT   SUNSET   812 PM MDT


-  INDICATES NEGATIVE NUMBERS.
R  INDICATES RECORD WAS SET OR TIED.
MM INDICATES DATA IS MISSING.
T  INDICATES TRACE AMOUNT.




$$
