000
CDUS45 KGJT 112338
CLIGJT


CLIMATE REPORT
NATIONAL WEATHER SERVICE GRAND JUNCTION CO
437 PM MST MON DEC 11 2017


...................................

...THE GRAND JUNCTION CO CLIMATE SUMMARY FOR DECEMBER 11 2017...
VALID TODAY AS OF 0400 PM LOCAL TIME.

CLIMATE NORMAL PERIOD 1981 TO 2010
CLIMATE RECORD PERIOD 1893 TO 2017


WEATHER ITEM   OBSERVED TIME   RECORD YEAR NORMAL DEPARTURE LAST
                VALUE   (LST)  VALUE       VALUE  FROM      YEAR
                                                  NORMAL
..................................................................
TEMPERATURE (F)
 TODAY
  MAXIMUM         49    359 PM  60    1929  39     10       47
  MINIMUM         15    652 AM -12    2009  19     -4       28
  AVERAGE         32                        29      3       38

PRECIPITATION (IN)
  TODAY            0.00          0.24 1938   0.02  -0.02     0.04
  MONTH TO DATE    0.00                      0.22  -0.22     0.05
  SINCE DEC 1      0.00                      0.22  -0.22     0.05
  SINCE JAN 1      5.04                      9.05  -4.01     8.15

SNOWFALL (IN)
  TODAY            0.0           2.0  1991   0.2   -0.2      0.1
  MONTH TO DATE    0.0                       1.4   -1.4      0.4
  SINCE DEC 1      0.0                       1.4   -1.4      0.4
  SINCE JUL 1      T                         3.9   -3.9      0.9
  SNOW DEPTH       0

DEGREE DAYS
 HEATING
  TODAY           33                        36     -3       27
  MONTH TO DATE  344                       380    -36      401
  SINCE DEC 1    344                       380    -36      401
  SINCE JUL 1   1458                      1608   -150     1271

 COOLING
  TODAY            0                         0      0        0
  MONTH TO DATE    0                         0      0        0
  SINCE DEC 1      0                         0      0        0
  SINCE JAN 1   1479                      1125    354     1245
..................................................................


WIND (MPH)
  HIGHEST WIND SPEED    10   HIGHEST WIND DIRECTION    SE (150)
  HIGHEST GUST SPEED    13   HIGHEST GUST DIRECTION    SE (150)
  AVERAGE WIND SPEED     3.9


SKY COVER
  POSSIBLE SUNSHINE  MM
  AVERAGE SKY COVER 0.0


WEATHER CONDITIONS
 THE FOLLOWING WEATHER WAS RECORDED TODAY.
  NO SIGNIFICANT WEATHER WAS OBSERVED.


RELATIVE HUMIDITY (PERCENT)
 HIGHEST    53           600 AM
 LOWEST     15           300 PM
 AVERAGE    34

..........................................................


THE GRAND JUNCTION CO CLIMATE NORMALS FOR TOMORROW
                         NORMAL    RECORD    YEAR
 MAXIMUM TEMPERATURE (F)   39        61      1906
 MINIMUM TEMPERATURE (F)   19        -5      2013


SUNRISE AND SUNSET
DECEMBER 11 2017......SUNRISE   723 AM MST   SUNSET   452 PM MST
DECEMBER 12 2017......SUNRISE   724 AM MST   SUNSET   452 PM MST


-  INDICATES NEGATIVE NUMBERS.
R  INDICATES RECORD WAS SET OR TIED.
MM INDICATES DATA IS MISSING.
T  INDICATES TRACE AMOUNT.




$$
