000
CDUS45 KGJT 010742
CLIGJT


CLIMATE REPORT
NATIONAL WEATHER SERVICE GRAND JUNCTION CO
139 AM MDT MON SEP 1 2014


...................................

...THE GRAND JUNCTION CO CLIMATE SUMMARY FOR AUGUST 31 2014...

CLIMATE NORMAL PERIOD 1981 TO 2010
CLIMATE RECORD PERIOD 1893 TO 2014


WEATHER ITEM   OBSERVED TIME   RECORD YEAR NORMAL DEPARTURE LAST
                VALUE   (LST)  VALUE       VALUE  FROM      YEAR
                                                  NORMAL
..................................................................
TEMPERATURE (F)
 YESTERDAY
  MAXIMUM         87    318 PM  98    1995  86      1       93
  MINIMUM         56   1151 PM  45    1943  58     -2       69
  AVERAGE         72                        72      0       81

PRECIPITATION (IN)
  YESTERDAY        0.00          0.82 2008   0.04  -0.04     0.00
  MONTH TO DATE    3.16                      0.95   2.21     1.18
  SINCE JUN 1      4.31                      2.02   2.29     2.56
  SINCE JAN 1      8.09                      5.85   2.24     5.97

SNOWFALL (IN)
  YESTERDAY        0.0           0.0  2002   0.0    0.0      0.0
  MONTH TO DATE    0.0                       0.0    0.0      0.0
  SINCE JUN 1      0.0                       0.0    0.0      0.0
  SINCE JUL 1      0.0                       0.0    0.0      0.0
  SNOW DEPTH       0

DEGREE DAYS
 HEATING
  YESTERDAY        0                         0      0        0
  MONTH TO DATE    5                         0      5        0
  SINCE JUN 1     24                        25     -1        5
  SINCE JUL 1      5                         3      2        0

 COOLING
  YESTERDAY        7                         7      0       16
  MONTH TO DATE  219                       327   -108      304
  SINCE JUN 1    867                       968   -101     1071
  SINCE JAN 1    926                      1019    -93     1126
..................................................................


WIND (MPH)
  HIGHEST WIND SPEED    29   HIGHEST WIND DIRECTION     W (270)
  HIGHEST GUST SPEED    36   HIGHEST GUST DIRECTION     W (270)
  AVERAGE WIND SPEED    11.5


SKY COVER
  POSSIBLE SUNSHINE  MM
  AVERAGE SKY COVER 0.0


WEATHER CONDITIONS
 THE FOLLOWING WEATHER WAS RECORDED YESTERDAY.
  NO SIGNIFICANT WEATHER WAS OBSERVED.


RELATIVE HUMIDITY (PERCENT)
 HIGHEST    52           700 AM
 LOWEST     13           100 PM
 AVERAGE    33

..........................................................


THE GRAND JUNCTION CO CLIMATE NORMALS FOR TODAY
                         NORMAL    RECORD    YEAR
 MAXIMUM TEMPERATURE (F)   86        99      1995
 MINIMUM TEMPERATURE (F)   58        47      1962


SUNRISE AND SUNSET
SEPTEMBER  1 2014.....SUNRISE   643 AM MDT   SUNSET   745 PM MDT
SEPTEMBER  2 2014.....SUNRISE   644 AM MDT   SUNSET   743 PM MDT


-  INDICATES NEGATIVE NUMBERS.
R  INDICATES RECORD WAS SET OR TIED.
MM INDICATES DATA IS MISSING.
T  INDICATES TRACE AMOUNT.




$$
