000
CDUS45 KGJT 282326
CLIGJT


CLIMATE REPORT
NATIONAL WEATHER SERVICE GRAND JUNCTION CO
524 PM MDT WED SEP 28 2016


...................................

...THE GRAND JUNCTION CO CLIMATE SUMMARY FOR SEPTEMBER 28 2016...
VALID TODAY AS OF 0500 PM LOCAL TIME.

CLIMATE NORMAL PERIOD 1981 TO 2010
CLIMATE RECORD PERIOD 1893 TO 2016


WEATHER ITEM   OBSERVED TIME   RECORD YEAR NORMAL DEPARTURE LAST
                VALUE   (LST)  VALUE       VALUE  FROM      YEAR
                                                  NORMAL
..................................................................
TEMPERATURE (F)
 TODAY
  MAXIMUM         84    241 PM  89    2010  75      9       86
                                      2001
  MINIMUM         49    609 AM  33    1999  47      2       54
  AVERAGE         67                        61      6       70

PRECIPITATION (IN)
  TODAY            0.00          0.81 2014   0.04  -0.04     0.00
  MONTH TO DATE    0.52                      1.11  -0.59     0.79
  SINCE SEP 1      0.52                      1.11  -0.59     0.79
  SINCE JAN 1      6.77                      6.96  -0.19     9.03

SNOWFALL (IN)
  TODAY            0.0           0.0  2015   0.0    0.0      0.0
  MONTH TO DATE    0.0                       0.0    0.0       T
  SINCE SEP 1      0.0                       0.0    0.0       T
  SINCE JUL 1      0.0                       0.0    0.0       T
  SNOW DEPTH       0

DEGREE DAYS
 HEATING
  TODAY            0                         5     -5        0
  MONTH TO DATE   47                        60    -13        7
  SINCE SEP 1     47                        60    -13        7
  SINCE JUL 1     47                        63    -16        7

 COOLING
  TODAY            2                         1      1        5
  MONTH TO DATE  121                       101     20      111
  SINCE SEP 1    121                       101     20      111
  SINCE JAN 1   1235                      1120    115     1007
..................................................................


WIND (MPH)
  HIGHEST WIND SPEED    15   HIGHEST WIND DIRECTION    SE (140)
  HIGHEST GUST SPEED    17   HIGHEST GUST DIRECTION    SE (140)
  AVERAGE WIND SPEED     7.9


SKY COVER
  POSSIBLE SUNSHINE  MM
  AVERAGE SKY COVER 0.0


WEATHER CONDITIONS
 THE FOLLOWING WEATHER WAS RECORDED TODAY.
  NO SIGNIFICANT WEATHER WAS OBSERVED.


RELATIVE HUMIDITY (PERCENT)
 HIGHEST    59           300 AM
 LOWEST     18           200 PM
 AVERAGE    39

..........................................................


THE GRAND JUNCTION CO CLIMATE NORMALS FOR TOMORROW
                         NORMAL    RECORD    YEAR
 MAXIMUM TEMPERATURE (F)   74        89      2010
                                             1989
 MINIMUM TEMPERATURE (F)   47        32      1999


SUNRISE AND SUNSET
SEPTEMBER 28 2016.....SUNRISE   708 AM MDT   SUNSET   701 PM MDT
SEPTEMBER 29 2016.....SUNRISE   709 AM MDT   SUNSET   659 PM MDT


-  INDICATES NEGATIVE NUMBERS.
R  INDICATES RECORD WAS SET OR TIED.
MM INDICATES DATA IS MISSING.
T  INDICATES TRACE AMOUNT.




$$
