000
CDUS45 KGJT 050806
CLIGJT


CLIMATE REPORT
NATIONAL WEATHER SERVICE GRAND JUNCTION CO
1230 AM MST FRI FEB 5 2016


...................................

...THE GRAND JUNCTION CO CLIMATE SUMMARY FOR FEBRUARY 4 2016...

CLIMATE NORMAL PERIOD 1981 TO 2010
CLIMATE RECORD PERIOD 1893 TO 2016


WEATHER ITEM   OBSERVED TIME   RECORD YEAR NORMAL DEPARTURE LAST
                VALUE   (LST)  VALUE       VALUE  FROM      YEAR
                                                  NORMAL
..................................................................
TEMPERATURE (F)
 YESTERDAY
  MAXIMUM         17   1100 PM  59    1934  41    -24       55
  MINIMUM          0    223 AM -10    1903  20    -20       31
  AVERAGE          9                        31    -22       43

PRECIPITATION (IN)
  YESTERDAY        0.03          0.53 1989   0.02   0.01     0.00
  MONTH TO DATE    0.42                      0.07   0.35     0.00
  SINCE DEC 1      2.03                      1.24   0.79     1.79
  SINCE JAN 1      1.34                      0.65   0.69     0.73

SNOWFALL (IN)
  YESTERDAY        0.7           8.7  1989   0.1    0.6      0.0
  MONTH TO DATE    4.7                       0.5    4.2      0.0
  SINCE DEC 1     24.0                      10.3   13.7      6.9
  SINCE JUL 1     27.4                      12.8   14.6      6.9
  SNOW DEPTH       4

DEGREE DAYS
 HEATING
  YESTERDAY       56                        34     22       22
  MONTH TO DATE  196                       139     57       97
  SINCE DEC 1   2684                      2437    247     2143
  SINCE JUL 1   3733                      3665     68     3367

 COOLING
  YESTERDAY        0                         0      0        0
  MONTH TO DATE    0                         0      0        0
  SINCE DEC 1      0                         0      0        0
  SINCE JAN 1      0                         0      0        0
..................................................................


WIND (MPH)
  HIGHEST WIND SPEED    21   HIGHEST WIND DIRECTION    SE (130)
  HIGHEST GUST SPEED    28   HIGHEST GUST DIRECTION    SE (120)
  AVERAGE WIND SPEED     6.0


SKY COVER
  POSSIBLE SUNSHINE  MM
  AVERAGE SKY COVER 0.5


WEATHER CONDITIONS
 THE FOLLOWING WEATHER WAS RECORDED YESTERDAY.
  LIGHT SNOW
  FOG


RELATIVE HUMIDITY (PERCENT)
 HIGHEST    92          1000 PM
 LOWEST     61          1200 PM
 AVERAGE    77

..........................................................


THE GRAND JUNCTION CO CLIMATE NORMALS FOR TODAY
                         NORMAL    RECORD    YEAR
 MAXIMUM TEMPERATURE (F)   42        60      1934
 MINIMUM TEMPERATURE (F)   21       -13      1989


SUNRISE AND SUNSET
FEBRUARY  5 2016......SUNRISE   717 AM MST   SUNSET   539 PM MST
FEBRUARY  6 2016......SUNRISE   716 AM MST   SUNSET   540 PM MST


-  INDICATES NEGATIVE NUMBERS.
R  INDICATES RECORD WAS SET OR TIED.
MM INDICATES DATA IS MISSING.
T  INDICATES TRACE AMOUNT.




$$
