000
CDUS45 KGJT 010824
CLIGJT


CLIMATE REPORT
NATIONAL WEATHER SERVICE GRAND JUNCTION CO
121 AM MST SUN FEB 1 2015


...................................

...THE GRAND JUNCTION CO CLIMATE SUMMARY FOR JANUARY 31 2015...

CLIMATE NORMAL PERIOD 1981 TO 2010
CLIMATE RECORD PERIOD 1893 TO 2015


WEATHER ITEM   OBSERVED TIME   RECORD YEAR NORMAL DEPARTURE LAST
                VALUE   (LST)  VALUE       VALUE  FROM      YEAR
                                                  NORMAL
..................................................................
TEMPERATURE (F)
 YESTERDAY
  MAXIMUM         42    416 PM  62    1911  40      2       33
  MINIMUM         30   1127 PM -10    1979  19     11       26
  AVERAGE         36                        30      6       30

PRECIPITATION (IN)
  YESTERDAY        0.21          0.28 1966   0.02   0.19     0.17
  MONTH TO DATE    0.73                      0.58   0.15     0.67
  SINCE DEC 1      1.79                      1.17   0.62     1.63
  SINCE JAN 1      0.73                      0.58   0.15     0.67

SNOWFALL (IN)
  YESTERDAY        0.0           5.7  1966   0.1   -0.1      1.9
  MONTH TO DATE    1.3                       4.9   -3.6      7.6
  SINCE DEC 1      6.9                       9.8   -2.9     18.3
  SINCE JUL 1      6.9                      12.3   -5.4     23.1
  SNOW DEPTH       0

DEGREE DAYS
 HEATING
  YESTERDAY       29                        35     -6       35
  MONTH TO DATE 1032                      1165   -133     1254
  SINCE DEC 1   2046                      2298   -252     2770
  SINCE JUL 1   3270                      3526   -256     4109

 COOLING
  YESTERDAY        0                         0      0        0
  MONTH TO DATE    0                         0      0        0
  SINCE DEC 1      0                         0      0        0
  SINCE JAN 1      0                         0      0        0
..................................................................


WIND (MPH)
  HIGHEST WIND SPEED    13   HIGHEST WIND DIRECTION    NW (310)
  HIGHEST GUST SPEED    14   HIGHEST GUST DIRECTION    NW (300)
  AVERAGE WIND SPEED     3.7


SKY COVER
  POSSIBLE SUNSHINE  MM
  AVERAGE SKY COVER 0.8


WEATHER CONDITIONS
 THE FOLLOWING WEATHER WAS RECORDED YESTERDAY.
  LIGHT RAIN
  FOG


RELATIVE HUMIDITY (PERCENT)
 HIGHEST   100          1200 AM
 LOWEST     82           400 PM
 AVERAGE    91

..........................................................


THE GRAND JUNCTION CO CLIMATE NORMALS FOR TODAY
                         NORMAL    RECORD    YEAR
 MAXIMUM TEMPERATURE (F)   40        60      1971
 MINIMUM TEMPERATURE (F)   19       -14      1951


SUNRISE AND SUNSET
FEBRUARY  1 2015......SUNRISE   721 AM MST   SUNSET   535 PM MST
FEBRUARY  2 2015......SUNRISE   720 AM MST   SUNSET   536 PM MST


-  INDICATES NEGATIVE NUMBERS.
R  INDICATES RECORD WAS SET OR TIED.
MM INDICATES DATA IS MISSING.
T  INDICATES TRACE AMOUNT.




$$
