000
CDUS45 KGJT 270755
CLIGJT


CLIMATE REPORT
NATIONAL WEATHER SERVICE GRAND JUNCTION CO
152 AM MDT THU APR 27 2017


...................................

...THE GRAND JUNCTION CO CLIMATE SUMMARY FOR APRIL 26 2017...

CLIMATE NORMAL PERIOD 1981 TO 2010
CLIMATE RECORD PERIOD 1893 TO 2017


WEATHER ITEM   OBSERVED TIME   RECORD YEAR NORMAL DEPARTURE LAST
                VALUE   (LST)  VALUE       VALUE  FROM      YEAR
                                                  NORMAL
..................................................................
TEMPERATURE (F)
 YESTERDAY
  MAXIMUM         65    352 PM  84    1981  69     -4       46
  MINIMUM         34    324 AM  28    1969  41     -7       39
  AVERAGE         50                        55     -5       43

PRECIPITATION (IN)
  YESTERDAY        0.02          0.53 1965   0.03  -0.01     0.28
  MONTH TO DATE    0.20                      0.80  -0.60     1.04
  SINCE MAR 1      0.59                      1.72  -1.13     2.11
  SINCE JAN 1      2.14                      2.84  -0.70     3.48

SNOWFALL (IN)
  YESTERDAY        0.0           0.9  1984   0.1   -0.1      0.0
  MONTH TO DATE    0.0                       0.9   -0.9       T
  SINCE MAR 1      T                         3.5   -3.5      1.1
  SINCE JUL 1     13.9                      19.0   -5.1     28.5
  SNOW DEPTH       0

DEGREE DAYS
 HEATING
  YESTERDAY       15                        10      5       22
  MONTH TO DATE  292                       364    -72      361
  SINCE MAR 1    732                      1017   -285      975
  SINCE JUL 1   4379                      5396  -1017     5453

 COOLING
  YESTERDAY        0                         0      0        0
  MONTH TO DATE    1                         0      1        0
  SINCE MAR 1      1                         0      1        0
  SINCE JAN 1      1                         0      1        0
..................................................................


WIND (MPH)
  HIGHEST WIND SPEED    26   HIGHEST WIND DIRECTION     W (270)
  HIGHEST GUST SPEED    32   HIGHEST GUST DIRECTION     W (280)
  AVERAGE WIND SPEED     6.5


SKY COVER
  POSSIBLE SUNSHINE  MM
  AVERAGE SKY COVER 0.7


WEATHER CONDITIONS
 THE FOLLOWING WEATHER WAS RECORDED YESTERDAY.
  LIGHT RAIN


RELATIVE HUMIDITY (PERCENT)
 HIGHEST   100           400 AM
 LOWEST     19           400 PM
 AVERAGE    60

..........................................................


THE GRAND JUNCTION CO CLIMATE NORMALS FOR TODAY
                         NORMAL    RECORD    YEAR
 MAXIMUM TEMPERATURE (F)   69        86      2000
 MINIMUM TEMPERATURE (F)   42        26      1976


SUNRISE AND SUNSET
APRIL 27 2017.........SUNRISE   620 AM MDT   SUNSET   804 PM MDT
APRIL 28 2017.........SUNRISE   619 AM MDT   SUNSET   805 PM MDT


-  INDICATES NEGATIVE NUMBERS.
R  INDICATES RECORD WAS SET OR TIED.
MM INDICATES DATA IS MISSING.
T  INDICATES TRACE AMOUNT.




$$
