000
CDUS45 KGJT 180745
CLIGJT


CLIMATE REPORT
NATIONAL WEATHER SERVICE GRAND JUNCTION CO
142 AM MDT FRI AUG 18 2017


...................................

...THE GRAND JUNCTION CO CLIMATE SUMMARY FOR AUGUST 17 2017...

CLIMATE NORMAL PERIOD 1981 TO 2010
CLIMATE RECORD PERIOD 1893 TO 2017


WEATHER ITEM   OBSERVED TIME   RECORD YEAR NORMAL DEPARTURE LAST
                VALUE   (LST)  VALUE       VALUE  FROM      YEAR
                                                  NORMAL
..................................................................
TEMPERATURE (F)
 YESTERDAY
  MAXIMUM         91    339 PM 100    2002  90      1       89
                                      1994
  MINIMUM         60    534 AM  45    1960  61     -1       64
  AVERAGE         76                        76      0       77

PRECIPITATION (IN)
  YESTERDAY        0.00          0.44 1943   0.03  -0.03     0.00
  MONTH TO DATE    0.37                      0.50  -0.13     0.30
  SINCE JUN 1      1.18                      1.57  -0.39     1.03
  SINCE JAN 1      4.01                      5.40  -1.39     6.00

SNOWFALL (IN)
  YESTERDAY        0.0           0.0  2016   0.0    0.0      0.0
  MONTH TO DATE    0.0                       0.0    0.0      0.0
  SINCE JUN 1      0.0                       0.0    0.0      0.0
  SINCE JUL 1      0.0                       0.0    0.0      0.0
  SNOW DEPTH       0

DEGREE DAYS
 HEATING
  YESTERDAY        0                         0      0        0
  MONTH TO DATE    0                         0      0        0
  SINCE JUN 1      4                        23    -19        1
  SINCE JUL 1      0                         1     -1        0

 COOLING
  YESTERDAY       11                        11      0       12
  MONTH TO DATE  197                       202     -5      212
  SINCE JUN 1   1071                       843    228     1006
  SINCE JAN 1   1117                       894    223     1019
..................................................................


WIND (MPH)
  HIGHEST WIND SPEED    21   HIGHEST WIND DIRECTION    NW (320)
  HIGHEST GUST SPEED    26   HIGHEST GUST DIRECTION    NW (320)
  AVERAGE WIND SPEED     8.8


SKY COVER
  POSSIBLE SUNSHINE  MM
  AVERAGE SKY COVER 0.0


WEATHER CONDITIONS
 THE FOLLOWING WEATHER WAS RECORDED YESTERDAY.
  NO SIGNIFICANT WEATHER WAS OBSERVED.


RELATIVE HUMIDITY (PERCENT)
 HIGHEST    46           600 AM
 LOWEST     12           500 PM
 AVERAGE    29

..........................................................


THE GRAND JUNCTION CO CLIMATE NORMALS FOR TODAY
                         NORMAL    RECORD    YEAR
 MAXIMUM TEMPERATURE (F)   90        99      2011
                                             2002
 MINIMUM TEMPERATURE (F)   61        47      1978
                                             1968


SUNRISE AND SUNSET
AUGUST 18 2017........SUNRISE   630 AM MDT   SUNSET   805 PM MDT
AUGUST 19 2017........SUNRISE   631 AM MDT   SUNSET   803 PM MDT


-  INDICATES NEGATIVE NUMBERS.
R  INDICATES RECORD WAS SET OR TIED.
MM INDICATES DATA IS MISSING.
T  INDICATES TRACE AMOUNT.




$$
