000
CDUS45 KGJT 290744
CLIGJT


CLIMATE REPORT
NATIONAL WEATHER SERVICE GRAND JUNCTION CO
130 AM MDT MON JUN 29 2015


...................................

...THE GRAND JUNCTION CO CLIMATE SUMMARY FOR JUNE 28 2015...

CLIMATE NORMAL PERIOD 1981 TO 2010
CLIMATE RECORD PERIOD 1893 TO 2015


WEATHER ITEM   OBSERVED TIME   RECORD YEAR NORMAL DEPARTURE LAST
                VALUE   (LST)  VALUE       VALUE  FROM      YEAR
                                                  NORMAL
..................................................................
TEMPERATURE (F)
 YESTERDAY
  MAXIMUM         99    342 PM 104    1900  92      7       88
  MINIMUM         62    518 AM  46    1942  60      2       52
  AVERAGE         81                        76      5       70

PRECIPITATION (IN)
  YESTERDAY        0.00          0.43 1927   0.01  -0.01     0.00
  MONTH TO DATE    1.19                      0.43   0.76     0.13
  SINCE JUN 1      1.19                      0.43   0.76     0.13
  SINCE JAN 1      6.29                      4.26   2.03     3.91

SNOWFALL (IN)
  YESTERDAY        0.0           0.0  2014   0.0    0.0      0.0
  MONTH TO DATE    0.0                       0.0    0.0      0.0
  SINCE JUN 1      0.0                       0.0    0.0      0.0
  SINCE JUL 1     12.6                      19.1   -6.5     25.7
  SNOW DEPTH       0

DEGREE DAYS
 HEATING
  YESTERDAY        0                         0      0        0
  MONTH TO DATE   12                        20     -8       19
  SINCE JUN 1     12                        20     -8       19
  SINCE JUL 1   5179                      5609   -430     6269

 COOLING
  YESTERDAY       16                        11      5        5
  MONTH TO DATE  250                       208     42      174
  SINCE JUN 1    250                       208     42      174
  SINCE JAN 1    258                       259     -1      233
..................................................................


WIND (MPH)
  HIGHEST WIND SPEED    21   HIGHEST WIND DIRECTION    SE (150)
  HIGHEST GUST SPEED    25   HIGHEST GUST DIRECTION    SE (140)
  AVERAGE WIND SPEED     8.0


SKY COVER
  POSSIBLE SUNSHINE  MM
  AVERAGE SKY COVER 0.0


WEATHER CONDITIONS
 THE FOLLOWING WEATHER WAS RECORDED YESTERDAY.
  NO SIGNIFICANT WEATHER WAS OBSERVED.


RELATIVE HUMIDITY (PERCENT)
 HIGHEST    43           500 AM
 LOWEST     11           300 PM
 AVERAGE    27

..........................................................


THE GRAND JUNCTION CO CLIMATE NORMALS FOR TODAY
                         NORMAL    RECORD    YEAR
 MAXIMUM TEMPERATURE (F)   92       103      1990
 MINIMUM TEMPERATURE (F)   61        46      1902


SUNRISE AND SUNSET
JUNE 29 2015..........SUNRISE   551 AM MDT   SUNSET   844 PM MDT
JUNE 30 2015..........SUNRISE   551 AM MDT   SUNSET   844 PM MDT


-  INDICATES NEGATIVE NUMBERS.
R  INDICATES RECORD WAS SET OR TIED.
MM INDICATES DATA IS MISSING.
T  INDICATES TRACE AMOUNT.




$$
