000
CDUS45 KGJT 202349
CLIGJT


CLIMATE REPORT
NATIONAL WEATHER SERVICE GRAND JUNCTION CO
448 PM MST TUE FEB 20 2018


...................................

...THE GRAND JUNCTION CO CLIMATE SUMMARY FOR FEBRUARY 20 2018...
VALID TODAY AS OF 0400 PM LOCAL TIME.

CLIMATE NORMAL PERIOD 1981 TO 2010
CLIMATE RECORD PERIOD 1893 TO 2018


WEATHER ITEM   OBSERVED TIME   RECORD YEAR NORMAL DEPARTURE LAST
                VALUE   (LST)  VALUE       VALUE  FROM      YEAR
                                                  NORMAL
..................................................................
TEMPERATURE (F)
 TODAY
  MAXIMUM         33    308 PM  65    1995  48    -15       54
  MINIMUM         14    656 AM  -5    1903  26    -12       36
  AVERAGE         24                        37    -13       45

PRECIPITATION (IN)
  TODAY            T             0.44 1996   0.01  -0.01      T
  MONTH TO DATE    0.58                      0.36   0.22     0.34
  SINCE DEC 1      1.38                      1.53  -0.15     2.08
  SINCE JAN 1      1.34                      0.94   0.40     1.35

SNOWFALL (IN)
  TODAY            0.4           2.8  1913   0.1    0.3      0.0
  MONTH TO DATE    2.0                       2.5   -0.5      0.0
  SINCE DEC 1      6.4                      12.3   -5.9     11.2
  SINCE JUL 1      6.4                      14.8   -8.4     11.7
  SNOW DEPTH       1

DEGREE DAYS
 HEATING
  TODAY           41                        28     13       20
  MONTH TO DATE  538                       639   -101      423
  SINCE DEC 1   2599                      2937   -338     2554
  SINCE JUL 1   3713                      4165   -452     3424

 COOLING
  TODAY            0                         0      0        0
  MONTH TO DATE    0                         0      0        0
  SINCE DEC 1      0                         0      0        0
  SINCE JAN 1      0                         0      0        0
..................................................................


WIND (MPH)
  HIGHEST WIND SPEED    13   HIGHEST WIND DIRECTION    NW (310)
  HIGHEST GUST SPEED    17   HIGHEST GUST DIRECTION    NW (310)
  AVERAGE WIND SPEED     3.2


SKY COVER
  POSSIBLE SUNSHINE  MM
  AVERAGE SKY COVER 0.8


WEATHER CONDITIONS
 THE FOLLOWING WEATHER WAS RECORDED TODAY.
  LIGHT SNOW
  FOG


RELATIVE HUMIDITY (PERCENT)
 HIGHEST   100          1200 AM
 LOWEST     43           300 PM
 AVERAGE    72

..........................................................


THE GRAND JUNCTION CO CLIMATE NORMALS FOR TOMORROW
                         NORMAL    RECORD    YEAR
 MAXIMUM TEMPERATURE (F)   48        66      1958
 MINIMUM TEMPERATURE (F)   26        -2      1903


SUNRISE AND SUNSET
FEBRUARY 20 2018......SUNRISE   659 AM MST   SUNSET   557 PM MST
FEBRUARY 21 2018......SUNRISE   658 AM MST   SUNSET   558 PM MST


-  INDICATES NEGATIVE NUMBERS.
R  INDICATES RECORD WAS SET OR TIED.
MM INDICATES DATA IS MISSING.
T  INDICATES TRACE AMOUNT.




$$
