000
CDUS43 KGLD 070042
CLIGLD

CLIMATE REPORT
NATIONAL WEATHER SERVICE GOODLAND
538 PM MST FRI MAR 6 2015

...................................

...THE GOODLAND KS CLIMATE SUMMARY FOR MARCH 6 2015...
VALID TODAY AS OF 0500 PM LOCAL TIME.

CLIMATE NORMAL PERIOD 1981 TO 2010
CLIMATE RECORD PERIOD 1895 TO 2015

WEATHER ITEM   OBSERVED TIME   RECORD YEAR NORMAL DEPARTURE LAST
                VALUE   (LST)  VALUE       VALUE  FROM      YEAR
                                                  NORMAL
..................................................................
TEMPERATURE (F)
 TODAY
  MAXIMUM         61    246 PM  82    1972  51     10       72
  MINIMUM         25    524 AM -13    1948  24      1       32
  AVERAGE         43                        38      5       52

PRECIPITATION (IN)
  TODAY            0.00          0.78 1990   0.03  -0.03     0.00
  MONTH TO DATE    0.03                      0.16  -0.13     0.03
  SINCE MAR 1      0.03                      0.16  -0.13     0.03
  SINCE JAN 1      1.11                      1.03   0.08     0.97

SNOWFALL (IN)
  TODAY            0.0                       0.2   -0.2      0.0
  MONTH TO DATE    0.6                       1.1   -0.5      0.3
  SINCE MAR 1      0.6                       1.1   -0.5      0.3
  SINCE JUL 1     22.7                      25.1   -2.4     25.5
  SNOW DEPTH       0

DEGREE DAYS
 HEATING
  TODAY           22                        27     -5       13
  MONTH TO DATE  212                       168     44      211
  SINCE MAR 1    212                       168     44      211
  SINCE JUL 1   4427                      4585   -158     4755

 COOLING
  TODAY            0                         0      0        0
  MONTH TO DATE    0                         0      0        0
  SINCE MAR 1      0                         0      0        0
  SINCE JAN 1      0                         0      0        0
..................................................................

WIND (MPH)
  HIGHEST WIND SPEED    22   HIGHEST WIND DIRECTION    NW (300)
  HIGHEST GUST SPEED    27   HIGHEST GUST DIRECTION    NW (300)
  AVERAGE WIND SPEED    12.3


SKY COVER
  AVERAGE SKY COVER 0.0


WEATHER CONDITIONS
 THE FOLLOWING WEATHER WAS RECORDED TODAY.
  NO SIGNIFICANT WEATHER WAS OBSERVED.


RELATIVE HUMIDITY (PERCENT)
 HIGHEST    88           300 AM
 LOWEST     16           200 PM
 AVERAGE    52

..........................................................


THE GOODLAND KS CLIMATE NORMALS FOR TOMORROW
                         NORMAL    RECORD    YEAR
 MAXIMUM TEMPERATURE (F)   52        77      2006
 MINIMUM TEMPERATURE (F)   24       -12      1920


SUNRISE AND SUNSET
MARCH  6 2015.........SUNRISE   612 AM MST   SUNSET   544 PM MST
MARCH  7 2015.........SUNRISE   611 AM MST   SUNSET   545 PM MST


-  INDICATES NEGATIVE NUMBERS.
R  INDICATES RECORD WAS SET OR TIED.
MM INDICATES DATA IS MISSING.
T  INDICATES TRACE AMOUNT.

&&

THE AVERAGE SOIL TEMPERATURE AT THE FOUR INCH DEPTH... 31
THE CURRENT DEPTH OF FROST... 11 INCHES

$$
