000
CDUS43 KGLD 180751
CLIGLD

CLIMATE REPORT
NATIONAL WEATHER SERVICE GOODLAND
1249 AM MST THU DEC 18 2014

...................................

...THE GOODLAND KS CLIMATE SUMMARY FOR DECEMBER 17 2014...

CLIMATE NORMAL PERIOD 1981 TO 2010
CLIMATE RECORD PERIOD 1895 TO 2014

WEATHER ITEM   OBSERVED TIME   RECORD YEAR NORMAL DEPARTURE LAST
                VALUE   (LST)  VALUE       VALUE  FROM      YEAR
                                                  NORMAL
..................................................................
TEMPERATURE (F)
 YESTERDAY
  MAXIMUM         25   1158 PM  79    1980  42    -17       56
  MINIMUM         22    755 AM -10    1964  17      5       23
  AVERAGE         24                        29     -5       40

PRECIPITATION (IN)
  YESTERDAY        0.06          0.18 1999   0.01   0.05     0.00
  MONTH TO DATE    0.93                      0.26   0.67     0.05
  SINCE DEC 1      0.93                      0.26   0.67     0.05
  SINCE JAN 1     17.34                     19.46  -2.12    16.74

SNOWFALL (IN)
  YESTERDAY        0.8                       0.1    0.7      0.0
  MONTH TO DATE    0.8                       2.9   -2.1      2.5
  SINCE DEC 1      0.8                       2.9   -2.1      2.5
  SINCE JUL 1      1.0                      10.1   -9.1      6.8
  SNOW DEPTH       0

DEGREE DAYS
 HEATING
  YESTERDAY       41                        36      5       25
  MONTH TO DATE  491                       588    -97      654
  SINCE DEC 1    491                       588    -97      654
  SINCE JUL 1   1746                      1907   -161     1927

 COOLING
  YESTERDAY        0                         0      0        0
  MONTH TO DATE    0                         0      0        0
  SINCE DEC 1      0                         0      0        0
  SINCE JAN 1    920                       941    -21     1181
..................................................................

WIND (MPH)
  HIGHEST WIND SPEED    16   HIGHEST WIND DIRECTION    SE (130)
  HIGHEST GUST SPEED    19   HIGHEST GUST DIRECTION    SE (130)
  AVERAGE WIND SPEED     8.1

SKY COVER
  AVERAGE SKY COVER 1.0

WEATHER CONDITIONS
 THE FOLLOWING WEATHER WAS RECORDED YESTERDAY.
  LIGHT SNOW
  FOG
  FOG W/VISIBILITY <= 1/4 MILE

RELATIVE HUMIDITY (PERCENT)
 HIGHEST   100
 LOWEST     92
 AVERAGE    96

..........................................................

THE GOODLAND KS CLIMATE NORMALS FOR TODAY
                         NORMAL    RECORD    YEAR
 MAXIMUM TEMPERATURE (F)   42        76      1979
 MINIMUM TEMPERATURE (F)   17       -15      1924

SUNRISE AND SUNSET
DECEMBER 18 2014......SUNRISE   701 AM MST   SUNSET   425 PM MST
DECEMBER 19 2014......SUNRISE   702 AM MST   SUNSET   426 PM MST

-  INDICATES NEGATIVE NUMBERS.
R  INDICATES RECORD WAS SET OR TIED.
MM INDICATES DATA IS MISSING.
T  INDICATES TRACE AMOUNT.

&&

THE AVERAGE SOIL TEMPERATURE AT THE FOUR INCH DEPTH... 34
THE CURRENT DEPTH OF FROST... 0 INCHES

$$
