000
CDUS43 KGLD 311155
CLIGLD

CLIMATE REPORT
NATIONAL WEATHER SERVICE GOODLAND
139 AM MDT FRI OCT 31 2014

...................................

...THE GOODLAND KS CLIMATE SUMMARY FOR OCTOBER 30 2014...

CLIMATE NORMAL PERIOD 1981 TO 2010
CLIMATE RECORD PERIOD 1895 TO 2014

WEATHER ITEM   OBSERVED TIME   RECORD YEAR NORMAL DEPARTURE LAST
                VALUE   (LST)  VALUE       VALUE  FROM      YEAR
                                                  NORMAL
..................................................................
TEMPERATURE (F)
 YESTERDAY
  MAXIMUM         67    129 PM  91    1950  61      6       57
  MINIMUM         31   1145 PM   7    1993  33     -2       35
  AVERAGE         49                        47      2       46

PRECIPITATION (IN)
  YESTERDAY        0.00          1.26 1979   0.04  -0.04     0.01
  MONTH TO DATE    0.44                      1.34  -0.90     1.24
  SINCE SEP 1      2.49                      2.56  -0.07     7.73
  SINCE JAN 1     16.39                     18.46  -2.07    16.52

SNOWFALL (IN)
  YESTERDAY        0.0                       0.1   -0.1      0.0
  MONTH TO DATE    0.0                       2.1   -2.1      4.0
  SINCE SEP 1      T                         2.5   -2.5      4.0
  SINCE JUL 1      T                         2.5   -2.5      4.0
  SNOW DEPTH       0

DEGREE DAYS
 HEATING
  YESTERDAY       16                        18     -2       19
  MONTH TO DATE  286                       395   -109      439
  SINCE SEP 1    386                       507   -121      486
  SINCE JUL 1    399                       519   -120      493

 COOLING
  YESTERDAY        0                         0      0        0
  MONTH TO DATE    1                         5     -4        0
  SINCE SEP 1    118                       105     13      183
  SINCE JAN 1    920                       938    -18     1181
..................................................................

WIND (MPH)
  HIGHEST WIND SPEED    21   HIGHEST WIND DIRECTION     N (350)
  HIGHEST GUST SPEED    25   HIGHEST GUST DIRECTION     N (360)
  AVERAGE WIND SPEED    10.4


SKY COVER
  AVERAGE SKY COVER 0.0


WEATHER CONDITIONS
 THE FOLLOWING WEATHER WAS RECORDED YESTERDAY.
  HAZE


RELATIVE HUMIDITY (PERCENT)
 HIGHEST    75
 LOWEST     22
 AVERAGE    49

..........................................................


THE GOODLAND KS CLIMATE NORMALS FOR TODAY
                         NORMAL    RECORD    YEAR
 MAXIMUM TEMPERATURE (F)   60        87      1950
 MINIMUM TEMPERATURE (F)   32        12      1991


SUNRISE AND SUNSET
OCTOBER 31 2014.......SUNRISE   714 AM MDT   SUNSET   547 PM MDT
NOVEMBER  1 2014......SUNRISE   715 AM MDT   SUNSET   545 PM MDT


-  INDICATES NEGATIVE NUMBERS.
R  INDICATES RECORD WAS SET OR TIED.
MM INDICATES DATA IS MISSING.
T  INDICATES TRACE AMOUNT.

&&

THE AVERAGE SOIL TEMPERATURE AT THE FOUR INCH DEPTH... 53

$$
