000
CDUS44 KJAN 192112
CLIGLH


CLIMATE REPORT
NATIONAL WEATHER SERVICE JACKSON MS
410 PM CDT SAT AUG 19 2017


...................................

...THE GREENVILLE CLIMATE SUMMARY FOR AUGUST 19 2017...
VALID TODAY AS OF 0400 PM LOCAL TIME.

CLIMATE NORMAL PERIOD 1981 TO 2010
CLIMATE RECORD PERIOD 1903 TO 2017


WEATHER ITEM   OBSERVED TIME   RECORD YEAR NORMAL DEPARTURE LAST
                VALUE   (LST)  VALUE       VALUE  FROM      YEAR
                                                  NORMAL
..................................................................
TEMPERATURE (F)
 TODAY
  MAXIMUM         96    239 PM 104    1999  92      4       90
  MINIMUM         75    601 AM  60    1943  71      4       73
  AVERAGE         86                        82      4       82

PRECIPITATION (IN)
  TODAY            T             2.97 1923   0.08  -0.08     0.48
  MONTH TO DATE    4.18                      1.24   2.94     4.45
  SINCE JUN 1     11.01                      9.08   1.93    10.85
  SINCE JAN 1     27.39                     33.34  -5.95    39.38

SNOWFALL (IN)
  TODAY            0.0

DEGREE DAYS
 HEATING
  TODAY            0                         0      0        0
  MONTH TO DATE    0                         0      0        0
  SINCE JUN 1      0                         0      0        0
  SINCE JUL 1      0                         0      0        0

 COOLING
  TODAY           21                        17      4       17
  MONTH TO DATE  299                       323    -24      351
  SINCE JUN 1   1181                      1270    -89     1446
  SINCE JAN 1   1578                      1592    -14     1788
..................................................................


WIND (MPH)
  HIGHEST WIND SPEED    14   HIGHEST WIND DIRECTION    NW (320)
  HIGHEST GUST SPEED    17   HIGHEST GUST DIRECTION    NW (330)
  AVERAGE WIND SPEED     4.8


SKY COVER
  POSSIBLE SUNSHINE  MM
  AVERAGE SKY COVER 0.1


WEATHER CONDITIONS
 THE FOLLOWING WEATHER WAS RECORDED TODAY.
  LIGHT RAIN


RELATIVE HUMIDITY (PERCENT)
 HIGHEST    87           400 AM
 LOWEST     49           200 PM
 AVERAGE    68

..........................................................


THE GREENVILLE CLIMATE NORMALS FOR TOMORROW
                         NORMAL    RECORD    YEAR
 MAXIMUM TEMPERATURE (F)   92       105      1925
 MINIMUM TEMPERATURE (F)   71        59      1940


SUNRISE AND SUNSET
AUGUST 19 2017........SUNRISE   629 AM CDT   SUNSET   745 PM CDT
AUGUST 20 2017........SUNRISE   630 AM CDT   SUNSET   744 PM CDT


-  INDICATES NEGATIVE NUMBERS.
R  INDICATES RECORD WAS SET OR TIED.
MM INDICATES DATA IS MISSING.
T  INDICATES TRACE AMOUNT.




$$
