696
CDUS44 KJAN 200729
CLIGLH


CLIMATE REPORT
NATIONAL WEATHER SERVICE JACKSON MS
228 AM CDT FRI OCT 20 2017


...................................

...THE GREENVILLE CLIMATE SUMMARY FOR OCTOBER 19 2017...

CLIMATE NORMAL PERIOD 1981 TO 2010
CLIMATE RECORD PERIOD 1903 TO 2017


WEATHER ITEM   OBSERVED TIME   RECORD YEAR NORMAL DEPARTURE LAST
                VALUE   (LST)  VALUE       VALUE  FROM      YEAR
                                                  NORMAL
..................................................................
TEMPERATURE (F)
 YESTERDAY
  MAXIMUM         80    340 PM  91    1921  76      4       89
  MINIMUM         43    627 AM  32    1948  51     -8       66
  AVERAGE         62                        64     -2       78

PRECIPITATION (IN)
  YESTERDAY        0.00          1.06 1916   0.17  -0.17     0.00
  MONTH TO DATE    0.42                      2.79  -2.37     0.10
  SINCE SEP 1      2.14                      5.87  -3.73     0.78
  SINCE JAN 1     31.33                     40.43  -9.10    42.67

SNOWFALL (IN)
  YESTERDAY        0.0

DEGREE DAYS
 HEATING
  YESTERDAY        3                         4     -1        0
  MONTH TO DATE   21                        42    -21        0
  SINCE SEP 1     24                        48    -24        0
  SINCE JUL 1     24                        48    -24        0

 COOLING
  YESTERDAY        0                         3     -3       13
  MONTH TO DATE  133                        71     62      145
  SINCE SEP 1    443                       372     71      599
  SINCE JAN 1   2186                      2151     35     2611
..................................................................


WIND (MPH)
  HIGHEST WIND SPEED     9   HIGHEST WIND DIRECTION     E (100)
  HIGHEST GUST SPEED    12   HIGHEST GUST DIRECTION     E (110)
  AVERAGE WIND SPEED     3.4


SKY COVER
  POSSIBLE SUNSHINE  MM
  AVERAGE SKY COVER 0.0


WEATHER CONDITIONS
 THE FOLLOWING WEATHER WAS RECORDED YESTERDAY.
  NO SIGNIFICANT WEATHER WAS OBSERVED.


RELATIVE HUMIDITY (PERCENT)
 HIGHEST    93           700 AM
 LOWEST     30           400 PM
 AVERAGE    62

..........................................................


THE GREENVILLE CLIMATE NORMALS FOR TODAY
                         NORMAL    RECORD    YEAR
 MAXIMUM TEMPERATURE (F)   76        90      1941
 MINIMUM TEMPERATURE (F)   51        28      1917


SUNRISE AND SUNSET
OCTOBER 20 2017.......SUNRISE   713 AM CDT   SUNSET   624 PM CDT
OCTOBER 21 2017.......SUNRISE   714 AM CDT   SUNSET   623 PM CDT


-  INDICATES NEGATIVE NUMBERS.
R  INDICATES RECORD WAS SET OR TIED.
MM INDICATES DATA IS MISSING.
T  INDICATES TRACE AMOUNT.




$$
