000
CDUS44 KJAN 122205
CLIGLH


CLIMATE REPORT
NATIONAL WEATHER SERVICE JACKSON MS
404 PM CST TUE DEC 12 2017


...................................

...THE GREENVILLE CLIMATE SUMMARY FOR DECEMBER 12 2017...
VALID TODAY AS OF 0400 PM LOCAL TIME.

CLIMATE NORMAL PERIOD 1981 TO 2010
CLIMATE RECORD PERIOD 1903 TO 2017


WEATHER ITEM   OBSERVED TIME   RECORD YEAR NORMAL DEPARTURE LAST
                VALUE   (LST)  VALUE       VALUE  FROM      YEAR
                                                  NORMAL
..................................................................
TEMPERATURE (F)
 TODAY
  MAXIMUM         53    211 PM  78    2015  55     -2       62
                                      1931
                                      1929
  MINIMUM         44    713 AM  10    1962  36      8       49
  AVERAGE         49                        46      3       56

PRECIPITATION (IN)
  TODAY            0.00          3.89 1931   0.20  -0.20     0.03
  MONTH TO DATE    0.61                      2.46  -1.85     1.53
  SINCE DEC 1      0.61                      2.46  -1.85     1.53
  SINCE JAN 1     34.18                     49.48 -15.30    48.79

SNOWFALL (IN)
  TODAY            0.0

DEGREE DAYS
 HEATING
  TODAY           16                        20     -4        9
  MONTH TO DATE  197                       221    -24      236
  SINCE DEC 1    197                       221    -24      236
  SINCE JUL 1    611                       683    -72      505

 COOLING
  TODAY            0                         0      0        0
  MONTH TO DATE    0                         0      0        0
  SINCE DEC 1      0                         0      0        0
  SINCE JAN 1   2244                      2186     58     2672
..................................................................


WIND (MPH)
  HIGHEST WIND SPEED    23   HIGHEST WIND DIRECTION     N (340)
  HIGHEST GUST SPEED    27   HIGHEST GUST DIRECTION     N (340)
  AVERAGE WIND SPEED    12.9


SKY COVER
  POSSIBLE SUNSHINE  MM
  AVERAGE SKY COVER 0.0


WEATHER CONDITIONS
 THE FOLLOWING WEATHER WAS RECORDED TODAY.
  NO SIGNIFICANT WEATHER WAS OBSERVED.


RELATIVE HUMIDITY (PERCENT)
 HIGHEST    58           700 AM
 LOWEST     30           300 PM
 AVERAGE    44

..........................................................


THE GREENVILLE CLIMATE NORMALS FOR TOMORROW
                         NORMAL    RECORD    YEAR
 MAXIMUM TEMPERATURE (F)   55        77      2015
                                             1933
                                             1921
 MINIMUM TEMPERATURE (F)   36         7      1962


SUNRISE AND SUNSET
DECEMBER 12 2017......SUNRISE   659 AM CST   SUNSET   457 PM CST
DECEMBER 13 2017......SUNRISE   659 AM CST   SUNSET   457 PM CST


-  INDICATES NEGATIVE NUMBERS.
R  INDICATES RECORD WAS SET OR TIED.
MM INDICATES DATA IS MISSING.
T  INDICATES TRACE AMOUNT.




$$
