000
CDUS44 KJAN 230921
CLIGLH


CLIMATE REPORT
NATIONAL WEATHER SERVICE JACKSON MS
419 AM CDT WED APR 23 2014


...................................

...THE GREENVILLE CLIMATE SUMMARY FOR APRIL 22 2014...

CLIMATE NORMAL PERIOD 1981 TO 2010
CLIMATE RECORD PERIOD 1920 TO 2014


WEATHER ITEM   OBSERVED TIME   RECORD YEAR NORMAL DEPARTURE LAST
                VALUE   (LST)  VALUE       VALUE  FROM      YEAR
                                                  NORMAL
..................................................................
TEMPERATURE (F)
 YESTERDAY
  MAXIMUM         78    335 PM  97    1987  76      2       75
  MINIMUM         58   1159 PM  35    1953  54      4       44
  AVERAGE         68                        65      3       60

PRECIPITATION (IN)
  YESTERDAY        0.52          4.65 1974   0.16   0.36     0.00
  MONTH TO DATE    6.65                      3.68   2.97     3.30
  SINCE MAR 1     12.16                      8.23   3.93     8.05
  SINCE JAN 1     16.46                     18.22  -1.76    20.51

SNOWFALL (IN)
  YESTERDAY        0.0

DEGREE DAYS
 HEATING
  YESTERDAY        0                         2     -2        5
  MONTH TO DATE  123                       103     20      141
  SINCE MAR 1    557                       439    118      616
  SINCE JUL 1   3164                      2748    416     2619

 COOLING
  YESTERDAY        3                         3      0        0
  MONTH TO DATE   40                        36      4       54
  SINCE MAR 1     45                        53     -8       56
  SINCE JAN 1     45                        58    -13       66
..................................................................


WIND (MPH)
  HIGHEST WIND SPEED    15   HIGHEST WIND DIRECTION     N (350)
  HIGHEST GUST SPEED    20   HIGHEST GUST DIRECTION     N (350)
  AVERAGE WIND SPEED     7.0


SKY COVER
  POSSIBLE SUNSHINE  MM
  AVERAGE SKY COVER 0.6


WEATHER CONDITIONS
 THE FOLLOWING WEATHER WAS RECORDED YESTERDAY.
  THUNDERSTORM
  HEAVY RAIN
  RAIN
  LIGHT RAIN
  FOG
  HAZE


RELATIVE HUMIDITY (PERCENT)
 HIGHEST    93          1200 AM
 LOWEST     58           300 PM
 AVERAGE    76

..........................................................


THE GREENVILLE CLIMATE NORMALS FOR TODAY
                         NORMAL    RECORD    YEAR
 MAXIMUM TEMPERATURE (F)   77        90      1925
 MINIMUM TEMPERATURE (F)   55        39      1931


SUNRISE AND SUNSET
APRIL 23 2014.........SUNRISE   624 AM CDT   SUNSET   741 PM CDT
APRIL 24 2014.........SUNRISE   623 AM CDT   SUNSET   742 PM CDT


-  INDICATES NEGATIVE NUMBERS.
R  INDICATES RECORD WAS SET OR TIED.
MM INDICATES DATA IS MISSING.
T  INDICATES TRACE AMOUNT.




$$
