000
CDUS44 KJAN 210656
CLIGLH


CLIMATE REPORT
NATIONAL WEATHER SERVICE JACKSON MS
1247 AM CST SAT JAN 21 2017


...................................

...THE GREENVILLE CLIMATE SUMMARY FOR JANUARY 20 2017...

CLIMATE NORMAL PERIOD 1981 TO 2010
CLIMATE RECORD PERIOD 1920 TO 2017


WEATHER ITEM   OBSERVED TIME   RECORD YEAR NORMAL DEPARTURE LAST
                VALUE   (LST)  VALUE       VALUE  FROM      YEAR
                                                  NORMAL
..................................................................
TEMPERATURE (F)
 YESTERDAY
  MAXIMUM         72    404 PM  86    1935  52     20       49
  MINIMUM         55    419 AM  11    1943  32     23       37
  AVERAGE         64                        42     22       43

PRECIPITATION (IN)
  YESTERDAY        T             4.34 1979   0.17  -0.17     0.06
  MONTH TO DATE    4.40                      3.05   1.35     1.29
  SINCE DEC 1      7.26                      8.67  -1.41     5.10
  SINCE JAN 1      4.40                      3.05   1.35     1.29

SNOWFALL (IN)
  YESTERDAY        0.0

DEGREE DAYS
 HEATING
  YESTERDAY        1                        23    -22       22
  MONTH TO DATE  274                       457   -183      459
  SINCE DEC 1    828                      1079   -251      793
  SINCE JUL 1   1097                      1541   -444     1043

 COOLING
  YESTERDAY        0                         0      0        0
  MONTH TO DATE   11                         0     11        0
  SINCE DEC 1     23                         3     20       35
  SINCE JAN 1     11                         0     11        0
..................................................................


WIND (MPH)
  HIGHEST WIND SPEED    22   HIGHEST WIND DIRECTION    SW (230)
  HIGHEST GUST SPEED    27   HIGHEST GUST DIRECTION    SW (230)
  AVERAGE WIND SPEED    11.9


SKY COVER
  POSSIBLE SUNSHINE  MM
  AVERAGE SKY COVER 0.4


WEATHER CONDITIONS
 THE FOLLOWING WEATHER WAS RECORDED YESTERDAY.
  NO SIGNIFICANT WEATHER WAS OBSERVED.


RELATIVE HUMIDITY (PERCENT)
 HIGHEST    93           200 AM
 LOWEST     47           300 PM
 AVERAGE    70

..........................................................


THE GREENVILLE CLIMATE NORMALS FOR TODAY
                         NORMAL    RECORD    YEAR
 MAXIMUM TEMPERATURE (F)   52        77      1937
                                             1933
 MINIMUM TEMPERATURE (F)   32        13      1984


SUNRISE AND SUNSET
JANUARY 21 2017.......SUNRISE   706 AM CST   SUNSET   525 PM CST
JANUARY 22 2017.......SUNRISE   706 AM CST   SUNSET   526 PM CST


-  INDICATES NEGATIVE NUMBERS.
R  INDICATES RECORD WAS SET OR TIED.
MM INDICATES DATA IS MISSING.
T  INDICATES TRACE AMOUNT.




$$
