503
CDUS44 KJAN 060722
CLIGLH


CLIMATE REPORT
NATIONAL WEATHER SERVICE JACKSON MS
119 AM CST SAT FEB 6 2016


...................................

...THE GREENVILLE CLIMATE SUMMARY FOR FEBRUARY 5 2016...

CLIMATE NORMAL PERIOD 1981 TO 2010
CLIMATE RECORD PERIOD 1920 TO 2016


WEATHER ITEM   OBSERVED TIME   RECORD YEAR NORMAL DEPARTURE LAST
                VALUE   (LST)  VALUE       VALUE  FROM      YEAR
                                                  NORMAL
..................................................................
TEMPERATURE (F)
 YESTERDAY
  MAXIMUM         54    143 PM  79    2008  54      0       45
  MINIMUM         27    504 AM  10    1996  34     -7       26
  AVERAGE         41                        44     -3       36

PRECIPITATION (IN)
  YESTERDAY        0.00          1.82 2004   0.22  -0.22     0.00
  MONTH TO DATE    1.43                      1.09   0.34     0.17
  SINCE DEC 1      8.31                     11.68  -3.37     7.65
  SINCE JAN 1      4.50                      6.06  -1.56     3.54

SNOWFALL (IN)
  YESTERDAY        0.0

DEGREE DAYS
 HEATING
  YESTERDAY       24                        21      3       29
  MONTH TO DATE   69                       108    -39      124
  SINCE DEC 1   1076                      1435   -359     1353
  SINCE JUL 1   1326                      1897   -571     1893

 COOLING
  YESTERDAY        0                         0      0        0
  MONTH TO DATE    2                         0      2        0
  SINCE DEC 1     37                         4     33        0
  SINCE JAN 1      2                         1      1        0
..................................................................


WIND (MPH)
  HIGHEST WIND SPEED     8   HIGHEST WIND DIRECTION     E (90)
  HIGHEST GUST SPEED    13   HIGHEST GUST DIRECTION    SE (130)
  AVERAGE WIND SPEED     2.4


SKY COVER
  POSSIBLE SUNSHINE  MM
  AVERAGE SKY COVER 0.0


WEATHER CONDITIONS
 THE FOLLOWING WEATHER WAS RECORDED YESTERDAY.
  FOG


RELATIVE HUMIDITY (PERCENT)
 HIGHEST    92           800 AM
 LOWEST     26           300 PM
 AVERAGE    59

..........................................................


THE GREENVILLE CLIMATE NORMALS FOR TODAY
                         NORMAL    RECORD    YEAR
 MAXIMUM TEMPERATURE (F)   55        78      1921
 MINIMUM TEMPERATURE (F)   34        13      1988


SUNRISE AND SUNSET
FEBRUARY  6 2016......SUNRISE   657 AM CST   SUNSET   540 PM CST
FEBRUARY  7 2016......SUNRISE   656 AM CST   SUNSET   541 PM CST


-  INDICATES NEGATIVE NUMBERS.
R  INDICATES RECORD WAS SET OR TIED.
MM INDICATES DATA IS MISSING.
T  INDICATES TRACE AMOUNT.




$$
