000
CDUS44 KJAN 272215
CLIGLH


CLIMATE REPORT
NATIONAL WEATHER SERVICE JACKSON MS
413 PM CST SAT DEC 27 2014


...................................

...THE GREENVILLE CLIMATE SUMMARY FOR DECEMBER 27 2014...
VALID TODAY AS OF 0400 PM LOCAL TIME.

CLIMATE NORMAL PERIOD 1981 TO 2010
CLIMATE RECORD PERIOD 1920 TO 2014


WEATHER ITEM   OBSERVED TIME   RECORD YEAR NORMAL DEPARTURE LAST
                VALUE   (LST)  VALUE       VALUE  FROM      YEAR
                                                  NORMAL
..................................................................
TEMPERATURE (F)
 TODAY
  MAXIMUM         65    149 PM  78    2008  52     13       54
  MINIMUM         55    706 AM  15    1935  34     21       28
  AVERAGE         60                        43     17       41

PRECIPITATION (IN)
  TODAY            0.04          2.67 1937   0.16  -0.12     0.00
  MONTH TO DATE    1.70                      5.07  -3.37     4.50
  SINCE DEC 1      1.70                      5.07  -3.37     4.50
  SINCE JAN 1     50.62                     52.09  -1.47    52.81

SNOWFALL (IN)
  TODAY            0.0

DEGREE DAYS
 HEATING
  TODAY            5                        22    -17       24
  MONTH TO DATE  426                       534   -108      545
  SINCE DEC 1    426                       534   -108      545
  SINCE JUL 1    966                       996    -30     1079

 COOLING
  TODAY            0                         0      0        0
  MONTH TO DATE    0                         0      0        9
  SINCE DEC 1      0                         0      0        9
  SINCE JAN 1   2177                      2186     -9     2256
..................................................................


WIND (MPH)
  HIGHEST WIND SPEED    17   HIGHEST WIND DIRECTION    SE (150)
  HIGHEST GUST SPEED    21   HIGHEST GUST DIRECTION    SE (150)
  AVERAGE WIND SPEED    10.5


SKY COVER
  POSSIBLE SUNSHINE  MM
  AVERAGE SKY COVER 1.0


WEATHER CONDITIONS
 THE FOLLOWING WEATHER WAS RECORDED TODAY.
  LIGHT RAIN
  FOG


RELATIVE HUMIDITY (PERCENT)
 HIGHEST    97           300 PM
 LOWEST     83          1200 AM
 AVERAGE    90

..........................................................


THE GREENVILLE CLIMATE NORMALS FOR TOMORROW
                         NORMAL    RECORD    YEAR
 MAXIMUM TEMPERATURE (F)   52        76      1928
 MINIMUM TEMPERATURE (F)   34        12      1925


SUNRISE AND SUNSET
DECEMBER 27 2014......SUNRISE   707 AM CST   SUNSET   503 PM CST
DECEMBER 28 2014......SUNRISE   707 AM CST   SUNSET   504 PM CST


-  INDICATES NEGATIVE NUMBERS.
R  INDICATES RECORD WAS SET OR TIED.
MM INDICATES DATA IS MISSING.
T  INDICATES TRACE AMOUNT.




$$
