000
CDUS44 KJAN 270804
CLIGLH


CLIMATE REPORT
NATIONAL WEATHER SERVICE JACKSON MS
302 AM CDT FRI MAY 27 2016


...................................

...THE GREENVILLE CLIMATE SUMMARY FOR MAY 26 2016...

CLIMATE NORMAL PERIOD 1981 TO 2010
CLIMATE RECORD PERIOD 1920 TO 2016


WEATHER ITEM   OBSERVED TIME   RECORD YEAR NORMAL DEPARTURE LAST
                VALUE   (LST)  VALUE       VALUE  FROM      YEAR
                                                  NORMAL
..................................................................
TEMPERATURE (F)
 YESTERDAY
  MAXIMUM         90    206 PM  95    1985  85      5       83
  MINIMUM         73    312 AM  47    1925  65      8       63
  AVERAGE         82                        75      7       73

PRECIPITATION (IN)
  YESTERDAY        0.00          2.80 1974   0.13  -0.13     0.02
  MONTH TO DATE    0.26                      4.32  -4.06     3.40
  SINCE MAR 1     20.55                     13.68   6.87    12.29
  SINCE JAN 1     27.06                     23.67   3.39    18.74

SNOWFALL (IN)
  YESTERDAY        0.0

DEGREE DAYS
 HEATING
  YESTERDAY        0                         0      0        0
  MONTH TO DATE    7                        10     -3        8
  SINCE MAR 1    245                       462   -217      382
  SINCE JUL 1   1925                      2771   -846     2869

 COOLING
  YESTERDAY       17                        10      7        8
  MONTH TO DATE  151                       185    -34      230
  SINCE MAR 1    273                       266      7      328
  SINCE JAN 1    277                       271      6      328
..................................................................


WIND (MPH)
  HIGHEST WIND SPEED    20   HIGHEST WIND DIRECTION     S (180)
  HIGHEST GUST SPEED    27   HIGHEST GUST DIRECTION     S (180)
  AVERAGE WIND SPEED    12.0


SKY COVER
  POSSIBLE SUNSHINE  MM
  AVERAGE SKY COVER 0.3


WEATHER CONDITIONS
 THE FOLLOWING WEATHER WAS RECORDED YESTERDAY.
  THUNDERSTORM


RELATIVE HUMIDITY (PERCENT)
 HIGHEST    87           600 AM
 LOWEST     47           200 PM
 AVERAGE    67

..........................................................


THE GREENVILLE CLIMATE NORMALS FOR TODAY
                         NORMAL    RECORD    YEAR
 MAXIMUM TEMPERATURE (F)   85        96      1978
 MINIMUM TEMPERATURE (F)   65        43      1961


SUNRISE AND SUNSET
MAY 27 2016...........SUNRISE   557 AM CDT   SUNSET   806 PM CDT
MAY 28 2016...........SUNRISE   556 AM CDT   SUNSET   807 PM CDT


-  INDICATES NEGATIVE NUMBERS.
R  INDICATES RECORD WAS SET OR TIED.
MM INDICATES DATA IS MISSING.
T  INDICATES TRACE AMOUNT.




$$
