000
CDUS44 KJAN 300653
CLIGLH


CLIMATE REPORT
NATIONAL WEATHER SERVICE JACKSON MS
146 AM CDT SAT MAY 30 2015


...................................

...THE GREENVILLE CLIMATE SUMMARY FOR MAY 29 2015...

CLIMATE NORMAL PERIOD 1981 TO 2010
CLIMATE RECORD PERIOD 1920 TO 2015


WEATHER ITEM   OBSERVED TIME   RECORD YEAR NORMAL DEPARTURE LAST
                VALUE   (LST)  VALUE       VALUE  FROM      YEAR
                                                  NORMAL
..................................................................
TEMPERATURE (F)
 YESTERDAY
  MAXIMUM         87    401 PM  97    1977  85      2       78
                                      1953
  MINIMUM         70    319 AM  52    1971  65      5       70
  AVERAGE         79                        75      4       74

PRECIPITATION (IN)
  YESTERDAY        0.09          1.96 1999   0.12  -0.03     0.38
  MONTH TO DATE    3.91                      4.70  -0.79     4.38
  SINCE MAR 1     12.80                     14.06  -1.26    18.96
  SINCE JAN 1     19.25                     24.05  -4.80    23.26

SNOWFALL (IN)
  YESTERDAY        0.0

DEGREE DAYS
 HEATING
  YESTERDAY        0                         0      0        0
  MONTH TO DATE    8                        10     -2       32
  SINCE MAR 1    382                       462    -80      600
  SINCE JUL 1   2869                      2771     98     3207

 COOLING
  YESTERDAY       14                        10      4        9
  MONTH TO DATE  264                       215     49      216
  SINCE MAR 1    362                       296     66      290
  SINCE JAN 1    362                       301     61      290
..................................................................


WIND (MPH)
  HIGHEST WIND SPEED    25   HIGHEST WIND DIRECTION     S (170)
  HIGHEST GUST SPEED    32   HIGHEST GUST DIRECTION     S (170)
  AVERAGE WIND SPEED     9.2


SKY COVER
  POSSIBLE SUNSHINE  MM
  AVERAGE SKY COVER 0.3


WEATHER CONDITIONS
 THE FOLLOWING WEATHER WAS RECORDED YESTERDAY.
  THUNDERSTORM
  LIGHT RAIN
  FOG
  HAZE


RELATIVE HUMIDITY (PERCENT)
 HIGHEST   100           100 AM
 LOWEST     65           500 PM
 AVERAGE    83

..........................................................


THE GREENVILLE CLIMATE NORMALS FOR TODAY
                         NORMAL    RECORD    YEAR
 MAXIMUM TEMPERATURE (F)   86        99      1977
 MINIMUM TEMPERATURE (F)   66        47      1984


SUNRISE AND SUNSET
MAY 30 2015...........SUNRISE   556 AM CDT   SUNSET   807 PM CDT
MAY 31 2015...........SUNRISE   555 AM CDT   SUNSET   808 PM CDT


-  INDICATES NEGATIVE NUMBERS.
R  INDICATES RECORD WAS SET OR TIED.
MM INDICATES DATA IS MISSING.
T  INDICATES TRACE AMOUNT.




$$
