000
CDUS44 KJAN 272230
CLIGLH


CLIMATE REPORT
NATIONAL WEATHER SERVICE JACKSON MS
530 PM CDT THU APR 27 2017


...................................

...THE GREENVILLE CLIMATE SUMMARY FOR APRIL 27 2017...
VALID AS OF 0500 PM LOCAL TIME.

CLIMATE NORMAL PERIOD 1981 TO 2010
CLIMATE RECORD PERIOD 1920 TO 2017


WEATHER ITEM   OBSERVED TIME   RECORD YEAR NORMAL DEPARTURE LAST
                VALUE   (LST)  VALUE       VALUE  FROM      YEAR
                                                  NORMAL
..................................................................
TEMPERATURE (F)
 TODAY
  MAXIMUM         68    349 PM  96    1987  78    -10
  MINIMUM         53    733 AM  43    1992  56     -3
                                      1953
  AVERAGE         61                        67     -6       72

PRECIPITATION (IN)
  TODAY            0.00          2.26 1949   0.14  -0.14     0.31
  MONTH TO DATE    3.88                      4.38  -0.50     1.92
  SINCE MAR 1      5.74                      8.93  -3.19    19.24
  SINCE JAN 1     13.77                     18.92  -5.15    25.75

SNOWFALL (IN)
  TODAY            0.0

DEGREE DAYS
 HEATING
  TODAY            4                         2      2        0
  MONTH TO DATE   40                       113    -73       52
  SINCE MAR 1    277                       449   -172      238
  SINCE JUL 1   1810                      2758   -948     1918

 COOLING
  TODAY            0                         3     -3        7
  MONTH TO DATE   98                        51     47       62
  SINCE MAR 1    143                        68     75       97
  SINCE JAN 1    172                        73     99      101
..................................................................


WIND (MPH)
  HIGHEST WIND SPEED    18   HIGHEST WIND DIRECTION    NW (300)
  HIGHEST GUST SPEED    23   HIGHEST GUST DIRECTION    NW (310)
  AVERAGE WIND SPEED     7.8


SKY COVER
  POSSIBLE SUNSHINE  MM
  AVERAGE SKY COVER 0.7


WEATHER CONDITIONS
 THE FOLLOWING WEATHER WAS RECORDED TODAY.
  NO SIGNIFICANT WEATHER WAS OBSERVED.


RELATIVE HUMIDITY (PERCENT)
 HIGHEST    93           200 AM
 LOWEST     63           300 PM
 AVERAGE    78

..........................................................


THE GREENVILLE CLIMATE NORMALS FOR TOMORROW
                         NORMAL    RECORD    YEAR
 MAXIMUM TEMPERATURE (F)   78        97      1987
 MINIMUM TEMPERATURE (F)   57        40      1920


SUNRISE AND SUNSET
APRIL 27 2017.........SUNRISE   619 AM CDT   SUNSET   744 PM CDT
APRIL 28 2017.........SUNRISE   618 AM CDT   SUNSET   745 PM CDT


-  INDICATES NEGATIVE NUMBERS.
R  INDICATES RECORD WAS SET OR TIED.
MM INDICATES DATA IS MISSING.
T  INDICATES TRACE AMOUNT.




$$
