000
CDUS44 KHGX 150720
CLIGLS


CLIMATE REPORT
NATIONAL WEATHER SERVICE HOUSTON/GALVESTON TX
220 AM CDT MON SEP 15 2014


...................................

...THE GALVESTON CLIMATE SUMMARY FOR SEPTEMBER 14 2014...

CLIMATE NORMAL PERIOD 1981 TO 2010
CLIMATE RECORD PERIOD 1875 TO 2014


WEATHER ITEM   OBSERVED TIME   RECORD YEAR NORMAL DEPARTURE LAST
                VALUE   (LST)  VALUE       VALUE  FROM      YEAR
                                                  NORMAL
..................................................................
TEMPERATURE (F)
 YESTERDAY
  MAXIMUM         78   1009 PM  93    1900  88    -10       89
  MINIMUM         68    812 AM  62    1913  76     -8       79
                                      1878
  AVERAGE         73                        82     -9       84

PRECIPITATION (IN)
  YESTERDAY        0.00          2.38 1907   0.22  -0.22     0.00
  MONTH TO DATE    1.34                      3.34  -2.00     0.75
  SINCE SEP 1      1.34                      3.34  -2.00     0.75
  SINCE JAN 1     17.59                     34.52 -16.93    24.98

SNOWFALL (IN)
  YESTERDAY        0.0          MM      MM  MM     MM        0.0
  MONTH TO DATE    0.0                      MM     MM        0.0
  SINCE SEP 1      0.0                      MM     MM        0.0
  SINCE JUL 1      0.0                      MM     MM        0.0
  SNOW DEPTH       0

DEGREE DAYS
 HEATING
  YESTERDAY        0                         0      0        0
  MONTH TO DATE    0                         0      0        0
  SINCE SEP 1      0                         0      0        0
  SINCE JUL 1      0                         0      0        0

 COOLING
  YESTERDAY        8                        17     -9       19
  MONTH TO DATE  264                       255      9      267
  SINCE SEP 1    264                       255      9      267
  SINCE JAN 1   2591                      2649    -58     2661
..................................................................


WIND (MPH)
  RESULTANT WIND SPEED  11   RESULTANT WIND DIRECTION   N (20)
  HIGHEST WIND SPEED    17   HIGHEST WIND DIRECTION    NE (30)
  HIGHEST GUST SPEED    21   HIGHEST GUST DIRECTION    NE (30)
  AVERAGE WIND SPEED    10.9


SKY COVER
  AVERAGE SKY COVER 1.0


WEATHER CONDITIONS
 THE FOLLOWING WEATHER WAS RECORDED YESTERDAY.
  FOG


RELATIVE HUMIDITY (PERCENT)
 HIGHEST    97
 LOWEST     76
 AVERAGE    87

..........................................................


THE GALVESTON CLIMATE NORMALS FOR TODAY
                         NORMAL    RECORD    YEAR
 MAXIMUM TEMPERATURE (F)   88        94      1900
 MINIMUM TEMPERATURE (F)   76        62      1993


SUNRISE AND SUNSET
SEPTEMBER 15 2014.....SUNRISE   704 AM CDT   SUNSET   724 PM CDT
SEPTEMBER 16 2014.....SUNRISE   705 AM CDT   SUNSET   723 PM CDT


-  INDICATES NEGATIVE NUMBERS.
R  INDICATES RECORD WAS SET OR TIED.
MM INDICATES DATA IS MISSING.
T  INDICATES TRACE AMOUNT.




$$
