000
CDUS44 KHGX 190718
CLIGLS


CLIMATE REPORT
NATIONAL WEATHER SERVICE HOUSTON/GALVESTON TX
117 AM CST THU JAN 19 2017


...................................

...THE GALVESTON CLIMATE SUMMARY FOR JANUARY 18 2017...

CLIMATE NORMAL PERIOD 1981 TO 2010
CLIMATE RECORD PERIOD 1875 TO 2017


WEATHER ITEM   OBSERVED TIME   RECORD YEAR NORMAL DEPARTURE LAST
                VALUE   (LST)  VALUE       VALUE  FROM      YEAR
                                                  NORMAL
..................................................................
TEMPERATURE (F)
 YESTERDAY
  MAXIMUM         75    146 PM  76    1929  62     13       57
  MINIMUM         64   1159 PM  13    1930  49     15       45
  AVERAGE         70                        55     15       51

PRECIPITATION (IN)
  YESTERDAY        0.27          2.63 1898   0.15   0.12     0.00
  MONTH TO DATE    0.73                      2.42  -1.69     1.60
  SINCE DEC 1     11.81                      5.94   5.87     5.09
  SINCE JAN 1      0.73                      2.42  -1.69     1.60

SNOWFALL (IN)
  YESTERDAY        0.0           T    1930  MM     MM        0.0
  MONTH TO DATE    0.0                       0.0    0.0      0.0
  SINCE DEC 1      0.0                       0.0    0.0      0.0
  SINCE JUL 1      0.0                       0.0    0.0      0.0
  SNOW DEPTH       0

DEGREE DAYS
 HEATING
  YESTERDAY        0                        10    -10       14
  MONTH TO DATE   92                       180    -88      216
  SINCE DEC 1    227                       437   -210      376
  SINCE JUL 1    239                       540   -301      429

 COOLING
  YESTERDAY        5                         0      5        0
  MONTH TO DATE   51                         0     51        0
  SINCE DEC 1    129                        19    110       50
  SINCE JAN 1     51                         0     51        0
..................................................................


WIND (MPH)
  RESULTANT WIND SPEED   8   RESULTANT WIND DIRECTION   S (170)
  HIGHEST WIND SPEED    18   HIGHEST WIND DIRECTION     S (170)
  HIGHEST GUST SPEED    23   HIGHEST GUST DIRECTION     S (170)
  AVERAGE WIND SPEED    10.9


SKY COVER
  AVERAGE SKY COVER 0.8


WEATHER CONDITIONS
 THE FOLLOWING WEATHER WAS RECORDED YESTERDAY.
  THUNDERSTORM
  HEAVY RAIN
  LIGHT RAIN
  FOG
  HAZE


RELATIVE HUMIDITY (PERCENT)
 HIGHEST   100
 LOWEST     87
 AVERAGE    94

..........................................................


THE GALVESTON CLIMATE NORMALS FOR TODAY
                         NORMAL    RECORD    YEAR
 MAXIMUM TEMPERATURE (F)   62        76      1950
 MINIMUM TEMPERATURE (F)   49        15      1940


SUNRISE AND SUNSET
JANUARY 19 2017.......SUNRISE   714 AM CST   SUNSET   547 PM CST
JANUARY 20 2017.......SUNRISE   713 AM CST   SUNSET   548 PM CST


-  INDICATES NEGATIVE NUMBERS.
R  INDICATES RECORD WAS SET OR TIED.
MM INDICATES DATA IS MISSING.
T  INDICATES TRACE AMOUNT.




$$
