000
CDUS44 KHGX 260835
CLIGLS


CLIMATE REPORT
NATIONAL WEATHER SERVICE HOUSTON/GALVESTON TX
235 AM CST FRI DEC 26 2014


...................................

...THE GALVESTON CLIMATE SUMMARY FOR DECEMBER 25 2014...

CLIMATE NORMAL PERIOD 1981 TO 2010
CLIMATE RECORD PERIOD 1875 TO 2014


WEATHER ITEM   OBSERVED TIME   RECORD YEAR NORMAL DEPARTURE LAST
                VALUE   (LST)  VALUE       VALUE  FROM      YEAR
                                                  NORMAL
..................................................................
TEMPERATURE (F)
 YESTERDAY
  MAXIMUM         63   1159 PM  75    2012  63      0       60
  MINIMUM         43   1237 AM  14    1983  49     -6       49
  AVERAGE         53                        56     -3       55

PRECIPITATION (IN)
  YESTERDAY        0.00          2.01 1982   0.12  -0.12     0.00
  MONTH TO DATE    3.45                      2.96   0.49     0.62
  SINCE DEC 1      3.45                      2.96   0.49     0.62
  SINCE JAN 1     31.47                     50.20 -18.73    39.21

SNOWFALL (IN)
  YESTERDAY        0.0           0.9  2004  MM     MM        0.0
  MONTH TO DATE    0.0                      MM     MM        0.0
  SINCE DEC 1      0.0                      MM     MM        0.0
  SINCE JUL 1      0.0                      MM     MM        0.0
  SNOW DEPTH       0

DEGREE DAYS
 HEATING
  YESTERDAY       12                         9      3       10
  MONTH TO DATE  121                       200    -79      283
  SINCE DEC 1    121                       200    -79      283
  SINCE JUL 1    272                       303    -31      461

 COOLING
  YESTERDAY        0                         0      0        0
  MONTH TO DATE   20                        14      6       13
  SINCE DEC 1     20                        14      6       13
  SINCE JAN 1   3258                      3303    -45     3324
..................................................................


WIND (MPH)
  RESULTANT WIND SPEED  10   RESULTANT WIND DIRECTION   S (170)
  HIGHEST WIND SPEED    21   HIGHEST WIND DIRECTION     S (170)
  HIGHEST GUST SPEED    25   HIGHEST GUST DIRECTION     S (170)
  AVERAGE WIND SPEED    11.2


SKY COVER
  AVERAGE SKY COVER 0.1


WEATHER CONDITIONS
 THE FOLLOWING WEATHER WAS RECORDED YESTERDAY.
  NO SIGNIFICANT WEATHER WAS OBSERVED.


RELATIVE HUMIDITY (PERCENT)
 HIGHEST    83
 LOWEST     53
 AVERAGE    68

..........................................................


THE GALVESTON CLIMATE NORMALS FOR TODAY
                         NORMAL    RECORD    YEAR
 MAXIMUM TEMPERATURE (F)   63        73      1875
 MINIMUM TEMPERATURE (F)   49        24      1879


SUNRISE AND SUNSET
DECEMBER 26 2014......SUNRISE   712 AM CST   SUNSET   529 PM CST
DECEMBER 27 2014......SUNRISE   712 AM CST   SUNSET   529 PM CST


-  INDICATES NEGATIVE NUMBERS.
R  INDICATES RECORD WAS SET OR TIED.
MM INDICATES DATA IS MISSING.
T  INDICATES TRACE AMOUNT.




$$
