000
CDUS44 KHGX 270930
CLIGLS


CLIMATE REPORT
NATIONAL WEATHER SERVICE HOUSTON/GALVESTON TX
320 AM CST FRI FEB 27 2015


...................................

...THE GALVESTON CLIMATE SUMMARY FOR FEBRUARY 26 2015...

CLIMATE NORMAL PERIOD 1981 TO 2010
CLIMATE RECORD PERIOD 1875 TO 2015


WEATHER ITEM   OBSERVED TIME   RECORD YEAR NORMAL DEPARTURE LAST
                VALUE   (LST)  VALUE       VALUE  FROM      YEAR
                                                  NORMAL
..................................................................
TEMPERATURE (F)
 YESTERDAY
  MAXIMUM         52    602 PM  79    1971  67    -15       63
  MINIMUM         39    638 AM  33    1935  53    -14       42
  AVERAGE         46                        60    -14       53

PRECIPITATION (IN)
  YESTERDAY        0.00          3.09 1971   0.09  -0.09     0.38
  MONTH TO DATE    0.68                      2.39  -1.71     1.69
  SINCE DEC 1      9.99                     10.11  -0.12     3.70
  SINCE JAN 1      6.12                      6.59  -0.47     3.05

SNOWFALL (IN)
  YESTERDAY        0.0          MM      MM  MM     MM       MM
  MONTH TO DATE    0.0                      MM     MM        0.0
  SINCE DEC 1      0.0                      MM     MM         T
  SINCE JUL 1      0.0                      MM     MM         T
  SNOW DEPTH       0

DEGREE DAYS
 HEATING
  YESTERDAY       19                         6     13       12
  MONTH TO DATE  260                       206     54      269
  SINCE DEC 1    878                       772    106     1035
  SINCE JUL 1   1029                       875    154     1213

 COOLING
  YESTERDAY        0                         1     -1        0
  MONTH TO DATE    6                         6      0        7
  SINCE DEC 1     27                        30     -3       20
  SINCE JAN 1      6                        11     -5        7
..................................................................


WIND (MPH)
  RESULTANT WIND SPEED  14   RESULTANT WIND DIRECTION   N (10)
  HIGHEST WIND SPEED    26   HIGHEST WIND DIRECTION     N (10)
  HIGHEST GUST SPEED    33   HIGHEST GUST DIRECTION     N (10)
  AVERAGE WIND SPEED    14.4


SKY COVER
  AVERAGE SKY COVER 0.4


WEATHER CONDITIONS
 THE FOLLOWING WEATHER WAS RECORDED YESTERDAY.
  NO SIGNIFICANT WEATHER WAS OBSERVED.


RELATIVE HUMIDITY (PERCENT)
 HIGHEST    92
 LOWEST     59
 AVERAGE    76

..........................................................


THE GALVESTON CLIMATE NORMALS FOR TODAY
                         NORMAL    RECORD    YEAR
 MAXIMUM TEMPERATURE (F)   67        80      1956
 MINIMUM TEMPERATURE (F)   53        32      2002


SUNRISE AND SUNSET
FEBRUARY 27 2015......SUNRISE   647 AM CST   SUNSET   618 PM CST
FEBRUARY 28 2015......SUNRISE   646 AM CST   SUNSET   618 PM CST


-  INDICATES NEGATIVE NUMBERS.
R  INDICATES RECORD WAS SET OR TIED.
MM INDICATES DATA IS MISSING.
T  INDICATES TRACE AMOUNT.




$$
