000
CDUS44 KHGX 030735
CLIGLS


CLIMATE REPORT
NATIONAL WEATHER SERVICE HOUSTON/GALVESTON TX
234 AM CDT WED JUN 3 2015


...................................

...THE GALVESTON CLIMATE SUMMARY FOR JUNE 2 2015...

CLIMATE NORMAL PERIOD 1981 TO 2010
CLIMATE RECORD PERIOD 1875 TO 2015


WEATHER ITEM   OBSERVED TIME   RECORD YEAR NORMAL DEPARTURE LAST
                VALUE   (LST)  VALUE       VALUE  FROM      YEAR
                                                  NORMAL
..................................................................
TEMPERATURE (F)
 YESTERDAY
  MAXIMUM         86    416 PM  94    2011  87     -1       85
                                      1953
  MINIMUM         75    445 AM  61    1892  76     -1       78
  AVERAGE         81                        81      0       82

PRECIPITATION (IN)
  YESTERDAY        0.00          3.52 1928   0.14  -0.14      T
  MONTH TO DATE    0.00                      0.27  -0.27      T
  SINCE JUN 1      0.00                      0.27  -0.27      T
  SINCE JAN 1     22.18                     17.57   4.61     8.69

SNOWFALL (IN)
  YESTERDAY        0.0          MM      MM  MM     MM        0.0
  MONTH TO DATE    0.0                      MM     MM        0.0
  SINCE JUN 1      0.0                      MM     MM        0.0
  SINCE JUL 1      0.0                      MM     MM         T
  SNOW DEPTH       0

DEGREE DAYS
 HEATING
  YESTERDAY        0                         0      0        0
  MONTH TO DATE    0                         0      0        0
  SINCE JUN 1      0                         0      0        0
  SINCE JUL 1   1182                      1009    173     1425

 COOLING
  YESTERDAY       16                        16      0       17
  MONTH TO DATE   32                        32      0       33
  SINCE JUN 1     32                        32      0       33
  SINCE JAN 1    734                       667     67      541
..................................................................


WIND (MPH)
  RESULTANT WIND SPEED   2   RESULTANT WIND DIRECTION  SW (220)
  HIGHEST WIND SPEED    13   HIGHEST WIND DIRECTION     S (180)
  HIGHEST GUST SPEED    16   HIGHEST GUST DIRECTION     S (180)
  AVERAGE WIND SPEED     5.7


SKY COVER
  AVERAGE SKY COVER 0.2


WEATHER CONDITIONS
 THE FOLLOWING WEATHER WAS RECORDED YESTERDAY.
  NO SIGNIFICANT WEATHER WAS OBSERVED.


RELATIVE HUMIDITY (PERCENT)
 HIGHEST    82
 LOWEST     59
 AVERAGE    71

..........................................................


THE GALVESTON CLIMATE NORMALS FOR TODAY
                         NORMAL    RECORD    YEAR
 MAXIMUM TEMPERATURE (F)   87        92      1875
 MINIMUM TEMPERATURE (F)   76        59      1919


SUNRISE AND SUNSET
JUNE  3 2015..........SUNRISE   620 AM CDT   SUNSET   815 PM CDT
JUNE  4 2015..........SUNRISE   620 AM CDT   SUNSET   816 PM CDT


-  INDICATES NEGATIVE NUMBERS.
R  INDICATES RECORD WAS SET OR TIED.
MM INDICATES DATA IS MISSING.
T  INDICATES TRACE AMOUNT.




$$
