000
CDUS44 KHGX 010736
CLIGLS


CLIMATE REPORT
NATIONAL WEATHER SERVICE HOUSTON/GALVESTON TX
236 AM CDT MON SEP 1 2014


...................................

...THE GALVESTON CLIMATE SUMMARY FOR AUGUST 31 2014...

CLIMATE NORMAL PERIOD 1981 TO 2010
CLIMATE RECORD PERIOD 1875 TO 2014


WEATHER ITEM   OBSERVED TIME   RECORD YEAR NORMAL DEPARTURE LAST
                VALUE   (LST)  VALUE       VALUE  FROM      YEAR
                                                  NORMAL
..................................................................
TEMPERATURE (F)
 YESTERDAY
  MAXIMUM         89   1034 AM 100    2000  90     -1       87
  MINIMUM         78   1143 AM  68    1915  79     -1       79
                                      1899
  AVERAGE         84                        84      0       83

PRECIPITATION (IN)
  YESTERDAY        0.06         10.86 1981   0.19  -0.13     0.00
  MONTH TO DATE    4.95                      4.39   0.56     3.85
  SINCE JUN 1      7.56                     13.88  -6.32     9.51
  SINCE JAN 1     16.25                     31.18 -14.93    24.23

SNOWFALL (IN)
  YESTERDAY        0.0          MM      MM  MM     MM        0.0
  MONTH TO DATE    0.0                      MM     MM        0.0
  SINCE JUN 1      0.0                      MM     MM        0.0
  SINCE JUL 1      0.0                      MM     MM        0.0
  SNOW DEPTH       0

DEGREE DAYS
 HEATING
  YESTERDAY        0                         0      0        0
  MONTH TO DATE    0                         0      0        0
  SINCE JUN 1      0                         0      0        0
  SINCE JUL 1      0                         0      0        0

 COOLING
  YESTERDAY       19                        19      0       18
  MONTH TO DATE  641                       620     21      620
  SINCE JUN 1   1819                      1759     60     1843
  SINCE JAN 1   2327                      2394    -67     2394
..................................................................


WIND (MPH)
  RESULTANT WIND SPEED   8   RESULTANT WIND DIRECTION   S (160)
  HIGHEST WIND SPEED    23   HIGHEST WIND DIRECTION     S (180)
  HIGHEST GUST SPEED    28   HIGHEST GUST DIRECTION     S (180)
  AVERAGE WIND SPEED    11.3


SKY COVER
  AVERAGE SKY COVER 0.4


WEATHER CONDITIONS
 THE FOLLOWING WEATHER WAS RECORDED YESTERDAY.
  THUNDERSTORM
  LIGHT RAIN
  FOG


RELATIVE HUMIDITY (PERCENT)
 HIGHEST    94
 LOWEST     74
 AVERAGE    84

..........................................................


THE GALVESTON CLIMATE NORMALS FOR TODAY
                         NORMAL    RECORD    YEAR
 MAXIMUM TEMPERATURE (F)   90        96      1995
 MINIMUM TEMPERATURE (F)   79        68      1949


SUNRISE AND SUNSET
SEPTEMBER  1 2014.....SUNRISE   657 AM CDT   SUNSET   741 PM CDT
SEPTEMBER  2 2014.....SUNRISE   658 AM CDT   SUNSET   740 PM CDT


-  INDICATES NEGATIVE NUMBERS.
R  INDICATES RECORD WAS SET OR TIED.
MM INDICATES DATA IS MISSING.
T  INDICATES TRACE AMOUNT.




$$
