199
CDUS44 KHGX 280722
CLIGLS


CLIMATE REPORT
NATIONAL WEATHER SERVICE HOUSTON/GALVESTON TX
122 AM CST TUE FEB 28 2017


...................................

...THE GALVESTON CLIMATE SUMMARY FOR FEBRUARY 27 2017...

CLIMATE NORMAL PERIOD 1981 TO 2010
CLIMATE RECORD PERIOD 1875 TO 2017


WEATHER ITEM   OBSERVED TIME   RECORD YEAR NORMAL DEPARTURE LAST
                VALUE   (LST)  VALUE       VALUE  FROM      YEAR
                                                  NORMAL
..................................................................
TEMPERATURE (F)
 YESTERDAY
  MAXIMUM         77   1258 PM  80    1956  67     10       64
  MINIMUM         69    729 AM  32    2002  53     16       48
  AVERAGE         73                        60     13       56

PRECIPITATION (IN)
  YESTERDAY        0.00          3.74 1910   0.09  -0.09     0.00
  MONTH TO DATE    3.38                      2.48   0.90     0.89
  SINCE DEC 1     15.35                     10.20   5.15     7.45
  SINCE JAN 1      4.27                      6.68  -2.41     3.96

SNOWFALL (IN)
  YESTERDAY        0.0          MM      MM  MM     MM        0.0
  MONTH TO DATE    0.0                      MM     MM        0.0
  SINCE DEC 1      0.0                       0.0    0.0      0.0
  SINCE JUL 1      0.0                       0.0    0.0      0.0
  SNOW DEPTH       0

DEGREE DAYS
 HEATING
  YESTERDAY        0                         6     -6        9
  MONTH TO DATE   30                       212   -182      160
  SINCE DEC 1    298                       778   -480      650
  SINCE JUL 1    310                       881   -571      703

 COOLING
  YESTERDAY        8                         1      7        0
  MONTH TO DATE  100                         7     93        9
  SINCE DEC 1    247                        31    216       60
  SINCE JAN 1    169                        12    157       10
..................................................................


WIND (MPH)
  RESULTANT WIND SPEED  13   RESULTANT WIND DIRECTION  SE (140)
  HIGHEST WIND SPEED    21   HIGHEST WIND DIRECTION    SE (140)
  HIGHEST GUST SPEED    26   HIGHEST GUST DIRECTION    SE (140)
  AVERAGE WIND SPEED    13.3


SKY COVER
  AVERAGE SKY COVER 0.8


WEATHER CONDITIONS
 THE FOLLOWING WEATHER WAS RECORDED YESTERDAY.
  FOG


RELATIVE HUMIDITY (PERCENT)
 HIGHEST   100
 LOWEST     82
 AVERAGE    91

..........................................................


THE GALVESTON CLIMATE NORMALS FOR TODAY
                         NORMAL    RECORD    YEAR
 MAXIMUM TEMPERATURE (F)   67        83      1932
 MINIMUM TEMPERATURE (F)   53        34      1890


SUNRISE AND SUNSET
FEBRUARY 28 2017......SUNRISE   646 AM CST   SUNSET   619 PM CST
MARCH  1 2017.........SUNRISE   645 AM CST   SUNSET   619 PM CST


-  INDICATES NEGATIVE NUMBERS.
R  INDICATES RECORD WAS SET OR TIED.
MM INDICATES DATA IS MISSING.
T  INDICATES TRACE AMOUNT.




$$
