000
CDUS42 KJAX 202226
CLIGNV


CLIMATE REPORT
NATIONAL WEATHER SERVICE JACKSONVILLE FL
526 PM EST TUE FEB 20 2018


...................................

...THE GAINESVILLE CLIMATE SUMMARY FOR FEBRUARY 20 2018...
VALID TODAY AS OF 0500 PM LOCAL TIME.

CLIMATE NORMAL PERIOD 1981 TO 2010
CLIMATE RECORD PERIOD 1890 TO 2018


WEATHER ITEM   OBSERVED TIME   RECORD YEAR NORMAL DEPARTURE LAST
                VALUE   (LST)  VALUE       VALUE  FROM      YEAR
                                                  NORMAL
..................................................................
TEMPERATURE (F)
 TODAY
  MAXIMUM         85R   341 PM  85    1929  71     14       81
  MINIMUM         63    737 AM  22    2015  46     17       50
                                      1934
  AVERAGE         74                        58     16       66

PRECIPITATION (IN)
  TODAY            0.00          2.10 1988   0.12  -0.12     0.00
  MONTH TO DATE    1.55                      2.24  -0.69     0.25
  SINCE DEC 1      8.52                      8.03   0.49     4.39
  SINCE JAN 1      5.87                      5.55   0.32     1.70

SNOWFALL (IN)
  TODAY            0.0           0.0    MM   0.0    0.0      0.0
  MONTH TO DATE    0.0                       0.0    0.0      0.0
  SINCE DEC 1      0.0                       0.0    0.0      0.0
  SINCE JUL 1      0.0                       0.0    0.0      0.0
  SNOW DEPTH       0

DEGREE DAYS
 HEATING
  TODAY            0                         8     -8        0
  MONTH TO DATE   58                       177   -119       78
  SINCE DEC 1    769                       818    -49      391
  SINCE JUL 1    903                       979    -76      497

 COOLING
  TODAY            9                         1      8        1
  MONTH TO DATE   68                        16     52       13
  SINCE DEC 1    109                        50     59      135
  SINCE JAN 1     76                        28     48       59
..................................................................


WIND (MPH)
  HIGHEST WIND SPEED    16   HIGHEST WIND DIRECTION    SE (120)
  HIGHEST GUST SPEED    21   HIGHEST GUST DIRECTION    SE (120)
  AVERAGE WIND SPEED     7.6


SKY COVER
  POSSIBLE SUNSHINE  MM
  AVERAGE SKY COVER 0.4


WEATHER CONDITIONS
 THE FOLLOWING WEATHER WAS RECORDED TODAY.
  FOG
  FOG W/VISIBILITY <= 1/4 MILE


RELATIVE HUMIDITY (PERCENT)
 HIGHEST   100           400 AM
 LOWEST     48           200 PM
 AVERAGE    74

..........................................................


THE GAINESVILLE CLIMATE NORMALS FOR TOMORROW
                         NORMAL    RECORD    YEAR
 MAXIMUM TEMPERATURE (F)   71        86      1997
                                             1945
 MINIMUM TEMPERATURE (F)   46        22      1958


SUNRISE AND SUNSET
FEBRUARY 20 2018......SUNRISE   704 AM EST   SUNSET   622 PM EST
FEBRUARY 21 2018......SUNRISE   703 AM EST   SUNSET   623 PM EST


-  INDICATES NEGATIVE NUMBERS.
R  INDICATES RECORD WAS SET OR TIED.
MM INDICATES DATA IS MISSING.
T  INDICATES TRACE AMOUNT.




$$
