000
CDUS42 KJAX 212128
CLIGNV


CLIMATE REPORT
NATIONAL WEATHER SERVICE JACKSONVILLE FL
528 PM EDT THU SEP 21 2017


...................................

...THE GAINESVILLE CLIMATE SUMMARY FOR SEPTEMBER 21 2017...
VALID TODAY AS OF 0500 PM LOCAL TIME.

CLIMATE NORMAL PERIOD 1981 TO 2010
CLIMATE RECORD PERIOD 1890 TO 2017


WEATHER ITEM   OBSERVED TIME   RECORD YEAR NORMAL DEPARTURE LAST
                VALUE   (LST)  VALUE       VALUE  FROM      YEAR
                                                  NORMAL
..................................................................
TEMPERATURE (F)
 TODAY
  MAXIMUM         90    330 PM  99    1925  87      3       90
  MINIMUM         69    630 AM  55    2006  68      1       70
                                      1938
  AVERAGE         80                        77      3       80

PRECIPITATION (IN)
  TODAY            0.00          2.96 1969   0.12  -0.12     0.00
  MONTH TO DATE   15.05                      3.24  11.81     7.89
  SINCE SEP 1     15.05                      3.24  11.81     7.89
  SINCE JAN 1     64.10                     38.81  25.29    37.61

SNOWFALL (IN)
  TODAY            0.0           0.0    MM   0.0    0.0      0.0
  MONTH TO DATE    0.0                       0.0    0.0      0.0
  SINCE SEP 1      0.0                       0.0    0.0      0.0
  SINCE JUL 1      0.0                       0.0    0.0      0.0
  SNOW DEPTH       0

DEGREE DAYS
 HEATING
  TODAY            0                         0      0        0
  MONTH TO DATE    0                         0      0        0
  SINCE SEP 1      0                         0      0        0
  SINCE JUL 1      0                         0      0        0

 COOLING
  TODAY           15                        12      3       15
  MONTH TO DATE  277                       294    -17      318
  SINCE SEP 1    277                       294    -17      318
  SINCE JAN 1   2437                      2238    199     2561
..................................................................


WIND (MPH)
  HIGHEST WIND SPEED     8   HIGHEST WIND DIRECTION    NE (50)
  HIGHEST GUST SPEED    MM   HIGHEST GUST DIRECTION    MM
  AVERAGE WIND SPEED     1.8


SKY COVER
  POSSIBLE SUNSHINE  MM
  AVERAGE SKY COVER 0.2


WEATHER CONDITIONS
 THE FOLLOWING WEATHER WAS RECORDED TODAY.
  NO SIGNIFICANT WEATHER WAS OBSERVED.


RELATIVE HUMIDITY (PERCENT)
 HIGHEST    97           600 AM
 LOWEST     52           100 PM
 AVERAGE    75

..........................................................


THE GAINESVILLE CLIMATE NORMALS FOR TOMORROW
                         NORMAL    RECORD    YEAR
 MAXIMUM TEMPERATURE (F)   87        96      1925
 MINIMUM TEMPERATURE (F)   68        55      1938


SUNRISE AND SUNSET
SEPTEMBER 21 2017.....SUNRISE   717 AM EDT   SUNSET   726 PM EDT
SEPTEMBER 22 2017.....SUNRISE   718 AM EDT   SUNSET   725 PM EDT


-  INDICATES NEGATIVE NUMBERS.
R  INDICATES RECORD WAS SET OR TIED.
MM INDICATES DATA IS MISSING.
T  INDICATES TRACE AMOUNT.




$$
