000
CDUS42 KJAX 090534
CLIGNV


CLIMATE REPORT
NATIONAL WEATHER SERVICE JACKSONVILLE FL
1232 AM EST FRI DEC 9 2016


...................................

...THE GAINESVILLE CLIMATE SUMMARY FOR DECEMBER 8 2016...

CLIMATE NORMAL PERIOD 1981 TO 2010
CLIMATE RECORD PERIOD 1890 TO 2016


WEATHER ITEM   OBSERVED TIME   RECORD YEAR NORMAL DEPARTURE LAST
                VALUE   (LST)  VALUE       VALUE  FROM      YEAR
                                                  NORMAL
..................................................................
TEMPERATURE (F)
 YESTERDAY
  MAXIMUM         72    344 PM  87    1951  69      3       72
  MINIMUM         46    726 AM  23    2010  46      0       40
  AVERAGE         59                        58      1       56

PRECIPITATION (IN)
  YESTERDAY        0.00          1.62 1973   0.07  -0.07     0.00
  MONTH TO DATE    1.64                      0.59   1.05     0.06
  SINCE DEC 1      1.64                      0.59   1.05     0.06
  SINCE JAN 1     41.00                     45.52  -4.52    45.27

SNOWFALL (IN)
  YESTERDAY       MM             0.0    MM   0.0   MM        0.0
  MONTH TO DATE    0.0                       0.0    0.0      0.0
  SINCE DEC 1      0.0                       0.0    0.0      0.0
  SINCE JUL 1      0.0                       0.0    0.0      0.0
  SNOW DEPTH       0

DEGREE DAYS
 HEATING
  YESTERDAY        6                         8     -2        9
  MONTH TO DATE   26                        61    -35       26
  SINCE DEC 1     26                        61    -35       26
  SINCE JUL 1    132                       222    -90       65

 COOLING
  YESTERDAY        0                         1     -1        0
  MONTH TO DATE   15                         8      7       13
  SINCE DEC 1     15                         8      7       13
  SINCE JAN 1   3049                      2624    425     3139
..................................................................


WIND (MPH)
  HIGHEST WIND SPEED    15   HIGHEST WIND DIRECTION     N (340)
  HIGHEST GUST SPEED    19   HIGHEST GUST DIRECTION     N (340)
  AVERAGE WIND SPEED     5.9


SKY COVER
  POSSIBLE SUNSHINE  MM
  AVERAGE SKY COVER 0.0


WEATHER CONDITIONS
 THE FOLLOWING WEATHER WAS RECORDED YESTERDAY.
  FOG


RELATIVE HUMIDITY (PERCENT)
 HIGHEST   100           200 AM
 LOWEST     44           300 PM
 AVERAGE    72

..........................................................


THE GAINESVILLE CLIMATE NORMALS FOR TODAY
                         NORMAL    RECORD    YEAR
 MAXIMUM TEMPERATURE (F)   69        87      1951
 MINIMUM TEMPERATURE (F)   46        25      1917


SUNRISE AND SUNSET
DECEMBER  9 2016......SUNRISE   713 AM EST   SUNSET   530 PM EST
DECEMBER 10 2016......SUNRISE   714 AM EST   SUNSET   531 PM EST


-  INDICATES NEGATIVE NUMBERS.
R  INDICATES RECORD WAS SET OR TIED.
MM INDICATES DATA IS MISSING.
T  INDICATES TRACE AMOUNT.




$$
