000
CDUS45 KMSO 272230
CLIGPI


CLIMATE REPORT
NATIONAL WEATHER SERVICE MISSOULA, MT
430 PM MDT WED JUL 27 2016


...................................

...THE KALISPELL MT CLIMATE SUMMARY FOR JULY 27 2016...
VALID TODAY AS OF 0400 PM LOCAL TIME.

CLIMATE NORMAL PERIOD 1981 TO 2010
CLIMATE RECORD PERIOD 1894 TO 2016


WEATHER ITEM   OBSERVED TIME   RECORD YEAR NORMAL DEPARTURE LAST
                VALUE   (LST)  VALUE       VALUE  FROM      YEAR
                                                  NORMAL
..................................................................
TEMPERATURE (F)
 TODAY
  MAXIMUM         88    256 PM 100    1975  84      4       62
  MINIMUM         53    505 AM  40    1983  49      4       48
  AVERAGE         71                        66      5       55

PRECIPITATION (IN)
  TODAY            0.00          0.93 1940   0.04  -0.04      T
  MONTH TO DATE    1.51                      1.33   0.18     0.36
  SINCE OCT 1     15.19                     14.50   0.69    12.80
  SINCE JAN 1     11.14                     10.50   0.64     6.72

SNOWFALL (IN)
  TODAY            0.0
  MONTH TO DATE    0.0
  SINCE JAN 1     14.6
  SINCE JUL 1      0.0
  SNOW DEPTH       0

DEGREE DAYS
 HEATING
  TODAY            0                         1     -1       10
  MONTH TO DATE   79                        73      6       52
  SINCE JUN 1    258                       289    -31      133
  SINCE JUL 1     79                        73      6       52

 COOLING
  TODAY            6                         3      3        0
  MONTH TO DATE   29                        55    -26       74
  SINCE JUN 1     76                        68      8      160
  SINCE JAN 1     76                        71      5      160
..................................................................


WIND (MPH)
  HIGHEST WIND SPEED    22   HIGHEST WIND DIRECTION     N (20)
  HIGHEST GUST SPEED    24   HIGHEST GUST DIRECTION     N (10)
  AVERAGE WIND SPEED     8.6


SKY COVER
  POSSIBLE SUNSHINE  MM
  AVERAGE SKY COVER 0.0


WEATHER CONDITIONS
 THE FOLLOWING WEATHER WAS RECORDED TODAY.
  NO SIGNIFICANT WEATHER WAS OBSERVED.


RELATIVE HUMIDITY (PERCENT)
 HIGHEST    93           200 AM
 LOWEST     26           200 PM
 AVERAGE    60

..........................................................


THE KALISPELL MT CLIMATE NORMALS FOR TOMORROW
                         NORMAL    RECORD    YEAR
 MAXIMUM TEMPERATURE (F)   84       101      1934
 MINIMUM TEMPERATURE (F)   49        36      1957


SUNRISE AND SUNSET
JULY 27 2016..........SUNRISE   607 AM MDT   SUNSET   920 PM MDT
JULY 28 2016..........SUNRISE   608 AM MDT   SUNSET   918 PM MDT


-  INDICATES NEGATIVE NUMBERS.
R  INDICATES RECORD WAS SET OR TIED.
MM INDICATES DATA IS MISSING.
T  INDICATES TRACE AMOUNT.




$$
