000
CDUS45 KMSO 250740
CLIGPI


CLIMATE REPORT
NATIONAL WEATHER SERVICE MISSOULA, MT
139 AM MDT FRI APR 25 2014


...................................

...THE KALISPELL MT CLIMATE SUMMARY FOR APRIL 24 2014...

CLIMATE NORMAL PERIOD 1981 TO 2010
CLIMATE RECORD PERIOD 1894 TO 2014


WEATHER ITEM   OBSERVED TIME   RECORD YEAR NORMAL DEPARTURE LAST
                VALUE   (LST)  VALUE       VALUE  FROM      YEAR
                                                  NORMAL
..................................................................
TEMPERATURE (F)
 YESTERDAY
  MAXIMUM         49    412 PM  84    1977  59    -10       62
  MINIMUM         35    306 AM  20    2002  32      3       21
  AVERAGE         42                        46     -4       42

PRECIPITATION (IN)
  YESTERDAY        0.22          0.75 1936   0.04   0.18     0.00
  MONTH TO DATE    0.67                      0.98  -0.31     1.36
  SINCE OCT 1     10.00                      8.37   1.63     8.69
  SINCE JAN 1      5.55                      4.37   1.18     3.31

SNOWFALL (IN)
  YESTERDAY        0.0
  MONTH TO DATE    T
  SINCE JAN 1     38.2
  SINCE JUL 1     71.7
  SNOW DEPTH       0

DEGREE DAYS
 HEATING
  YESTERDAY       23                        19      4       23
  MONTH TO DATE  531                       529      2      617
  SINCE MAR 1   1486                      1448     38     1510
  SINCE JUL 1   7420                      7300    120     6797

 COOLING
  YESTERDAY        0                         0      0        0
  MONTH TO DATE    0                         0      0        0
  SINCE MAR 1      0                         0      0        0
  SINCE JAN 1      0                         0      0        0
..................................................................


WIND (MPH)
  HIGHEST WIND SPEED    20   HIGHEST WIND DIRECTION     S (160)
  HIGHEST GUST SPEED    25   HIGHEST GUST DIRECTION     S (160)
  AVERAGE WIND SPEED     6.6


SKY COVER
  POSSIBLE SUNSHINE  MM
  AVERAGE SKY COVER 1.0


WEATHER CONDITIONS
 THE FOLLOWING WEATHER WAS RECORDED YESTERDAY.
  RAIN
  LIGHT RAIN
  FOG


RELATIVE HUMIDITY (PERCENT)
 HIGHEST   100          1100 PM
 LOWEST     76          1200 AM
 AVERAGE    88

..........................................................


THE KALISPELL MT CLIMATE NORMALS FOR TODAY
                         NORMAL    RECORD    YEAR
 MAXIMUM TEMPERATURE (F)   59        84      1910
 MINIMUM TEMPERATURE (F)   33        21      1924


SUNRISE AND SUNSET
APRIL 25 2014.........SUNRISE   628 AM MDT   SUNSET   843 PM MDT
APRIL 26 2014.........SUNRISE   627 AM MDT   SUNSET   844 PM MDT


-  INDICATES NEGATIVE NUMBERS.
R  INDICATES RECORD WAS SET OR TIED.
MM INDICATES DATA IS MISSING.
T  INDICATES TRACE AMOUNT.




$$
