000
CDUS45 KMSO 250738
CLIGPI


CLIMATE REPORT
NATIONAL WEATHER SERVICE MISSOULA, MT
137 AM MDT MON MAY 25 2015


...................................

...THE KALISPELL MT CLIMATE SUMMARY FOR MAY 24 2015...

CLIMATE NORMAL PERIOD 1981 TO 2010
CLIMATE RECORD PERIOD 1894 TO 2015


WEATHER ITEM   OBSERVED TIME   RECORD YEAR NORMAL DEPARTURE LAST
                VALUE   (LST)  VALUE       VALUE  FROM      YEAR
                                                  NORMAL
..................................................................
TEMPERATURE (F)
 YESTERDAY
  MAXIMUM         76    347 PM  89    2001  67      9       70
                                      1934
  MINIMUM         38    443 AM  28    2005  41     -3       54
                                      1964
  AVERAGE         57                        54      3       62

PRECIPITATION (IN)
  YESTERDAY        0.00          0.84 2007   0.07  -0.07     0.03
  MONTH TO DATE    0.10                      1.40  -1.30     0.87
  SINCE OCT 1     11.72                     10.03   1.69    11.37
  SINCE JAN 1      5.64                      6.03  -0.39     6.92

SNOWFALL (IN)
  YESTERDAY        0.0
  MONTH TO DATE    0.0
  SINCE JAN 1     32.9
  SINCE JUL 1     59.4
  SNOW DEPTH       0

DEGREE DAYS
 HEATING
  YESTERDAY        8                        11     -3        3
  MONTH TO DATE  291                       341    -50      326
  SINCE MAR 1   1715                      1900   -185     1942
  SINCE JUL 1   7165                      7752   -587     7876

 COOLING
  YESTERDAY        0                         0      0        0
  MONTH TO DATE    0                         0      0        0
  SINCE MAR 1      0                         0      0        0
  SINCE JAN 1      0                         0      0        0
..................................................................


WIND (MPH)
  HIGHEST WIND SPEED    14   HIGHEST WIND DIRECTION    NE (30)
  HIGHEST GUST SPEED    17   HIGHEST GUST DIRECTION     E (80)
  AVERAGE WIND SPEED     4.6


SKY COVER
  POSSIBLE SUNSHINE  MM
  AVERAGE SKY COVER 0.1


WEATHER CONDITIONS
 THE FOLLOWING WEATHER WAS RECORDED YESTERDAY.
  NO SIGNIFICANT WEATHER WAS OBSERVED.


RELATIVE HUMIDITY (PERCENT)
 HIGHEST    92           300 AM
 LOWEST     21           400 PM
 AVERAGE    57

..........................................................


THE KALISPELL MT CLIMATE NORMALS FOR TODAY
                         NORMAL    RECORD    YEAR
 MAXIMUM TEMPERATURE (F)   67        87      1961
 MINIMUM TEMPERATURE (F)   41        24      1964


SUNRISE AND SUNSET
MAY 25 2015...........SUNRISE   546 AM MDT   SUNSET   922 PM MDT
MAY 26 2015...........SUNRISE   545 AM MDT   SUNSET   923 PM MDT


-  INDICATES NEGATIVE NUMBERS.
R  INDICATES RECORD WAS SET OR TIED.
MM INDICATES DATA IS MISSING.
T  INDICATES TRACE AMOUNT.




$$
