000
CDUS45 KMSO 290738
CLIGPI


CLIMATE REPORT
NATIONAL WEATHER SERVICE MISSOULA, MT
138 AM MDT SAT APR 29 2017


...................................

...THE KALISPELL MT CLIMATE SUMMARY FOR APRIL 28 2017...

CLIMATE NORMAL PERIOD 1981 TO 2010
CLIMATE RECORD PERIOD 1894 TO 2017


WEATHER ITEM   OBSERVED TIME   RECORD YEAR NORMAL DEPARTURE LAST
                VALUE   (LST)  VALUE       VALUE  FROM      YEAR
                                                  NORMAL
..................................................................
TEMPERATURE (F)
 YESTERDAY
  MAXIMUM         51    205 PM  82    1987  60     -9       55
  MINIMUM         38   1112 PM  11    1907  33      5       40
  AVERAGE         45                        47     -2       48

PRECIPITATION (IN)
  YESTERDAY        0.07          0.82 1990   0.04   0.03     0.00
  MONTH TO DATE    2.29                      1.15   1.14     1.58
  SINCE OCT 1     15.98                      8.54   7.44     9.22
  SINCE JAN 1      8.75                      4.54   4.21     5.17

SNOWFALL (IN)
  YESTERDAY        0.0
  MONTH TO DATE    T
  SINCE JAN 1     54.5
  SINCE JUL 1     89.8
  SNOW DEPTH       0

DEGREE DAYS
 HEATING
  YESTERDAY       20                        18      2       17
  MONTH TO DATE  649                       604     45      426
  SINCE MAR 1   1529                      1523      6     1256
  SINCE JUL 1   7729                      7375    354     6558

 COOLING
  YESTERDAY        0                         0      0        0
  MONTH TO DATE    0                         0      0        0
  SINCE MAR 1      0                         0      0        0
  SINCE JAN 1      0                         0      0        0
..................................................................


WIND (MPH)
  HIGHEST WIND SPEED    14   HIGHEST WIND DIRECTION     S (200)
  HIGHEST GUST SPEED    18   HIGHEST GUST DIRECTION     S (200)
  AVERAGE WIND SPEED     5.0


SKY COVER
  POSSIBLE SUNSHINE  MM
  AVERAGE SKY COVER 0.9


WEATHER CONDITIONS
 THE FOLLOWING WEATHER WAS RECORDED YESTERDAY.
  RAIN
  LIGHT RAIN
  FOG


RELATIVE HUMIDITY (PERCENT)
 HIGHEST    93           900 PM
 LOWEST     56           100 PM
 AVERAGE    75

..........................................................


THE KALISPELL MT CLIMATE NORMALS FOR TODAY
                         NORMAL    RECORD    YEAR
 MAXIMUM TEMPERATURE (F)   60        81      1968
 MINIMUM TEMPERATURE (F)   34        15      1990


SUNRISE AND SUNSET
APRIL 29 2017.........SUNRISE   621 AM MDT   SUNSET   849 PM MDT
APRIL 30 2017.........SUNRISE   619 AM MDT   SUNSET   850 PM MDT


-  INDICATES NEGATIVE NUMBERS.
R  INDICATES RECORD WAS SET OR TIED.
MM INDICATES DATA IS MISSING.
T  INDICATES TRACE AMOUNT.




$$
