000
CDUS45 KMSO 252334
CLIGPI


CLIMATE REPORT
NATIONAL WEATHER SERVICE MISSOULA, MT
433 PM MST THU DEC 25 2014


...................................

...THE KALISPELL MT CLIMATE SUMMARY FOR DECEMBER 25 2014...
VALID TODAY AS OF 0400 PM LOCAL TIME.

CLIMATE NORMAL PERIOD 1981 TO 2010
CLIMATE RECORD PERIOD 1894 TO 2014


WEATHER ITEM   OBSERVED TIME   RECORD YEAR NORMAL DEPARTURE LAST
                VALUE   (LST)  VALUE       VALUE  FROM      YEAR
                                                  NORMAL
..................................................................
TEMPERATURE (F)
 TODAY
  MAXIMUM         31    140 AM  48    1899  29      2       27
  MINIMUM         12    859 AM -21    1983  14     -2        7
  AVERAGE         22                        21      1       17

PRECIPITATION (IN)
  TODAY            0.00          0.60 1911   0.05  -0.05     0.00
  MONTH TO DATE    1.99                      1.25   0.74     1.54
  SINCE OCT 1      5.72                      3.69   2.03     4.41
  SINCE JAN 1     21.20                     16.68   4.52    17.44

SNOWFALL (IN)
  TODAY            0.0
  MONTH TO DATE    9.8
  SINCE JAN 1     58.3
  SINCE JUL 1     20.1
  SNOW DEPTH       2

DEGREE DAYS
 HEATING
  TODAY           43                        44     -1       48
  MONTH TO DATE  925                      1050   -125     1140
  SINCE DEC 1    925                      1050   -125     1140
  SINCE JUL 1   2923                      3254   -331     3217

 COOLING
  TODAY            0                         0      0        0
  MONTH TO DATE    0                         0      0        0
  SINCE DEC 1      0                         0      0        0
  SINCE JAN 1    217                       147     70      264
..................................................................


WIND (MPH)
  HIGHEST WIND SPEED    14   HIGHEST WIND DIRECTION     N (350)
  HIGHEST GUST SPEED    17   HIGHEST GUST DIRECTION     N (340)
  AVERAGE WIND SPEED     2.9


SKY COVER
  POSSIBLE SUNSHINE  MM
  AVERAGE SKY COVER 0.5


WEATHER CONDITIONS
 THE FOLLOWING WEATHER WAS RECORDED TODAY.
  FOG


RELATIVE HUMIDITY (PERCENT)
 HIGHEST   100           900 AM
 LOWEST     75          1200 PM
 AVERAGE    88

..........................................................


THE KALISPELL MT CLIMATE NORMALS FOR TOMORROW
                         NORMAL    RECORD    YEAR
 MAXIMUM TEMPERATURE (F)   29        51      1980
 MINIMUM TEMPERATURE (F)   14       -22      1951


SUNRISE AND SUNSET
DECEMBER 25 2014......SUNRISE   827 AM MST   SUNSET   447 PM MST
DECEMBER 26 2014......SUNRISE   827 AM MST   SUNSET   448 PM MST


-  INDICATES NEGATIVE NUMBERS.
R  INDICATES RECORD WAS SET OR TIED.
MM INDICATES DATA IS MISSING.
T  INDICATES TRACE AMOUNT.




$$
