000
CDUS45 KMSO 232234
CLIGPI


CLIMATE REPORT
NATIONAL WEATHER SERVICE MISSOULA, MT
433 PM MDT WED JUL 23 2014


...................................

...THE KALISPELL MT CLIMATE SUMMARY FOR JULY 23 2014...
VALID TODAY AS OF 0400 PM LOCAL TIME.

CLIMATE NORMAL PERIOD 1981 TO 2010
CLIMATE RECORD PERIOD 1894 TO 2014


WEATHER ITEM   OBSERVED TIME   RECORD YEAR NORMAL DEPARTURE LAST
                VALUE   (LST)  VALUE       VALUE  FROM      YEAR
                                                  NORMAL
..................................................................
TEMPERATURE (F)
 TODAY
  MAXIMUM         84    255 PM 101    2003  84      0       92
  MINIMUM         57    617 AM  35    1963  49      8       47
  AVERAGE         71                        66      5       70

PRECIPITATION (IN)
  TODAY            0.07          0.41 1993   0.03   0.04     0.00
  MONTH TO DATE    0.35                      1.19  -0.84     0.31
  SINCE OCT 1     17.29                     14.36   2.93    14.70
  SINCE JAN 1     12.84                     10.36   2.48     9.32

SNOWFALL (IN)
  TODAY            0.0
  MONTH TO DATE    0.0
  SINCE JAN 1     38.2
  SINCE JUL 1      0.0
  SNOW DEPTH       0

DEGREE DAYS
 HEATING
  TODAY            0                         2     -2        0
  MONTH TO DATE    0                        66    -66       18
  SINCE JUN 1    253                       282    -29      204
  SINCE JUL 1      0                        66    -66       18

 COOLING
  TODAY            6                         3      3        5
  MONTH TO DATE   96                        43     53       88
  SINCE JUN 1     96                        56     40      107
  SINCE JAN 1     96                        59     37      107
..................................................................


WIND (MPH)
  HIGHEST WIND SPEED    21   HIGHEST WIND DIRECTION    SW (240)
  HIGHEST GUST SPEED    28   HIGHEST GUST DIRECTION     W (250)
  AVERAGE WIND SPEED     4.0


SKY COVER
  POSSIBLE SUNSHINE  MM
  AVERAGE SKY COVER 0.2


WEATHER CONDITIONS
 THE FOLLOWING WEATHER WAS RECORDED TODAY.
  THUNDERSTORM
  LIGHT RAIN
  FOG


RELATIVE HUMIDITY (PERCENT)
 HIGHEST    93           600 AM
 LOWEST     32           300 PM
 AVERAGE    63

..........................................................


THE KALISPELL MT CLIMATE NORMALS FOR TOMORROW
                         NORMAL    RECORD    YEAR
 MAXIMUM TEMPERATURE (F)   84        96      2003
 MINIMUM TEMPERATURE (F)   49        37      1960


SUNRISE AND SUNSET
JULY 23 2014..........SUNRISE   601 AM MDT   SUNSET   925 PM MDT
JULY 24 2014..........SUNRISE   602 AM MDT   SUNSET   924 PM MDT


-  INDICATES NEGATIVE NUMBERS.
R  INDICATES RECORD WAS SET OR TIED.
MM INDICATES DATA IS MISSING.
T  INDICATES TRACE AMOUNT.




$$
