000
CDUS45 KMSO 242231
CLIGPI


CLIMATE REPORT
NATIONAL WEATHER SERVICE MISSOULA, MT
431 PM MDT TUE MAY 24 2016


...................................

...THE KALISPELL MT CLIMATE SUMMARY FOR MAY 24 2016...
VALID TODAY AS OF 0400 PM LOCAL TIME.

CLIMATE NORMAL PERIOD 1981 TO 2010
CLIMATE RECORD PERIOD 1894 TO 2016


WEATHER ITEM   OBSERVED TIME   RECORD YEAR NORMAL DEPARTURE LAST
                VALUE   (LST)  VALUE       VALUE  FROM      YEAR
                                                  NORMAL
..................................................................
TEMPERATURE (F)
 TODAY
  MAXIMUM         60    255 PM  89    2001  67     -7       76
                                      1934
  MINIMUM         44    548 AM  28    2005  41      3       38
                                      1964
  AVERAGE         52                        54     -2       57

PRECIPITATION (IN)
  TODAY            0.05          0.84 2007   0.07  -0.02     0.00
  MONTH TO DATE    2.83                      1.40   1.43     0.10
  SINCE OCT 1     12.05                     10.03   2.02    11.72
  SINCE JAN 1      8.00                      6.03   1.97     5.64

SNOWFALL (IN)
  TODAY            0.0
  MONTH TO DATE    0.0
  SINCE JAN 1     14.6
  SINCE JUL 1     41.4
  SNOW DEPTH       0

DEGREE DAYS
 HEATING
  TODAY           13                        11      2        8
  MONTH TO DATE  272                       341    -69      291
  SINCE MAR 1   1565                      1900   -335     1715
  SINCE JUL 1   6867                      7752   -885     7165

 COOLING
  TODAY            0                         0      0        0
  MONTH TO DATE    0                         0      0        0
  SINCE MAR 1      0                         0      0        0
  SINCE JAN 1      0                         0      0        0
..................................................................


WIND (MPH)
  HIGHEST WIND SPEED     9   HIGHEST WIND DIRECTION    SE (130)
  HIGHEST GUST SPEED    13   HIGHEST GUST DIRECTION    SE (140)
  AVERAGE WIND SPEED     2.8


SKY COVER
  POSSIBLE SUNSHINE  MM
  AVERAGE SKY COVER 0.8


WEATHER CONDITIONS
 THE FOLLOWING WEATHER WAS RECORDED TODAY.
  LIGHT RAIN


RELATIVE HUMIDITY (PERCENT)
 HIGHEST   100          1200 AM
 LOWEST     46           300 PM
 AVERAGE    73

..........................................................


THE KALISPELL MT CLIMATE NORMALS FOR TOMORROW
                         NORMAL    RECORD    YEAR
 MAXIMUM TEMPERATURE (F)   67        87      1961
 MINIMUM TEMPERATURE (F)   41        24      1964


SUNRISE AND SUNSET
MAY 24 2016...........SUNRISE   547 AM MDT   SUNSET   922 PM MDT
MAY 25 2016...........SUNRISE   546 AM MDT   SUNSET   923 PM MDT


-  INDICATES NEGATIVE NUMBERS.
R  INDICATES RECORD WAS SET OR TIED.
MM INDICATES DATA IS MISSING.
T  INDICATES TRACE AMOUNT.




$$
