000
CDUS45 KMSO 210738
CLIGPI


CLIMATE REPORT
NATIONAL WEATHER SERVICE MISSOULA, MT
137 AM MDT TUE OCT 21 2014


...................................

...THE KALISPELL MT CLIMATE SUMMARY FOR OCTOBER 20 2014...

CLIMATE NORMAL PERIOD 1981 TO 2010
CLIMATE RECORD PERIOD 1894 TO 2014


WEATHER ITEM   OBSERVED TIME   RECORD YEAR NORMAL DEPARTURE LAST
                VALUE   (LST)  VALUE       VALUE  FROM      YEAR
                                                  NORMAL
..................................................................
TEMPERATURE (F)
 YESTERDAY
  MAXIMUM         72R   351 PM  70    1915  53     19       57
  MINIMUM         27    631 AM  16    1982  28     -1       27
  AVERAGE         50                        41      9       42

PRECIPITATION (IN)
  YESTERDAY        0.00          0.88 1921   0.03  -0.03     0.00
  MONTH TO DATE    0.13                      0.59  -0.46     0.32
  SINCE OCT 1      0.13                      0.59  -0.46     0.32
  SINCE JAN 1     15.61                     13.58   2.03    13.35

SNOWFALL (IN)
  YESTERDAY        0.0
  MONTH TO DATE    0.0
  SINCE JAN 1     38.2
  SINCE JUL 1      0.0
  SNOW DEPTH       0

DEGREE DAYS
 HEATING
  YESTERDAY       15                        24     -9       23
  MONTH TO DATE  301                       418   -117      491
  SINCE SEP 1    589                       748   -159      723
  SINCE JUL 1    666                       918   -252      764

 COOLING
  YESTERDAY        0                         0      0        0
  MONTH TO DATE    0                         0      0        0
  SINCE SEP 1      2                         4     -2       29
  SINCE JAN 1    217                       147     70      264
..................................................................


WIND (MPH)
  HIGHEST WIND SPEED     7   HIGHEST WIND DIRECTION    NE (60)
  HIGHEST GUST SPEED     9   HIGHEST GUST DIRECTION     N (360)
  AVERAGE WIND SPEED     0.5


SKY COVER
  POSSIBLE SUNSHINE  MM
  AVERAGE SKY COVER 0.3


WEATHER CONDITIONS
 THE FOLLOWING WEATHER WAS RECORDED YESTERDAY.
  FOG
  FOG W/VISIBILITY <= 1/4 MILE


RELATIVE HUMIDITY (PERCENT)
 HIGHEST   100          1200 AM
 LOWEST     31           400 PM
 AVERAGE    66

..........................................................


THE KALISPELL MT CLIMATE NORMALS FOR TODAY
                         NORMAL    RECORD    YEAR
 MAXIMUM TEMPERATURE (F)   52        75      2003
 MINIMUM TEMPERATURE (F)   28        12      1981


SUNRISE AND SUNSET
OCTOBER 21 2014.......SUNRISE   806 AM MDT   SUNSET   637 PM MDT
OCTOBER 22 2014.......SUNRISE   807 AM MDT   SUNSET   635 PM MDT


-  INDICATES NEGATIVE NUMBERS.
R  INDICATES RECORD WAS SET OR TIED.
MM INDICATES DATA IS MISSING.
T  INDICATES TRACE AMOUNT.




$$
