405
CDUS45 KMSO 112333
CLIGPI


CLIMATE REPORT
NATIONAL WEATHER SERVICE MISSOULA, MT
432 PM MST THU FEB 11 2016


...................................

...THE KALISPELL MT CLIMATE SUMMARY FOR FEBRUARY 11 2016...
VALID TODAY AS OF 0400 PM LOCAL TIME.

CLIMATE NORMAL PERIOD 1981 TO 2010
CLIMATE RECORD PERIOD 1894 TO 2016


WEATHER ITEM   OBSERVED TIME   RECORD YEAR NORMAL DEPARTURE LAST
                VALUE   (LST)  VALUE       VALUE  FROM      YEAR
                                                  NORMAL
..................................................................
TEMPERATURE (F)
 TODAY
  MAXIMUM         49    231 PM  51    1990  35     14       46
  MINIMUM         28    101 AM -28    1905  18     10       32
  AVERAGE         39                        26     13       39

PRECIPITATION (IN)
  TODAY            0.00          0.65 1903   0.03  -0.03     0.00
  MONTH TO DATE    0.19                      0.37  -0.18     1.02
  SINCE OCT 1      5.72                      5.70   0.02     9.51
  SINCE JAN 1      1.67                      1.70  -0.03     3.43

SNOWFALL (IN)
  TODAY            0.0
  MONTH TO DATE    2.5
  SINCE JAN 1     14.1
  SINCE JUL 1     40.9
  SNOW DEPTH       4

DEGREE DAYS
 HEATING
  TODAY           26                        39    -13       26
  MONTH TO DATE  404                       429    -25      329
  SINCE DEC 1   2783                      3016   -233     2860
  SINCE JUL 1   4802                      5220   -418     4858

 COOLING
  TODAY            0                         0      0        0
  MONTH TO DATE    0                         0      0        0
  SINCE DEC 1      0                         0      0        0
  SINCE JAN 1      0                         0      0        0
..................................................................


WIND (MPH)
  HIGHEST WIND SPEED     8   HIGHEST WIND DIRECTION     N (10)
  HIGHEST GUST SPEED     9   HIGHEST GUST DIRECTION     N (20)
  AVERAGE WIND SPEED     1.2


SKY COVER
  POSSIBLE SUNSHINE  MM
  AVERAGE SKY COVER 0.4


WEATHER CONDITIONS
 THE FOLLOWING WEATHER WAS RECORDED TODAY.
  FOG


RELATIVE HUMIDITY (PERCENT)
 HIGHEST    92           100 AM
 LOWEST     58           200 PM
 AVERAGE    75

..........................................................


THE KALISPELL MT CLIMATE NORMALS FOR TOMORROW
                         NORMAL    RECORD    YEAR
 MAXIMUM TEMPERATURE (F)   35        54      1924
 MINIMUM TEMPERATURE (F)   18       -21      1905


SUNRISE AND SUNSET
FEBRUARY 11 2016......SUNRISE   751 AM MST   SUNSET   552 PM MST
FEBRUARY 12 2016......SUNRISE   750 AM MST   SUNSET   554 PM MST


-  INDICATES NEGATIVE NUMBERS.
R  INDICATES RECORD WAS SET OR TIED.
MM INDICATES DATA IS MISSING.
T  INDICATES TRACE AMOUNT.




$$
