000
CDUS45 KMSO 192231
CLIGPI


CLIMATE REPORT
NATIONAL WEATHER SERVICE MISSOULA, MT
431 PM MDT SAT APR 19 2014


...................................

...THE KALISPELL MT CLIMATE SUMMARY FOR APRIL 19 2014...
VALID TODAY AS OF 0400 PM LOCAL TIME.

CLIMATE NORMAL PERIOD 1981 TO 2010
CLIMATE RECORD PERIOD 1894 TO 2014


WEATHER ITEM   OBSERVED TIME   RECORD YEAR NORMAL DEPARTURE LAST
                VALUE   (LST)  VALUE       VALUE  FROM      YEAR
                                                  NORMAL
..................................................................
TEMPERATURE (F)
 TODAY
  MAXIMUM         60    259 PM  79    1962  57      3       47
  MINIMUM         22    555 AM  10    1951  32    -10       39
  AVERAGE         41                        44     -3       43

PRECIPITATION (IN)
  TODAY            0.00          0.46 1984   0.04  -0.04     0.16
  MONTH TO DATE    0.36                      0.76  -0.40     0.86
  SINCE OCT 1      9.69                      8.15   1.54     8.19
  SINCE JAN 1      5.24                      4.15   1.09     2.81

SNOWFALL (IN)
  TODAY            0.0
  MONTH TO DATE    T
  SINCE JAN 1     38.2
  SINCE JUL 1     71.7
  SNOW DEPTH       0

DEGREE DAYS
 HEATING
  TODAY           24                        21      3       22
  MONTH TO DATE  429                       430     -1      478
  SINCE MAR 1   1384                      1349     35     1371
  SINCE JUL 1   7318                      7201    117     6658

 COOLING
  TODAY            0                         0      0        0
  MONTH TO DATE    0                         0      0        0
  SINCE MAR 1      0                         0      0        0
  SINCE JAN 1      0                         0      0        0
..................................................................


WIND (MPH)
  HIGHEST WIND SPEED    16   HIGHEST WIND DIRECTION     S (190)
  HIGHEST GUST SPEED    20   HIGHEST GUST DIRECTION     S (190)
  AVERAGE WIND SPEED     5.5


SKY COVER
  POSSIBLE SUNSHINE  MM
  AVERAGE SKY COVER 0.1


WEATHER CONDITIONS
 THE FOLLOWING WEATHER WAS RECORDED TODAY.
  NO SIGNIFICANT WEATHER WAS OBSERVED.


RELATIVE HUMIDITY (PERCENT)
 HIGHEST    92           600 AM
 LOWEST     23           300 PM
 AVERAGE    58

..........................................................


THE KALISPELL MT CLIMATE NORMALS FOR TOMORROW
                         NORMAL    RECORD    YEAR
 MAXIMUM TEMPERATURE (F)   58        80      2010
 MINIMUM TEMPERATURE (F)   32         9      1927


SUNRISE AND SUNSET
APRIL 19 2014.........SUNRISE   639 AM MDT   SUNSET   834 PM MDT
APRIL 20 2014.........SUNRISE   637 AM MDT   SUNSET   835 PM MDT


-  INDICATES NEGATIVE NUMBERS.
R  INDICATES RECORD WAS SET OR TIED.
MM INDICATES DATA IS MISSING.
T  INDICATES TRACE AMOUNT.




$$
