000
CDUS45 KMSO 160740
CLIGPI


CLIMATE REPORT
NATIONAL WEATHER SERVICE MISSOULA, MT
139 AM MDT WED AUG 16 2017


...................................

...THE KALISPELL MT CLIMATE SUMMARY FOR AUGUST 15 2017...

CLIMATE NORMAL PERIOD 1981 TO 2010
CLIMATE RECORD PERIOD 1894 TO 2017


WEATHER ITEM   OBSERVED TIME   RECORD YEAR NORMAL DEPARTURE LAST
                VALUE   (LST)  VALUE       VALUE  FROM      YEAR
                                                  NORMAL
..................................................................
TEMPERATURE (F)
 YESTERDAY
  MAXIMUM         79    455 PM  97    2003  82     -3       90
                                      1990
  MINIMUM         36R   612 AM  37    1960  47    -11       53
  AVERAGE         58                        65     -7       72

PRECIPITATION (IN)
  YESTERDAY        0.00          1.01 1968   0.03  -0.03     0.00
  MONTH TO DATE    0.08                      0.44  -0.36     1.06
  SINCE OCT 1     18.48                     15.06   3.42    16.25
  SINCE JAN 1     11.25                     11.06   0.19    12.20

SNOWFALL (IN)
  YESTERDAY        0.0
  MONTH TO DATE    0.0
  SINCE JAN 1     54.5
  SINCE JUL 1      0.0
  SNOW DEPTH       0

DEGREE DAYS
 HEATING
  YESTERDAY        7                         3      4        0
  MONTH TO DATE   12                        32    -20       32
  SINCE JUN 1    176                       325   -149      290
  SINCE JUL 1     18                       109    -91      111

 COOLING
  YESTERDAY        0                         2     -2        7
  MONTH TO DATE   57                        41     16       30
  SINCE JUN 1    201                       121     80      131
  SINCE JAN 1    206                       124     82      131
..................................................................


WIND (MPH)
  HIGHEST WIND SPEED    10   HIGHEST WIND DIRECTION     S (190)
  HIGHEST GUST SPEED    16   HIGHEST GUST DIRECTION    SE (120)
  AVERAGE WIND SPEED     2.4


SKY COVER
  POSSIBLE SUNSHINE  MM
  AVERAGE SKY COVER 0.0


WEATHER CONDITIONS
 THE FOLLOWING WEATHER WAS RECORDED YESTERDAY.
  NO SIGNIFICANT WEATHER WAS OBSERVED.


RELATIVE HUMIDITY (PERCENT)
 HIGHEST   100           600 AM
 LOWEST     23           400 PM
 AVERAGE    62

..........................................................


THE KALISPELL MT CLIMATE NORMALS FOR TODAY
                         NORMAL    RECORD    YEAR
 MAXIMUM TEMPERATURE (F)   82        98      1962
 MINIMUM TEMPERATURE (F)   47        35      1905


SUNRISE AND SUNSET
AUGUST 16 2017........SUNRISE   633 AM MDT   SUNSET   849 PM MDT
AUGUST 17 2017........SUNRISE   634 AM MDT   SUNSET   847 PM MDT


-  INDICATES NEGATIVE NUMBERS.
R  INDICATES RECORD WAS SET OR TIED.
MM INDICATES DATA IS MISSING.
T  INDICATES TRACE AMOUNT.




$$
